Resums Climàtics NOAA

Selecciona un any o mes per veure el resum
2017: Gen Feb Mar abr Mai Jun jul Ago Set Oct Nov Des
2016: Gen Feb Mar abr Mai Jun jul Ago Set Oct Nov Des
2015: Gen Feb Mar abr Mai Jun jul Ago Set Oct Nov Des
2014: Gen Feb Mar abr Mai Jun jul Ago Set Oct Nov Des
2013: Gen Feb Mar abr Mai Jun jul Ago Set Oct Nov Des
2012: Gen Feb Mar abr Mai Jun jul Ago Set Oct Nov Des
2011: Gen Feb Mar abr Mai Jun jul Ago Set Oct Nov Des
2010: Gen Feb Mar abr Mai Jun jul Ago Set Oct Nov Des
2009: Gen Feb Mar abr Mai Jun jul Ago Set Oct Nov Des
2008: Gen Feb Mar abr Mai Jun jul Ago Set Oct Nov Des

Resum 2017 Octubre
                   Monthly Climatological Summary for oct. 2017

Name: MeteoTortosa   City: Tortosa   State: Baix Ebre
Elevation: 12 m  Lat: N 40° 49' 48"   Lon: E 000° 31' 12"

                  Temperature (°C), Rain (mm), Wind Speed (km/h)

                                      Heat  Cool        Avg
    Mean                              Deg   Deg         Wind                 Dom
Day Temp  High   Time   Low    Time   Days  Days  Rain  Speed High   Time    Dir
----------------------------------------------------------------------------------
 2  22,2  26,4   12:45  18,6   04:45   0,0   3,5   0,0   2,8  30,6   09:41   NNW
 3  22,7  27,4   12:22  16,9   05:56   0,1   4,6   0,0   3,5  27,4   14:56   ESE
 4  23,9  26,6   11:18  18,7   06:54   0,0   5,6   0,0   4,2  27,4   12:40   ESE
 5  21,9  27,4   13:16  16,2   05:42   0,3   3,9   0,0   2,0  25,7   23:57   ESE
 6  23,7  28,6   13:55  20,2   23:47   0,0   5,4   0,0  14,8  40,2   08:01     N
 7  19,6  21,9   11:20  15,6   23:55   0,2   1,5   0,0   7,2  29,0   04:35    NE
 8  18,9  25,8   14:27  13,3   04:42   1,7   2,4   0,0   1,4  22,5   15:07   SSE
 9  21,6  26,2   11:51  18,1   00:00   0,1   3,3   0,0   2,7  22,5   15:13    SE
10  23,4  25,9   12:00  16,7   08:31   0,0   4,6   0,0   4,1  22,5   14:46    SE
11  24,2  25,9   12:48  23,3   16:57   0,0   3,3   0,0   5,0  22,5   14:02    SE
12  24,3  26,3   13:53   0,0   00:00   0,0   3,3   0,0   2,9  20,9   14:08    SE
13  23,9  26,1   12:03  22,5   08:57   0,0   5,6   0,0   5,9  24,1   14:29   ESE
14  23,4  24,4   12:40  23,1   15:50   0,0   5,1   0,0   8,2  27,4   13:23   ESE
15  23,1  23,1   00:00  23,1   00:00   0,0   4,8   0,0   3,4   8,0   00:00   SSE
16  23,1  23,1   00:00  23,1   00:00   0,0   4,8   0,0   3,4   8,0   00:00   SSE
17  23,1  23,1   00:00  23,1   00:00   0,0   4,8   0,0   3,4   8,0   00:00   SSE
18  23,1  23,1   00:00  23,1   00:00   0,0   4,8   0,0   3,4   8,0   00:00   SSE
19  23,1  23,1   00:00  23,1   00:00   0,0   4,8   0,0   3,4   8,0   00:00   SSE
20  23,1  23,1   00:00  23,1   00:00   0,0   4,8   0,0   3,4   8,0   00:00   SSE
21  23,5  25,3   12:53  23,1   00:00   0,0   5,2   0,0   4,5  20,9   12:45    SE
22  21,9  23,4   00:00  19,3   10:05   0,0   3,6   0,0  11,9  41,8   12:49   NNW
23  21,3  24,7   14:16  18,6   10:05   0,0   3,0   0,0  10,0  30,6   10:23   NNW
24  22,3  24,6   13:02  21,5   00:00   0,0   4,0   0,0   1,8  16,1   12:25   ESE
25  22,3  22,3   00:00  22,3   00:00   0,0   4,0   0,0   1,8   0,0   00:00   ESE
26  22,3  22,3   00:00  22,3   00:00   0,0   4,0   0,0   1,8   0,0   00:00   ESE
27  22,3  22,3   00:00  22,3   00:00   0,0   4,0   0,0   1,8   0,0   00:00   ESE
28  22,3  22,3   00:00  22,3   00:00   0,0   4,0   0,0   1,8   0,0   00:00   ESE
29  22,3  22,3   00:00  22,3   00:00   0,0   4,0   0,0   1,8   0,0   00:00   ESE
----------------------------------------------------------------------------------
    22,6  28,6     6     0,0    12     2,4 116,7   0,0   4,4  41,8    22       E

Max >=  30,0:  0
Max <=   5,0:  0
Min <=   5,0:  1
Min <=   0,0:  1
Max Rain: 0,0 on day 0
Days of Rain: 0 (>= 0,2 mm)  0 (>= 2,0 mm)  0 (>= 10,0 mm)
Heat Base: 18,3  Cool Base: 18,3  Method: Integration