Resums Climàtics NOAA

Selecciona un any o mes per veure el resum
2018: Gen Feb Mar abr Mai Jun jul Ago Set Oct Nov Des
2017: Gen Feb Mar abr Mai Jun jul Ago Set Oct Nov Des
2016: Gen Feb Mar abr Mai Jun jul Ago Set Oct Nov Des
2015: Gen Feb Mar abr Mai Jun jul Ago Set Oct Nov Des
2014: Gen Feb Mar abr Mai Jun jul Ago Set Oct Nov Des
2013: Gen Feb Mar abr Mai Jun jul Ago Set Oct Nov Des
2012: Gen Feb Mar abr Mai Jun jul Ago Set Oct Nov Des
2011: Gen Feb Mar abr Mai Jun jul Ago Set Oct Nov Des
2010: Gen Feb Mar abr Mai Jun jul Ago Set Oct Nov Des
2009: Gen Feb Mar abr Mai Jun jul Ago Set Oct Nov Des
2008: Gen Feb Mar abr Mai Jun jul Ago Set Oct Nov Des

Resum 2008 Desembre
                   Monthly Climatological Summary for dic 2008

Name: MeteoTortosa   City: Tortosa   State: Baix Ebre
Elevation: 12 m  Lat: N 40° 49' 48"   Lon: E 000° 31' 12"

                  Temperature (°C), Rain (mm), Wind Speed (km/h)

                                      Heat  Cool        Avg
    Mean                              Deg   Deg         Wind                 Dom
Day Temp  High   Time   Low    Time   Days  Days  Rain  Speed High   Time    Dir
----------------------------------------------------------------------------------
 3   8,1   8,8   23:50   7,5   23:22  10,2   0,0   0,0   0,5   2,2   22:36    SE
 4  11,1  14,0   13:39   7,8   00:25   7,2   0,0   0,0   4,5  37,0   05:21     N
 5  13,9  18,9   07:00   7,7   01:21   4,4   0,0   0,0   7,3  38,6   05:39   NNW
 6  11,9  15,1   14:29   8,9   07:14   6,4   0,0   0,0   2,8  19,3   11:29   NNE
 7  13,1  16,9   13:08   9,3   07:43   5,2   0,0   0,0   2,9  24,1   23:49    SE
 8  12,3  13,7   00:00  11,2   20:03   6,0   0,0   0,0   3,4  30,6   02:37     E
 9  10,8  11,6   18:42   9,8   21:44   7,5   0,0   7,9  13,1  54,7   22:39     N
10   9,0  11,2   00:45   5,4   23:48   9,3   0,0   0,0  21,4  64,4   05:09   NNW
11   9,2  12,1   13:53   5,2   00:34   9,1   0,0   0,0  17,2  61,2   02:43   NNW
12  12,5  15,2   13:37  10,9   00:00   5,8   0,0   0,0  14,6  48,3   04:39   NNW
13   8,5  13,0   11:47   3,2   07:23   9,8   0,0   6,3   3,2  29,0   00:08    SE
14   9,2  10,7   12:23   7,6   23:40   9,1   0,0   0,3  15,1  46,7   16:41   NNW
15   8,5  11,1   13:51   6,1   04:36   9,8   0,0   0,0  20,5  59,5   20:32     N
16  11,8  14,2   14:10   9,4   00:00   6,5   0,0   0,0  21,5  53,1   02:43     N
17  12,9  14,4   14:47  11,3   02:36   5,4   0,0   0,0  21,6  59,5   01:20   NNW
18  12,6  14,6   13:14  11,0   07:22   5,7   0,0   0,0  27,9  74,0   04:17     N
19  13,5  16,2   13:00   9,8   23:47   4,8   0,0   0,0  21,6  64,4   00:44     N
20  12,5  17,0   15:05   6,0   23:57   5,8   0,0   0,0  10,9  43,5   11:30     N
21   9,0  17,6   12:21   4,1   07:02   9,3   0,0   0,0   1,9  22,5   11:04     S
22   7,0  12,8   14:17   3,1   04:43  11,3   0,0   0,3   7,8  29,0   12:32     N
23   4,2   9,2   13:59   1,4   23:46  14,1   0,0   0,0  12,1  30,6   14:15     N
24   2,8   7,1   14:22   0,7   06:47  15,5   0,0   0,0  13,7  35,4   11:03     N
25   3,9   9,9   14:55   0,9   02:48  14,4   0,0   0,0  10,0  30,6   01:52     N
26   5,9   7,1   10:47   3,8   00:00  12,4   0,0   1,0  13,8  33,8   07:23     N
27   6,5   8,1   23:59   5,3   01:38  11,8   0,0  18,8  ----  35,4   02:31   ---
28  10,1  12,1   08:29   8,1   00:00   8,2   0,0   3,8  ----  40,2   12:02   ---
29   9,1  10,6   14:59   7,8   06:08   9,2   0,0   2,3   0,8  11,3   14:05    SE
30  11,3  14,4   12:46   9,0   06:48   7,0   0,0   0,0   2,0  20,9   14:58    SE
31  12,3  14,1   13:45  10,3   23:50   6,0   0,0   0,0   3,0  16,1   14:30   SSE
----------------------------------------------------------------------------------
     9,8  18,9     5     0,7    24   247,2   0,0  40,7  11,3  74,0    18       N

Max >=  25,0:  0
Max <=   5,0:  0
Min <=   5,0:  7
Min <=   0,0:  0
Max Rain: 18,8 on day 27
Days of Rain: 8 (> 0,2 mm)  5 (> 2,0 mm)  1 (> 10,0 mm)
Heat Base: 18,3  Cool Base: 18,3  Method: Integration