Resums Climàtics NOAA

Selecciona un any o mes per veure el resum
2018: Gen Feb Mar abr Mai Jun jul Ago Set Oct Nov Des
2017: Gen Feb Mar abr Mai Jun jul Ago Set Oct Nov Des
2016: Gen Feb Mar abr Mai Jun jul Ago Set Oct Nov Des
2015: Gen Feb Mar abr Mai Jun jul Ago Set Oct Nov Des
2014: Gen Feb Mar abr Mai Jun jul Ago Set Oct Nov Des
2013: Gen Feb Mar abr Mai Jun jul Ago Set Oct Nov Des
2012: Gen Feb Mar abr Mai Jun jul Ago Set Oct Nov Des
2011: Gen Feb Mar abr Mai Jun jul Ago Set Oct Nov Des
2010: Gen Feb Mar abr Mai Jun jul Ago Set Oct Nov Des
2009: Gen Feb Mar abr Mai Jun jul Ago Set Oct Nov Des
2008: Gen Feb Mar abr Mai Jun jul Ago Set Oct Nov Des

Resum 2009
                   Annual Climatological Summary for 2009

Name: MeteoTortosa   City: Tortosa   State: Baix Ebre
Elevation: 12 m  Lat: N 40° 49' 48"   Lon: E 000° 31' 12"

                  Temperature (°C), Heat Base: 18,3  Cool Base: 18,3
                          Dep.  Heat  Cool                       Max  Max  Min  Min
        Mean  Mean        From  Deg   Deg                        >=   <=   <=   <=
 YR MO  Max   Min   Mean  Norm  Days  Days  Hi  Date  Low  Date 25,0  5,0  5,0   0,0
------------------------------------------------------------------------------------
 09  1  12,8   5,6   8,9   0.0   290     0  23,7  23   0,4    8    0    1   15    0
 09  2  15,5   6,2  10,7   0.0   212     0  20,4   9   2,7   21    0    0   10    0
 09  3  18,3   7,6  12,9   0.0   166     0  24,1  14   4,4   18    0    0    2    0
 09  4  19,6  10,2  14,8   0.0   109     3  27,6  23   7,0   18    2    0    0    0
 09  5  24,8  15,1  19,9   0.0     2    51  30,6  28  10,6   16   15    0    0    0
 09  6  28,9  19,2  23,9   0.0     0   168  34,1  14  14,3    1   28    0    0    0
 09  7  30,1  21,9  26,0   0.0     0   239  37,6  23  17,2   19   29    0    0    0
 09  8  31,2  22,2  26,6   0.0     0   256  34,7  17  19,4   20   31    0    0    0
 09  9  27,3  18,4  22,6   0.0     0   124  34,7   3  13,4   18   23    0    0    0
 09 10  24,8  15,9  20,1   0.0    15    69  28,6  11   8,7   17   18    0    0    0
 09 11  19,7  11,2  15,0   0.0   100     3  25,4  16   5,9   28    1    0    0    0
 09 12  14,2   6,6  10,2   0.0   249     0  24,2  30  -0,9   21    0    0    9    2
------------------------------------------------------------------------------------
        22,3  13,3  17,6   0.0  1148   916  37,6 jul  -0,9  dic  147    1   36    2

                                Precipitation (mm)

              Dep.   Max        Days of Rain
              From   Obs.          Over
 YR MO Total  Norm   Day Date  0,2  2,0 10,0
---------------------------------------------
 09  1  28,2   0.0  45,8   7    11    4    1
 09  2  10,4   0.0  11,7  18     7    1    0
 09  3   9,7   0.0  73,5  12     7    1    0
 09  4  79,0   0.0  47,7  22    14    9    3
 09  5   0,0   0.0  21,6   3     0    0    0
 09  6  17,5   0.0  17,2   9     4    2    1
 09  7   1,0   0.0   8,6   3     1    0    0
 09  8  18,5   0.0  19,1  19     2    1    1
 09  9  71,4   0.0  38,4  17     7    5    2
 09 10  21,7   0.0  80,8  12     7    3    0
 09 11   4,0   0.0 121,7  20     4    0    0
 09 12  37,6   0.0  10,4  26    11    5    1
---------------------------------------------
       299,0   0.0 121,7  nov   75   31    9

                                Wind Speed (km/h)
                          Dom
 YR MO   Avg.  Hi   Date  Dir
------------------------------
 09  1  11,3 105,0   24   NNW
 09  2   8,4  82,1    7   NNW
 09  3   8,7  86,9    5     N
 09  4   9,4  61,2   12     N
 09  5   8,1  59,5   15   ENE
 09  6   6,5  54,7   20    SE
 09  7   7,6  78,9   17   ESE
 09  8   6,9  45,1    2   ESE
 09  9   7,3  48,3   21    NE
 09 10  11,9  88,5   22     N
 09 11   8,2  80,5    7     N
 09 12   9,2  88,5    1     N
------------------------------
         8,6 105,0  ene   NNE