Resums Climàtics NOAA

Selecciona un any o mes per veure el resum
2018: Gen Feb Mar abr Mai Jun jul Ago Set Oct Nov Des
2017: Gen Feb Mar abr Mai Jun jul Ago Set Oct Nov Des
2016: Gen Feb Mar abr Mai Jun jul Ago Set Oct Nov Des
2015: Gen Feb Mar abr Mai Jun jul Ago Set Oct Nov Des
2014: Gen Feb Mar abr Mai Jun jul Ago Set Oct Nov Des
2013: Gen Feb Mar abr Mai Jun jul Ago Set Oct Nov Des
2012: Gen Feb Mar abr Mai Jun jul Ago Set Oct Nov Des
2011: Gen Feb Mar abr Mai Jun jul Ago Set Oct Nov Des
2010: Gen Feb Mar abr Mai Jun jul Ago Set Oct Nov Des
2009: Gen Feb Mar abr Mai Jun jul Ago Set Oct Nov Des
2008: Gen Feb Mar abr Mai Jun jul Ago Set Oct Nov Des

Resum 2009 Gener
                   Monthly Climatological Summary for ene 2009

Name: MeteoTortosa   City: Tortosa   State: Baix Ebre
Elevation: 12 m  Lat: N 40° 49' 48"   Lon: E 000° 31' 12"

                  Temperature (°C), Rain (mm), Wind Speed (km/h)

                                      Heat  Cool        Avg
    Mean                              Deg   Deg         Wind                 Dom
Day Temp  High   Time   Low    Time   Days  Days  Rain  Speed High   Time    Dir
----------------------------------------------------------------------------------
 1  10,1  14,4   13:46   7,1   04:41   8,2   0,0   0,8   2,0  16,1   12:12     N
 2   0,0   8,6   22:40   8,4   23:30  18,3   0,0   2,5   4,4   3,2   22:50     N
 3  11,9  13,0   14:19   6,7   07:30   6,4   0,0   2,5   3,2  11,3   13:29   SSE
 4   8,7  11,4   13:31   3,0   23:59   9,6   0,0   0,8   7,6  30,6   12:09   NNE
 5   5,9  10,6   14:26   1,5   03:39  12,4   0,0   0,3   7,1  41,8   10:46     N
 6   7,0  10,4   12:58   2,6   04:42  11,3   0,0   0,0  10,5  51,5   23:04   NNW
 7   4,7   7,3   13:43   3,1   06:49  13,6   0,0   0,0  15,9  46,7   10:04     N
 8   4,3   6,8   13:07   0,4   05:28  14,0   0,0   0,0  11,0  37,0   00:50     N
 9   4,0   4,8   06:54   2,8   08:39  14,3   0,0  12,9  17,0  46,7   08:19     N
10   5,6   7,6   13:03   3,8   05:35  12,7   0,0   0,8  14,5  48,3   22:38     N
11   8,0  10,0   13:47   5,9   01:24  10,3   0,0   0,5  21,1  48,3   14:44   NNE
12   6,3   9,7   14:04   2,7   23:41  12,0   0,0   0,0  17,6  46,7   10:58     N
13   5,8  10,4   22:26   1,3   04:04  12,5   0,0   0,0  14,0  46,7   23:19     N
14   9,9  13,7   14:37   3,3   23:33   8,4   0,0   0,0  14,0  48,3   01:00     N
15   6,8  12,2   13:55   2,7   00:45  11,5   0,0   0,0   5,9  29,0   10:52     N
16   6,3  12,3   15:29   3,1   03:35  12,0   0,0   0,0   5,7  17,7   11:11     N
17   7,3  13,3   14:51   3,6   05:02  11,0   0,0   0,0   6,0  35,4   11:43     N
18   7,6  16,5   14:55   1,9   06:03  10,7   0,0   0,0   2,6  24,1   08:06     N
19   9,5  15,1   15:48   5,2   07:36   8,8   0,0   0,0   1,7  19,3   21:16     N
20  10,9  13,3   13:26   8,2   23:43   7,4   0,0   0,2  15,0  56,3   00:49   NNW
21  10,0  12,3   14:23   8,1   00:03   8,3   0,0   0,0  22,1  69,2   19:16   NNW
22   8,8  12,3   14:19   5,8   05:33   9,5   0,0   0,0   3,9  41,8   01:11   NNW
23  16,7  23,7   11:00   7,6   01:28   1,6   0,0   0,0  16,2  64,4   08:50    NW
24  15,0  20,5   03:42  11,8   21:20   3,3   0,0   0,5  30,4 105,0   16:16    NW
25  11,5  16,2   13:27   4,7   07:25   6,8   0,0   1,1   8,0  46,7   00:07   NNW
26  10,9  13,1   12:49   9,3   07:47   7,4   0,0   0,0  25,9  96,6   21:15    NW
27  11,8  13,5   19:46  10,0   08:56   6,5   0,0   0,0  23,1  80,5   00:08   NNW
28  15,6  19,7   13:41  12,1   03:06   2,7   0,0   0,0  15,8  54,7   13:14   NNW
29  13,4  17,2   15:12   8,9   23:31   4,9   0,0   0,0   3,8  35,4   01:16   SSE
30  10,8  14,1   12:39   7,5   07:55   7,5   0,0   0,0   2,3  19,3   12:31    SE
31  11,6  13,4   15:02   9,6   21:25   6,7   0,0   5,3   2,3  25,7   16:57   ESE
----------------------------------------------------------------------------------
     8,9  23,7    23     0,4     8   290,6   0,0  28,2  11,3 105,0    24     NNW

Max >=  25,0:  0
Max <=   5,0:  1
Min <=   5,0: 15
Min <=   0,0:  0
Max Rain: 12,9 on day 9
Days of Rain: 12 (> 0,2 mm)  4 (> 2,0 mm)  1 (> 10,0 mm)
Heat Base: 18,3  Cool Base: 18,3  Method: Integration