Resums Climàtics NOAA

Selecciona un any o mes per veure el resum
2018: Gen Feb Mar abr Mai Jun jul Ago Set Oct Nov Des
2017: Gen Feb Mar abr Mai Jun jul Ago Set Oct Nov Des
2016: Gen Feb Mar abr Mai Jun jul Ago Set Oct Nov Des
2015: Gen Feb Mar abr Mai Jun jul Ago Set Oct Nov Des
2014: Gen Feb Mar abr Mai Jun jul Ago Set Oct Nov Des
2013: Gen Feb Mar abr Mai Jun jul Ago Set Oct Nov Des
2012: Gen Feb Mar abr Mai Jun jul Ago Set Oct Nov Des
2011: Gen Feb Mar abr Mai Jun jul Ago Set Oct Nov Des
2010: Gen Feb Mar abr Mai Jun jul Ago Set Oct Nov Des
2009: Gen Feb Mar abr Mai Jun jul Ago Set Oct Nov Des
2008: Gen Feb Mar abr Mai Jun jul Ago Set Oct Nov Des

Resum 2009 Febrer
                   Monthly Climatological Summary for feb 2009

Name: MeteoTortosa   City: Tortosa   State: Baix Ebre
Elevation: 12 m  Lat: N 40° 49' 48"   Lon: E 000° 31' 12"

                  Temperature (°C), Rain (mm), Wind Speed (km/h)

                                      Heat  Cool        Avg
    Mean                              Deg   Deg         Wind                 Dom
Day Temp  High   Time   Low    Time   Days  Days  Rain  Speed High   Time    Dir
----------------------------------------------------------------------------------
 1   9,9  12,1   12:35   7,1   23:40   8,4   0,0   3,3   4,9  40,2   01:11    NE
 2   9,3  12,4   14:17   6,2   03:37   9,0   0,0   1,0   2,7  27,4   23:12   NNE
 3  10,6  14,5   14:05   7,3   23:09   7,7   0,0   0,0  12,8  54,7   05:43     N
 4  10,3  16,6   14:17   4,4   06:45   8,0   0,0   0,0   3,0  22,5   15:19    SE
 5   9,2  15,1   15:06   5,4   05:36   9,1   0,0   1,5   1,8  22,5   15:32   SSE
 6   8,4  13,0   14:05   6,0   07:57   9,9   0,0   1,8   7,7  66,0   22:38   NNW
 7   9,2  11,6   15:10   7,3   23:30   9,1   0,0   0,3  29,9  82,1   21:31   NNW
 8  11,4  15,9   22:57   6,9   00:51   6,9   0,0   0,0  22,3  67,6   06:35    NW
 9  16,4  20,4   15:04  11,7   23:49   1,9   0,0   0,0   7,5  51,5   01:27   NNW
10  13,8  16,3   11:00  11,0   23:10   4,5   0,0   0,0  15,5  54,7   20:29   NNW
11  14,1  17,4   15:47  11,1   00:00   4,2   0,0   0,0  25,0  80,5   18:05   NNW
12  14,4  17,1   13:55  10,4   23:52   3,9   0,0   0,0  19,3  57,9   23:14   NNW
13  10,5  14,3   13:58   5,9   23:39   7,8   0,0   0,0   8,0  53,1   00:54   NNW
14  10,6  16,7   12:52   4,7   03:15   7,7   0,0   0,0   7,6  37,0   09:04   NNE
15   9,0  10,2   14:34   6,1   00:10   9,3   0,0   0,0   1,8  17,7   05:54   SSE
16   9,9  13,4   14:34   6,2   23:57   8,4   0,0   0,0   2,0  19,3   12:47     E
17   9,1  17,1   15:02   3,4   05:27   9,2   0,0   0,0   2,3  19,3   11:14     N
18  12,0  17,4   15:03   5,5   00:05   6,3   0,0   0,0  15,8  59,5   03:42     N
19   9,5  17,2   14:59   3,4   07:01   8,8   0,0   0,0   2,4  19,3   08:47     N
20   7,8  11,3   13:15   4,4   03:01  10,5   0,0   0,2   1,8  17,7   10:31   ESE
21   8,6  17,0   13:50   2,7   06:14   9,7   0,0   0,0   2,7  24,1   16:32   ESE
22  11,3  18,1   14:41   4,0   03:06   7,0   0,0   0,3  11,1  49,9   22:50   NNW
23  12,7  17,9   15:36   6,8   23:41   5,6   0,0   0,0  15,2  53,1   02:45     N
24  10,0  16,8   14:43   3,9   06:33   8,3   0,0   0,0   2,6  19,3   11:18     E
25  10,8  14,9   13:39   6,7   00:23   7,5   0,0   0,0   4,1  25,7   14:27     E
26  10,7  17,6   14:46   4,1   07:09   7,6   0,0   0,0   2,1  20,9   16:29    SE
27  11,5  19,2   13:11   5,2   06:17   6,8   0,0   0,2   3,1  24,1   16:41    NE
28   8,5  12,2   13:08   4,9   04:00   9,8   0,0   1,8   1,6  17,7   12:03    SE
----------------------------------------------------------------------------------
    10,7  20,4     9     2,7    21   212,9   0,0  10,4   8,4  82,1     7     NNW

Max >=  25,0:  0
Max <=   5,0:  0
Min <=   5,0: 10
Min <=   0,0:  0
Max Rain: 3,3 on day 1
Days of Rain: 9 (> 0,2 mm)  1 (> 2,0 mm)  0 (> 10,0 mm)
Heat Base: 18,3  Cool Base: 18,3  Method: Integration