Resums Climàtics NOAA

Selecciona un any o mes per veure el resum
2018: Gen Feb Mar abr Mai Jun jul Ago Set Oct Nov Des
2017: Gen Feb Mar abr Mai Jun jul Ago Set Oct Nov Des
2016: Gen Feb Mar abr Mai Jun jul Ago Set Oct Nov Des
2015: Gen Feb Mar abr Mai Jun jul Ago Set Oct Nov Des
2014: Gen Feb Mar abr Mai Jun jul Ago Set Oct Nov Des
2013: Gen Feb Mar abr Mai Jun jul Ago Set Oct Nov Des
2012: Gen Feb Mar abr Mai Jun jul Ago Set Oct Nov Des
2011: Gen Feb Mar abr Mai Jun jul Ago Set Oct Nov Des
2010: Gen Feb Mar abr Mai Jun jul Ago Set Oct Nov Des
2009: Gen Feb Mar abr Mai Jun jul Ago Set Oct Nov Des
2008: Gen Feb Mar abr Mai Jun jul Ago Set Oct Nov Des

Resum 2009 Març
                   Monthly Climatological Summary for mar 2009

Name: MeteoTortosa   City: Tortosa   State: Baix Ebre
Elevation: 12 m  Lat: N 40° 49' 48"   Lon: E 000° 31' 12"

                  Temperature (°C), Rain (mm), Wind Speed (km/h)

                                      Heat  Cool        Avg
    Mean                              Deg   Deg         Wind                 Dom
Day Temp  High   Time   Low    Time   Days  Days  Rain  Speed High   Time    Dir
----------------------------------------------------------------------------------
 1  11,5  16,6   15:44   8,7   05:47   6,8   0,0   0,5   3,4  27,4   10:45   NNE
 2  12,4  17,0   13:35   7,5   06:48   5,9   0,0   0,3   3,3  22,5   12:08   NNE
 3  10,4  11,3   15:25   9,4   12:20   7,9   0,0   0,0   6,2  29,0   10:50     N
 4   9,2  11,8   12:46   6,2   06:19   9,1   0,0   1,0   7,8  66,0   22:58    NW
 5   9,8  12,6   13:47   8,2   00:01   8,5   0,0   0,2  26,5  86,9   21:22   NNW
 6  11,0  14,5   13:54   8,7   01:11   7,3   0,0   0,0  32,5  86,9   07:58   NNW
 7  15,1  18,7   14:36  10,3   01:18   3,2   0,0   0,0  23,0  75,6   17:56   NNW
 8  16,4  21,2   14:37  10,1   06:46   1,9   0,0   0,0  12,8  59,5   00:36   NNW
 9  14,6  20,4   14:31   7,8   23:31   3,7   0,0   0,0  13,5  57,9   05:05   NNW
10  11,9  19,8   16:03   5,3   06:55   6,4   0,0   0,0   2,6  19,3   13:25   SSW
11  15,8  22,2   12:31   9,1   00:01   2,5   0,0   0,0   8,0  35,4   08:30    NE
12  12,3  17,7   13:19   7,1   06:16   6,0   0,0   0,0   3,4  27,4   15:40    SE
13  13,7  22,6   15:13   6,8   05:41   4,6   0,0   0,0   2,7  24,1   12:05    SE
14  14,8  24,1   13:30   7,6   05:52   3,5   0,0   0,0   3,2  25,7   14:18   SSE
15  15,1  21,9   12:57   9,9   07:34   3,2   0,0   0,0   3,6  29,0   15:01   SSE
16  13,1  19,1   13:34   7,1   05:55   5,2   0,0   0,0   3,4  35,4   10:56    SE
17  12,7  19,3   11:32   7,0   06:25   5,6   0,0   0,0   4,1  24,1   16:18   ESE
18  11,9  19,5   14:54   4,4   05:54   6,4   0,0   0,0   3,5  29,0   12:45    SE
19  12,0  19,7   14:09   4,4   05:46   6,3   0,0   0,0   2,3  24,1   14:41    SE
20  12,7  18,8   11:55   5,9   06:29   5,6   0,0   0,0   4,6  37,0   09:37    SE
21  12,2  16,1   14:13   7,8   05:40   6,1   0,0   0,0   4,2  29,0   00:14   SSE
22  13,2  19,7   13:50   5,7   04:29   5,1   0,0   0,0   3,2  25,7   15:11     S
23  16,5  21,4   13:27   5,7   04:30   1,8   0,0   0,0   6,0  30,6   07:34    NE
24  15,1  20,5   11:16   7,2   02:25   3,2   0,0   0,0  17,5  57,9   08:35   NNW
25  14,2  20,3   15:01   9,1   06:17   4,1   0,0   0,0   9,9  48,3   23:55     N
26  15,6  21,0   12:24   9,3   23:54   2,7   0,0   0,0  11,6  53,1   00:12   NNE
27  12,0  21,5   13:51   6,1   05:06   6,3   0,0   0,0   7,1  29,0   15:09    SE
28  12,3  15,4   11:22   8,7   21:09   6,0   0,0   1,6  11,5  40,2   23:16   NNE
29  11,5  15,4   17:03   7,9   01:57   6,8   0,0   1,7  13,0  41,8   00:11     N
30  10,2  11,5   00:00   9,4   05:36   8,1   0,0   3,1   8,6  33,8   08:22     N
31  11,1  14,9   15:22   7,4   05:55   7,2   0,0   1,3   7,3  33,8   10:46   NNE
----------------------------------------------------------------------------------
    12,9  24,1    14     4,4    18   167,0   0,0   9,7   8,7  86,9     5       N

Max >=  25,0:  0
Max <=   5,0:  0
Min <=   5,0:  2
Min <=   0,0:  0
Max Rain: 3,1 on day 30
Days of Rain: 8 (> 0,2 mm)  1 (> 2,0 mm)  0 (> 10,0 mm)
Heat Base: 18,3  Cool Base: 18,3  Method: Integration