Resums Climàtics NOAA

Selecciona un any o mes per veure el resum
2018: Gen Feb Mar abr Mai Jun jul Ago Set Oct Nov Des
2017: Gen Feb Mar abr Mai Jun jul Ago Set Oct Nov Des
2016: Gen Feb Mar abr Mai Jun jul Ago Set Oct Nov Des
2015: Gen Feb Mar abr Mai Jun jul Ago Set Oct Nov Des
2014: Gen Feb Mar abr Mai Jun jul Ago Set Oct Nov Des
2013: Gen Feb Mar abr Mai Jun jul Ago Set Oct Nov Des
2012: Gen Feb Mar abr Mai Jun jul Ago Set Oct Nov Des
2011: Gen Feb Mar abr Mai Jun jul Ago Set Oct Nov Des
2010: Gen Feb Mar abr Mai Jun jul Ago Set Oct Nov Des
2009: Gen Feb Mar abr Mai Jun jul Ago Set Oct Nov Des
2008: Gen Feb Mar abr Mai Jun jul Ago Set Oct Nov Des

Resum 2009 abril
                   Monthly Climatological Summary for abr 2009

Name: MeteoTortosa   City: Tortosa   State: Baix Ebre
Elevation: 12 m  Lat: N 40° 49' 48"   Lon: E 000° 31' 12"

                  Temperature (°C), Rain (mm), Wind Speed (km/h)

                                      Heat  Cool        Avg
    Mean                              Deg   Deg         Wind                 Dom
Day Temp  High   Time   Low    Time   Days  Days  Rain  Speed High   Time    Dir
----------------------------------------------------------------------------------
 1  13,1  17,3   16:09   9,5   01:37   5,2   0,0   2,0  16,3  49,9   05:36     N
 2  12,4  16,8   13:52   9,7   23:55   5,9   0,0   4,1   9,3  46,7   06:39     N
 3  13,8  19,9   13:29   7,7   03:55   4,5   0,0   0,2   6,6  30,6   08:26   NNE
 4  14,5  20,1   12:56   9,1   05:34   3,8   0,0   0,0   2,7  24,1   13:40   SSE
 5  14,2  20,2   13:11   9,4   05:30   4,1   0,0   0,3   5,4  33,8   14:16    SE
 6  14,7  16,0   12:40  13,7   23:41   3,6   0,0   1,5   4,1  20,9   09:03    SE
 7  12,1  13,7   00:00  10,3   23:50   6,2   0,0  24,1  12,0  43,5   18:52     N
 8  12,1  18,1   15:25   9,0   03:06   6,2   0,0   7,1  11,0  35,4   02:23     N
 9  13,5  18,7   12:17   7,8   05:43   4,8   0,0   0,0   3,7  30,6   13:41    SE
10  12,1  15,1   13:12   8,2   23:01   6,2   0,0  16,3   6,7  37,0   21:42   ENE
11   9,9  13,2   14:41   7,8   03:55   8,4   0,0  11,9  13,7  40,2   02:25     N
12  13,0  16,9   13:53   9,4   02:56   5,3   0,0   0,0  20,1  61,2   07:57   NNW
13  15,2  20,2   14:47  10,6   23:56   3,1   0,0   0,0  12,5  43,5   09:52   NNE
14  14,2  19,9   12:56   7,8   05:38   4,1   0,0   0,0   5,8  33,8   18:26   ESE
15  15,9  20,6   13:56  10,1   23:56   2,4   0,0   0,0   6,8  51,5   15:00     S
16  12,3  19,6   11:49   8,2   04:44   6,0   0,0   3,3   4,2  29,0   08:47   NNE
17  14,5  19,5   13:51   7,8   02:31   3,8   0,0   0,3   7,4  37,0   07:49   NNW
18  12,5  19,8   12:32   7,0   05:01   5,8   0,0   2,3   2,0  32,2   13:02     S
19  13,0  18,2   10:55   8,2   03:51   5,3   0,0   0,5   5,5  35,4   08:39     N
20  16,5  20,4   15:00   9,2   00:06   1,8   0,0   0,0  17,7  53,1   22:57   NNW
21  18,1  23,7   16:16  14,6   03:49   0,2   0,0   0,0  21,8  56,3   03:04   NNW
22  19,4  25,0   16:21  14,2   05:08   0,0   1,1   0,0  17,4  46,7   06:26     N
23  20,6  27,6   13:04  12,4   05:28   0,0   2,3   0,0   6,7  35,4   08:00   NNE
24  17,0  22,3   10:56  11,4   06:01   1,3   0,0   0,0   5,8  35,4   11:46   ESE
25  16,2  18,7   11:44  14,8   04:45   2,1   0,0   0,0   5,5  30,6   10:37   ESE
26  14,5  18,2   13:26  11,3   06:09   3,8   0,0   2,3  17,4  56,3   16:26   NNW
27  16,2  22,4   16:24  11,8   02:54   2,1   0,0   0,0  12,5  53,1   05:33   NNW
28  17,7  22,0   16:53  12,7   23:56   0,6   0,0   0,0   8,9  41,8   13:02   NNW
29  18,5  24,4   16:01  12,2   00:37   0,0   0,2   0,0  10,1  43,5   10:49    NW
30  15,7  20,5   10:41  10,4   05:22   2,6   0,0   2,8   3,6  25,7   11:08    SE
----------------------------------------------------------------------------------
    14,8  27,6    23     7,0    18   109,2   3,6  79,0   9,4  61,2    12       N

Max >=  25,0:  2
Max <=   5,0:  0
Min <=   5,0:  0
Min <=   0,0:  0
Max Rain: 24,1 on day 7
Days of Rain: 15 (> 0,2 mm)  10 (> 2,0 mm)  3 (> 10,0 mm)
Heat Base: 18,3  Cool Base: 18,3  Method: Integration