Resums Climàtics NOAA

Selecciona un any o mes per veure el resum
2018: Gen Feb Mar abr Mai Jun jul Ago Set Oct Nov Des
2017: Gen Feb Mar abr Mai Jun jul Ago Set Oct Nov Des
2016: Gen Feb Mar abr Mai Jun jul Ago Set Oct Nov Des
2015: Gen Feb Mar abr Mai Jun jul Ago Set Oct Nov Des
2014: Gen Feb Mar abr Mai Jun jul Ago Set Oct Nov Des
2013: Gen Feb Mar abr Mai Jun jul Ago Set Oct Nov Des
2012: Gen Feb Mar abr Mai Jun jul Ago Set Oct Nov Des
2011: Gen Feb Mar abr Mai Jun jul Ago Set Oct Nov Des
2010: Gen Feb Mar abr Mai Jun jul Ago Set Oct Nov Des
2009: Gen Feb Mar abr Mai Jun jul Ago Set Oct Nov Des
2008: Gen Feb Mar abr Mai Jun jul Ago Set Oct Nov Des

Resum 2009 Maig
                   Monthly Climatological Summary for may 2009

Name: MeteoTortosa   City: Tortosa   State: Baix Ebre
Elevation: 12 m  Lat: N 40° 49' 48"   Lon: E 000° 31' 12"

                  Temperature (°C), Rain (mm), Wind Speed (km/h)

                                      Heat  Cool        Avg
    Mean                              Deg   Deg         Wind                 Dom
Day Temp  High   Time   Low    Time   Days  Days  Rain  Speed High   Time    Dir
----------------------------------------------------------------------------------
 1  17,5  23,0   16:03  13,9   09:58   0,8   0,0   0,0  16,0  46,7   06:57   NNW
 2  18,8  25,7   15:28  14,0   23:53   0,0   0,5   0,0  13,5  40,2   05:48   NNE
 3  19,4  24,6   12:37  11,5   02:57   0,0   1,1   0,0   7,7  33,8   07:52    NE
 4  19,7  25,7   15:14  11,9   04:20   0,0   1,4   0,0  11,1  53,1   23:20     N
 5  18,6  25,0   13:39  14,1   04:40   0,0   0,3   0,0  13,4  49,9   01:40   NNE
 6  20,2  25,8   11:50  11,7   05:10   0,0   1,9   0,0   5,5  32,2   14:08    SE
 7  20,0  26,2   13:35  14,1   04:51   0,0   1,7   0,0   5,1  32,2   14:20    SE
 8  18,9  22,8   13:56  15,5   03:48   0,0   0,6   0,0   8,4  40,2   14:25    SE
 9  17,6  20,8   13:48  14,3   02:09   0,7   0,0   0,0   5,8  29,0   17:05    SE
10  18,5  22,7   12:22  15,1   05:18   0,0   0,2   0,0   4,2  32,2   13:37    SE
11  18,0  21,3   14:46  14,8   01:20   0,3   0,0   0,0   3,4  24,1   14:28    SE
12  19,7  25,2   10:54  14,7   04:54   0,0   1,4   0,0   5,3  35,4   13:12   SSE
13  19,5  23,2   16:01  17,2   03:42   0,0   1,2   0,0   4,3  27,4   11:37    SE
14  20,0  24,8   13:51  15,8   02:13   0,0   1,7   0,0  11,2  53,1   22:54   NNW
15  18,1  22,6   15:19  13,9   23:58   0,2   0,0   0,0  16,7  59,5   03:38   NNW
16  18,1  23,6   11:06  10,6   03:38   0,2   0,0   0,0   7,1  37,0   15:02    SE
17  19,4  23,2   13:07  16,0   03:10   0,0   1,1   0,0   6,2  33,8   13:56    SE
18  19,1  23,2   12:15  14,8   05:01   0,0   0,8   0,0   5,0  33,8   13:51    SE
19  19,4  24,1   12:31  14,0   04:49   0,0   1,1   0,0   5,3  30,6   17:45    SE
20  21,3  26,6   14:04  16,8   04:58   0,0   3,0   0,0   6,3  29,0   10:57    SE
21  21,1  25,8   11:44  15,9   04:58   0,0   2,8   0,0   5,6  29,0   10:37   SSE
22  21,0  24,3   14:20  17,5   04:23   0,0   2,7   0,0   3,7  27,4   13:14   SSE
23  21,9  26,4   13:58  18,5   04:05   0,0   3,6   0,0   5,8  35,4   00:56    SE
24  20,8  24,3   14:33  18,7   23:55   0,0   2,5   0,0   5,4  32,2   15:26   SSE
25  20,4  24,7   13:36  16,3   05:17   0,0   2,1   0,0   5,0  29,0   12:14    SE
26  22,2  26,2   15:28  17,3   02:00   0,0   3,9   0,0  18,4  54,7   22:43   NNW
27  21,0  26,9   14:59  15,9   05:05   0,0   2,7   0,0  14,5  54,7   00:55     N
28  22,6  30,6   14:09  17,8   04:57   0,0   4,3   0,0  12,2  43,5   07:49   NNE
29  21,1  25,6   14:17  15,7   04:33   0,0   2,8   0,0   6,9  35,4   12:12    SE
30  21,3  26,8   12:33  14,4   04:49   0,0   3,0   0,0   7,4  37,0   15:01    SE
31  21,1  25,9   11:55  14,3   04:34   0,0   2,8   0,0   5,9  33,8   14:36    SE
----------------------------------------------------------------------------------
    19,9  30,6    28    10,6    16     2,2  51,2   0,0   8,1  59,5    15     ENE

Max >=  25,0: 15
Max <=   5,0:  0
Min <=   5,0:  0
Min <=   0,0:  0
Max Rain: 0,0 on day 0
Days of Rain: 0 (> 0,2 mm)  0 (> 2,0 mm)  0 (> 10,0 mm)
Heat Base: 18,3  Cool Base: 18,3  Method: Integration