Resums Climàtics NOAA

Selecciona un any o mes per veure el resum
2018: Gen Feb Mar abr Mai Jun jul Ago Set Oct Nov Des
2017: Gen Feb Mar abr Mai Jun jul Ago Set Oct Nov Des
2016: Gen Feb Mar abr Mai Jun jul Ago Set Oct Nov Des
2015: Gen Feb Mar abr Mai Jun jul Ago Set Oct Nov Des
2014: Gen Feb Mar abr Mai Jun jul Ago Set Oct Nov Des
2013: Gen Feb Mar abr Mai Jun jul Ago Set Oct Nov Des
2012: Gen Feb Mar abr Mai Jun jul Ago Set Oct Nov Des
2011: Gen Feb Mar abr Mai Jun jul Ago Set Oct Nov Des
2010: Gen Feb Mar abr Mai Jun jul Ago Set Oct Nov Des
2009: Gen Feb Mar abr Mai Jun jul Ago Set Oct Nov Des
2008: Gen Feb Mar abr Mai Jun jul Ago Set Oct Nov Des

Resum 2009 Juny
                   Monthly Climatological Summary for jun 2009

Name: MeteoTortosa   City: Tortosa   State: Baix Ebre
Elevation: 12 m  Lat: N 40° 49' 48"   Lon: E 000° 31' 12"

                  Temperature (°C), Rain (mm), Wind Speed (km/h)

                                      Heat  Cool        Avg
    Mean                              Deg   Deg         Wind                 Dom
Day Temp  High   Time   Low    Time   Days  Days  Rain  Speed High   Time    Dir
----------------------------------------------------------------------------------
 1  23,2  27,3   11:04  14,3   04:40   0,0   4,9   0,0   5,1  32,2   13:38    SE
 2  22,9  28,8   11:49  16,1   04:43   0,0   4,6   0,0   5,4  30,6   12:15    SE
 3  23,6  29,5   14:18  17,4   04:32   0,0   5,3   0,0   5,2  27,4   11:54   SSE
 4  22,4  26,6   11:42  17,5   05:20   0,0   4,1   0,0   5,3  33,8   11:54    SE
 5  21,8  24,8   15:21  17,5   23:56   0,0   3,5   4,3   4,3  27,4   09:00    SE
 6  22,0  25,9   12:13  17,5   00:00   0,0   3,7   1,0   7,7  46,7   19:12   NNE
 7  22,3  26,2   11:49  18,5   00:50   0,0   4,0   0,0   8,2  33,8   07:09   NNW
 8  20,8  24,6   11:21  17,1   04:20   0,0   2,5   0,0   3,9  37,0   18:49   SSE
 9  22,5  26,1   15:56  18,4   23:58   0,0   4,2   0,0   8,8  33,8   07:20   NNE
10  22,7  28,4   14:32  15,8   03:08   0,0   4,4   0,0   5,0  32,2   14:56    SE
11  23,1  29,5   10:28  17,2   05:06   0,0   4,8   0,0   5,6  41,8   12:16    SE
12  23,9  28,5   14:45  18,7   04:36   0,0   5,6   0,0   6,8  35,4   10:23    SE
13  25,1  29,1   13:30  21,1   05:13   0,0   6,8   0,0   8,1  35,4   13:46    SE
14  23,6  34,1   13:31  21,7   05:03   0,0   5,3   0,0  13,2  38,6   13:50   SSE
15  25,5  31,1   12:05  20,4   04:43   0,0   7,2   0,0   3,8  29,0   13:22   SSE
16  25,8  30,4   12:09  22,4   04:29   0,0   7,5   0,0   4,8  32,2   12:13    SE
17  25,9  30,9   11:58  20,3   04:43   0,0   7,6   0,0   5,3  30,6   14:19   SSE
18  25,3  30,3   11:59  21,1   04:29   0,0   7,0   0,0   4,0  29,0   11:11    SE
19  26,0  33,3   12:54  19,9   04:52   0,0   7,7   0,0   4,1  29,0   15:53    SE
20  25,1  29,8   12:28  20,4   04:05   0,0   6,8   1,0  13,0  54,7   22:40     N
21  22,7  28,6   14:32  18,2   04:08   0,0   4,4   0,0  12,6  48,3   00:52     N
22  23,7  28,0   14:04  19,2   04:43   0,0   5,4   0,0   7,9  27,4   14:09   ENE
23  23,5  26,9   09:17  19,9   05:14   0,0   5,2   0,0   6,1  30,6   13:18    SE
24  24,1  27,7   12:15  20,1   04:24   0,0   5,8   0,0   7,0  35,4   14:32    SE
25  24,2  28,3   12:38  21,3   23:49   0,0   5,9   0,0   6,3  32,2   19:38    SE
26  24,0  30,5   12:39  19,3   04:03   0,0   5,7  11,2   7,4  38,6   09:16    NE
27  24,3  28,5   11:28  20,1   05:06   0,0   6,0   0,0   5,2  32,2   13:11    SE
28  25,1  29,4   14:02  20,2   04:47   0,0   6,8   0,0   5,4  27,4   14:25    SE
29  26,1  31,1   11:15  21,9   04:50   0,0   7,8   0,0   4,6  35,4   13:29    SE
30  26,2  31,8   11:00  22,2   02:07   0,0   7,9   0,0   5,1  30,6   13:01    SE
----------------------------------------------------------------------------------
    23,9  34,1    14    14,3     1     0,0 168,4  17,5   6,5  54,7    20     ESE

Max >=  25,0: 28
Max <=   5,0:  0
Min <=   5,0:  0
Min <=   0,0:  0
Max Rain: 11,2 on day 26
Days of Rain: 4 (> 0,2 mm)  2 (> 2,0 mm)  1 (> 10,0 mm)
Heat Base: 18,3  Cool Base: 18,3  Method: Integration