Resums Climàtics NOAA

Selecciona un any o mes per veure el resum
2018: Gen Feb Mar abr Mai Jun jul Ago Set Oct Nov Des
2017: Gen Feb Mar abr Mai Jun jul Ago Set Oct Nov Des
2016: Gen Feb Mar abr Mai Jun jul Ago Set Oct Nov Des
2015: Gen Feb Mar abr Mai Jun jul Ago Set Oct Nov Des
2014: Gen Feb Mar abr Mai Jun jul Ago Set Oct Nov Des
2013: Gen Feb Mar abr Mai Jun jul Ago Set Oct Nov Des
2012: Gen Feb Mar abr Mai Jun jul Ago Set Oct Nov Des
2011: Gen Feb Mar abr Mai Jun jul Ago Set Oct Nov Des
2010: Gen Feb Mar abr Mai Jun jul Ago Set Oct Nov Des
2009: Gen Feb Mar abr Mai Jun jul Ago Set Oct Nov Des
2008: Gen Feb Mar abr Mai Jun jul Ago Set Oct Nov Des

Resum 2009 Novembre
                   Monthly Climatological Summary for nov 2009

Name: MeteoTortosa   City: Tortosa   State: Baix Ebre
Elevation: 12 m  Lat: N 40° 49' 48"   Lon: E 000° 31' 12"

                  Temperature (°C), Rain (mm), Wind Speed (km/h)

                                      Heat  Cool        Avg
    Mean                              Deg   Deg         Wind                 Dom
Day Temp  High   Time   Low    Time   Days  Days  Rain  Speed High   Time    Dir
----------------------------------------------------------------------------------
 1  19,2  23,3   13:19  16,2   04:50   0,0   0,9   0,0   1,8  20,9   14:16    SE
 2  17,5  19,5   04:16  15,6   02:18   0,8   0,0   0,0  15,6  75,6   10:18   NNW
 3  20,0  22,3   14:35  15,8   23:59   0,0   1,7   0,0  17,5  59,5   09:45     N
 4  17,2  21,0   10:27  13,0   05:09   1,1   0,0   0,0  11,3  57,9   08:44     N
 5  15,6  18,2   13:28  13,3   10:19   2,7   0,0   0,0  15,6  59,5   23:30     N
 6  14,8  17,1   16:09  12,9   06:08   3,5   0,0   0,0  15,5  62,8   00:12     N
 7  14,8  21,1   10:33  12,6   21:20   3,5   0,0   0,0  15,1  80,5   18:38     N
 8  13,5  15,8   11:21  10,9   14:17   4,8   0,0   0,2  19,9  66,0   08:29     N
 9  13,1  15,8   12:55  11,3   04:01   5,2   0,0   0,0  23,0  64,4   01:25     N
10  15,3  19,3   22:42  11,8   05:03   3,0   0,0   0,0  17,6  64,4   01:43     N
11  18,7  21,3   12:18  16,2   23:57   0,0   0,4   0,0  11,1  56,3   02:04     N
12  15,9  22,4   11:20  10,6   06:43   2,4   0,0   0,0   1,7  17,7   12:33   SSE
13  14,2  20,8   13:32   9,5   05:38   4,1   0,0   0,0   1,7  17,7   13:48    SE
14  15,6  20,2   13:48  13,1   00:00   2,7   0,0   0,0   0,5   9,7   09:58   SSW
15  14,8  21,4   13:08  10,6   07:37   3,5   0,0   0,0   1,0  17,7   12:12   SSE
16  15,5  25,4   13:11   8,7   07:09   2,8   0,0   0,3   2,1  16,1   06:26   NNW
17  15,1  22,7   13:23   9,7   06:45   3,2   0,0   0,2   1,9  24,1   12:00   SSE
18  14,9  20,8   13:36  10,8   06:16   3,4   0,0   0,0   1,1  14,5   11:08   NNE
19  14,8  18,4   12:24  11,6   03:29   3,5   0,0   0,0   1,7  17,7   15:49   ESE
20  15,2  19,9   13:52  10,9   06:50   3,1   0,0   0,0   1,1  16,1   16:06     E
21  16,0  19,8   13:04  12,9   00:57   2,3   0,0   0,0   3,8  29,0   14:40   NNE
22  16,2  21,1   13:41  11,4   03:34   2,1   0,0   1,3   7,6  35,4   12:50     N
23  15,7  21,3   14:37   9,2   23:41   2,6   0,0   0,0   4,6  32,2   00:27     N
24  12,2  20,6   13:56   7,2   07:33   6,1   0,0   0,0   1,9  19,3   15:17   NNE
25  12,8  18,3   15:00   6,1   05:00   5,5   0,0   0,3   5,7  35,4   20:46     N
26  14,8  19,5   12:26   8,9   07:04   3,5   0,0   0,0   3,1  25,7   00:08   NNE
27  14,7  16,8   14:18  11,8   03:23   3,6   0,0   0,0  11,1  41,8   08:57     N
28  11,8  18,3   13:01   5,9   07:20   6,5   0,0   0,0   2,9  22,5   00:29     N
29   9,8  13,8   13:31   7,1   07:20   8,5   0,0   1,5   5,3  43,5   23:45     N
30  11,5  14,4   12:46   9,6   15:01   6,8   0,0   0,2  22,9  80,5   23:30     N
----------------------------------------------------------------------------------
    15,0  25,4    16     5,9    28   100,8   3,0   4,0   8,2  80,5     7       N

Max >=  25,0:  1
Max <=   5,0:  0
Min <=   5,0:  0
Min <=   0,0:  0
Max Rain: 1,5 on day 29
Days of Rain: 7 (> 0,2 mm)  0 (> 2,0 mm)  0 (> 10,0 mm)
Heat Base: 18,3  Cool Base: 18,3  Method: Integration