Resums Climàtics NOAA

Selecciona un any o mes per veure el resum
2018: Gen Feb Mar abr Mai Jun jul Ago Set Oct Nov Des
2017: Gen Feb Mar abr Mai Jun jul Ago Set Oct Nov Des
2016: Gen Feb Mar abr Mai Jun jul Ago Set Oct Nov Des
2015: Gen Feb Mar abr Mai Jun jul Ago Set Oct Nov Des
2014: Gen Feb Mar abr Mai Jun jul Ago Set Oct Nov Des
2013: Gen Feb Mar abr Mai Jun jul Ago Set Oct Nov Des
2012: Gen Feb Mar abr Mai Jun jul Ago Set Oct Nov Des
2011: Gen Feb Mar abr Mai Jun jul Ago Set Oct Nov Des
2010: Gen Feb Mar abr Mai Jun jul Ago Set Oct Nov Des
2009: Gen Feb Mar abr Mai Jun jul Ago Set Oct Nov Des
2008: Gen Feb Mar abr Mai Jun jul Ago Set Oct Nov Des

Resum 2009 Desembre
                   Monthly Climatological Summary for dic 2009

Name: MeteoTortosa   City: Tortosa   State: Baix Ebre
Elevation: 12 m  Lat: N 40° 49' 48"   Lon: E 000° 31' 12"

                  Temperature (°C), Rain (mm), Wind Speed (km/h)

                                      Heat  Cool        Avg
    Mean                              Deg   Deg         Wind                 Dom
Day Temp  High   Time   Low    Time   Days  Days  Rain  Speed High   Time    Dir
----------------------------------------------------------------------------------
 1  12,1  14,2   13:58  10,5   03:19   6,2   0,0   0,0  21,2  88,5   00:31     N
 2  13,6  18,3   13:45   9,1   07:03   4,7   0,0   1,6   2,8  29,0   01:43     N
 3  13,3  15,3   14:07  10,5   04:07   5,0   0,0   1,5  16,8  66,0   12:26     N
 4  15,6  17,2   12:11  13,5   04:23   2,7   0,0   0,0  22,2  64,4   10:45     N
 5  13,9  18,9   13:22   7,9   23:45   4,4   0,0   0,0   5,8  33,8   00:45     N
 6  11,1  19,4   14:32   6,1   04:19   7,2   0,0   0,0   2,4  24,1   14:34     N
 7  13,1  19,2   12:07   8,2   00:57   5,2   0,0   0,0   1,8  20,9   13:34     N
 8  16,2  19,8   13:17   8,7   23:57   2,1   0,0   0,0  10,2  49,9   07:23     N
 9  11,8  19,3   15:01   6,6   06:09   6,5   0,0   0,0   2,7  20,9   12:56     N
10  11,7  18,3   14:16   6,2   04:58   6,6   0,0   0,0   3,6  22,5   10:14     N
11  11,1  16,3   13:54   6,3   23:58   7,2   0,0   0,0   7,8  27,4   12:39     N
12   7,5  11,4   14:49   4,3   06:52  10,8   0,0   0,0  12,0  35,4   23:46     N
13   7,0   9,4   00:00   4,4   18:51  11,3   0,0   4,3  15,3  40,2   05:49     N
14   4,3   5,6   23:59   3,2   08:13  14,0   0,0   9,1  18,8  49,9   19:02     N
15   6,8   8,8   14:58   5,3   00:35  11,5   0,0   0,0  22,2  64,4   02:21     N
16   6,0   7,6   14:39   3,2   21:11  12,3   0,0   0,0   8,7  45,1   00:55     N
17   6,7   9,3   09:35   3,3   00:37  11,6   0,0   0,0  12,8  49,9   15:27     N
18   7,6  10,7   10:59   5,6   07:08  10,7   0,0   0,0  16,9  53,1   14:02     N
19   4,9   7,5   13:03   3,1   22:59  13,4   0,0   0,0  19,8  53,1   04:24     N
20   4,8   9,5   14:31  -0,8   23:59  13,5   0,0   0,0  11,9  53,1   01:12     N
21   6,1   9,1   15:42  -0,9   00:07  12,2   0,0   1,6   4,6  22,5   03:35     N
22   7,2  10,6   16:33   4,3   04:12  11,1   0,0   2,3   1,9  19,3   23:42     N
23   9,2  14,1   21:52   6,7   02:57   9,1   0,0   2,0   3,6  27,4   21:29     N
24  11,8  16,1   15:11   8,6   05:48   6,5   0,0   1,0   2,9  33,8   23:59     N
25  12,9  15,2   00:02   9,5   23:53   5,4   0,0   0,8   9,1  38,6   09:57     N
26  10,5  11,2   05:07   9,1   01:03   7,8   0,0  10,4   4,7  49,9   23:09     N
27  11,8  15,9   14:26   7,7   23:15   6,5   0,0   0,0   7,7  45,1   00:19     N
28  10,0  14,3   14:26   7,8   01:41   8,3   0,0   0,0   3,6  19,3   09:17     N
29  12,5  15,9   13:04   8,7   00:47   5,8   0,0   2,8   3,9  29,0   19:57     N
30  14,2  24,2   13:29   8,4   06:54   4,1   0,0   0,2   3,0  37,0   15:26     N
31  12,1  16,1   16:07   9,1   03:18   6,2   0,0   0,0   4,1  54,7   20:24     N
----------------------------------------------------------------------------------
    10,2  24,2    30    -0,9    21   249,9   0,0  37,6   9,2  88,5     1       N

Max >=  25,0:  0
Max <=   5,0:  0
Min <=   5,0:  9
Min <=   0,0:  2
Max Rain: 10,4 on day 26
Days of Rain: 12 (> 0,2 mm)  6 (> 2,0 mm)  1 (> 10,0 mm)
Heat Base: 18,3  Cool Base: 18,3  Method: Integration