Resums Climàtics NOAA

Selecciona un any o mes per veure el resum
2018: Gen Feb Mar abr Mai Jun jul Ago Set Oct Nov Des
2017: Gen Feb Mar abr Mai Jun jul Ago Set Oct Nov Des
2016: Gen Feb Mar abr Mai Jun jul Ago Set Oct Nov Des
2015: Gen Feb Mar abr Mai Jun jul Ago Set Oct Nov Des
2014: Gen Feb Mar abr Mai Jun jul Ago Set Oct Nov Des
2013: Gen Feb Mar abr Mai Jun jul Ago Set Oct Nov Des
2012: Gen Feb Mar abr Mai Jun jul Ago Set Oct Nov Des
2011: Gen Feb Mar abr Mai Jun jul Ago Set Oct Nov Des
2010: Gen Feb Mar abr Mai Jun jul Ago Set Oct Nov Des
2009: Gen Feb Mar abr Mai Jun jul Ago Set Oct Nov Des
2008: Gen Feb Mar abr Mai Jun jul Ago Set Oct Nov Des

Resum 2010
                   Annual Climatological Summary for 2010

Name: MeteoTortosa   City: Tortosa   State: Baix Ebre
Elevation: 12 m  Lat: N 40° 49' 48"   Lon: E 000° 31' 12"

                  Temperature (°C), Heat Base: 18,3  Cool Base: 18,3
                          Dep.  Heat  Cool                       Max  Max  Min  Min
        Mean  Mean        From  Deg   Deg                        >=   <=   <=   <=
 YR MO  Max   Min   Mean  Norm  Days  Days  Hi  Date  Low  Date 25,0  5,0  5,0   0,0
------------------------------------------------------------------------------------
 10  1  12,1   5,6   8,7   0.0   297     0  16,8  13   0,0   20    0    1   15    2
 10  2  13,8   5,7   9,7   0.0   240     0  20,5  24   1,4    2    0    0   12    0
 10  3  15,7   7,7  11,5   0.0   210     0  21,1  27   3,1   12    0    0    9    0
 10  4  19,8  10,9  15,3   0.0    95     3  28,0  26   6,4    2    1    0    0    0
 10  5  23,0  13,4  18,1   0.0    48    43  32,7  31   8,3    7    9    0    0    0
 10  6  26,8  17,6  22,2   0.0     0   118  32,3  28  13,7   15   20    0    0    0
 10  7  31,1  22,4  26,7   0.0     0   259  34,6   5  19,9    1   31    0    0    0
 10  8  30,3  21,1  25,5   0.0     0   221  39,4  27  18,0   13   30    0    0    0
 10  9  27,1  17,9  22,2   0.0     1   119  30,8   4  11,0   29   26    0    0    0
 10 10  22,0  13,5  17,5   0.0    54    28  26,0   2   6,1   27    5    0    0    0
 10 11  17,4   9,1  13,2   0.0   154     0  23,5   3   2,9   29    0    0    4    0
 10 12  13,4   5,3   9,1   0.0   285     0  22,9   8  -1,6   27    0    0   16    3
------------------------------------------------------------------------------------
        21,0  12,5  16,6   0.0  1388   794  39,4 ago  -1,6  dic  122    1   56    5

                                Precipitation (mm)

              Dep.   Max        Days of Rain
              From   Obs.          Over
 YR MO Total  Norm   Day Date  0,2  2,0 10,0
---------------------------------------------
 10  1  79,2   0.0  45,8   7    10    7    2
 10  2  29,8   0.0  11,7  18     8    4    1
 10  3  20,5   0.0  73,5  12     8    4    0
 10  4  25,7   0.0  47,7  22     7    4    1
 10  5  45,2   0.0  21,6   3     7    4    2
 10  6  28,2   0.0  17,2   9     7    3    1
 10  7  12,2   0.0   8,6   3     3    2    0
 10  8  36,1   0.0  19,1  19     6    3    2
 10  9  80,5   0.0  38,4  17     6    5    3
 10 10 107,2   0.0  80,8  12     7    3    2
 10 11  12,9   0.0 121,7  20     6    3    0
 10 12   7,4   0.0   1,3   7     8    0    0
---------------------------------------------
       484,9   0.0 121,7  nov   83   42   14

                                Wind Speed (km/h)
                          Dom
 YR MO   Avg.  Hi   Date  Dir
------------------------------
 10  1  11,2  90,1   14     N
 10  2   9,0  82,1    9     N
 10  3   7,6  62,8   10     N
 10  4   5,5  56,3    4     E
 10  5   9,6  67,6   15     N
 10  6   7,4  67,6   20    NE
 10  7   7,2  53,1   26     E
 10  8   7,2  49,9   28    NE
 10  9   5,6  59,5   25     N
 10 10   8,5  72,4   26     N
 10 11   9,3  75,6   16   NNW
 10 12   8,2  78,9   24     N
------------------------------
         8,0  90,1  ene   NNE