Resums Climàtics NOAA

Selecciona un any o mes per veure el resum
2018: Gen Feb Mar abr Mai Jun jul Ago Set Oct Nov Des
2017: Gen Feb Mar abr Mai Jun jul Ago Set Oct Nov Des
2016: Gen Feb Mar abr Mai Jun jul Ago Set Oct Nov Des
2015: Gen Feb Mar abr Mai Jun jul Ago Set Oct Nov Des
2014: Gen Feb Mar abr Mai Jun jul Ago Set Oct Nov Des
2013: Gen Feb Mar abr Mai Jun jul Ago Set Oct Nov Des
2012: Gen Feb Mar abr Mai Jun jul Ago Set Oct Nov Des
2011: Gen Feb Mar abr Mai Jun jul Ago Set Oct Nov Des
2010: Gen Feb Mar abr Mai Jun jul Ago Set Oct Nov Des
2009: Gen Feb Mar abr Mai Jun jul Ago Set Oct Nov Des
2008: Gen Feb Mar abr Mai Jun jul Ago Set Oct Nov Des

Resum 2010 Gener
                   Monthly Climatological Summary for ene 2010

Name: MeteoTortosa   City: Tortosa   State: Baix Ebre
Elevation: 12 m  Lat: N 40° 49' 48"   Lon: E 000° 31' 12"

                  Temperature (°C), Rain (mm), Wind Speed (km/h)

                                      Heat  Cool        Avg
    Mean                              Deg   Deg         Wind                 Dom
Day Temp  High   Time   Low    Time   Days  Days  Rain  Speed High   Time    Dir
----------------------------------------------------------------------------------
 1  13,0  15,3   13:31  10,9   03:18   5,3   0,0   0,0  22,6  82,1   10:04     N
 2  10,8  14,1   14:15   4,8   23:54   7,5   0,0   0,0   4,8  30,6   10:19     N
 3   8,2  14,1   12:54   2,7   07:07  10,1   0,0   0,0   1,1   9,7   22:46     N
 4   9,5  11,3   11:40   7,4   05:13   8,8   0,0  11,4   1,3  20,9   00:39     N
 5  10,9  12,9   12:11   8,9   23:49   7,4   0,0   0,5   9,9  40,2   23:55     N
 6   8,6  11,0   14:29   5,8   22:51   9,7   0,0   0,0  10,7  45,1   04:05     N
 7   4,5   6,7   01:13   2,2   22:52  13,8   0,0  45,8  12,7  46,7   22:17     N
 8   3,3   4,8   16:25   1,7   05:20  15,0   0,0   2,0  26,4  70,8   07:59     N
 9   3,9   5,5   14:33   2,3   03:31  14,4   0,0   0,0  24,3  64,4   01:03     N
10   5,4   8,6   12:06   3,2   22:59  12,9   0,0   0,0  12,1  62,8   00:59     N
11   4,8   9,4   14:57   1,2   23:57  13,5   0,0   0,0   5,6  33,8   15:15     N
12   4,6  12,9   23:19   0,1   04:49  13,7   0,0   5,6   4,1  64,4   23:42     N
13  12,3  16,8   14:13   8,4   23:33   6,0   0,0   2,8  11,1  69,2   05:36     N
14  11,1  15,1   11:16   7,9   08:27   7,2   0,0   4,5  18,4  90,1   17:28     N
15  11,5  16,0   15:18   4,7   23:37   6,8   0,0   0,0  16,0  74,0   00:03     N
16   9,0  14,5   15:15   4,3   00:21   9,3   0,0   0,0   2,4  17,7   05:03     N
17  11,8  14,5   14:42   9,9   00:00   6,5   0,0   0,0   1,5  16,1   02:09     N
18  11,9  12,7   16:49  10,9   05:17   6,4   0,0   1,3   1,7  17,7   13:47     N
19  11,6  12,8   14:55  10,6   06:50   6,7   0,0   0,0   1,5  16,1   12:28     N
20   0,3  13,3   23:14   0,0   00:30  18,0   0,0   0,0  14,6  30,6   23:37     N
21   6,6   7,1   23:40   0,0   00:00  11,7   0,0   0,0   7,8   4,8   23:42     N
22   9,2  16,4   14:08   3,7   07:16   9,1   0,0   0,0   1,7  17,7   14:06     N
23   9,6  12,4   13:41   5,2   02:33   8,7   0,0   0,0   2,1  19,3   13:49     N
24  10,7  13,2   14:52   7,5   07:52   7,6   0,0   0,0   8,6  37,0   12:47     N
25   8,4  11,2   00:00   6,3   23:06   9,9   0,0   2,8  14,9  43,5   09:23     N
26   7,5  10,0   15:57   5,5   07:10  10,8   0,0   0,0  19,7  56,3   22:16     N
27   6,5   8,7   15:18   4,7   06:21  11,8   0,0   0,0  17,1  46,7   01:26     N
28   8,4  11,7   14:35   5,0   04:55   9,9   0,0   0,0  20,5  61,2   18:21     N
29  12,8  15,1   14:11  10,7   00:14   5,5   0,0   0,0  21,2  66,0   21:27     N
30  12,4  15,2   16:31  10,9   06:56   5,9   0,0   0,0  19,2  88,5   02:38     N
31  10,6  12,4   11:11   7,3   23:09   7,7   0,0   2,5  12,5  37,0   04:28     N
----------------------------------------------------------------------------------
     8,7  16,8    13     0,0    20   297,6   0,0  79,2  11,2  90,1    14       N

Max >=  25,0:  0
Max <=   5,0:  1
Min <=   5,0: 15
Min <=   0,0:  2
Max Rain: 45,8 on day 7
Days of Rain: 10 (> 0,2 mm)  8 (> 2,0 mm)  2 (> 10,0 mm)
Heat Base: 18,3  Cool Base: 18,3  Method: Integration