Resums Climàtics NOAA

Selecciona un any o mes per veure el resum
2018: Gen Feb Mar abr Mai Jun jul Ago Set Oct Nov Des
2017: Gen Feb Mar abr Mai Jun jul Ago Set Oct Nov Des
2016: Gen Feb Mar abr Mai Jun jul Ago Set Oct Nov Des
2015: Gen Feb Mar abr Mai Jun jul Ago Set Oct Nov Des
2014: Gen Feb Mar abr Mai Jun jul Ago Set Oct Nov Des
2013: Gen Feb Mar abr Mai Jun jul Ago Set Oct Nov Des
2012: Gen Feb Mar abr Mai Jun jul Ago Set Oct Nov Des
2011: Gen Feb Mar abr Mai Jun jul Ago Set Oct Nov Des
2010: Gen Feb Mar abr Mai Jun jul Ago Set Oct Nov Des
2009: Gen Feb Mar abr Mai Jun jul Ago Set Oct Nov Des
2008: Gen Feb Mar abr Mai Jun jul Ago Set Oct Nov Des

Resum 2010 Febrer
                   Monthly Climatological Summary for feb 2010

Name: MeteoTortosa   City: Tortosa   State: Baix Ebre
Elevation: 12 m  Lat: N 40° 49' 48"   Lon: E 000° 31' 12"

                  Temperature (°C), Rain (mm), Wind Speed (km/h)

                                      Heat  Cool        Avg
    Mean                              Deg   Deg         Wind                 Dom
Day Temp  High   Time   Low    Time   Days  Days  Rain  Speed High   Time    Dir
----------------------------------------------------------------------------------
 1   9,3  12,1   14:28   6,8   07:48   9,0   0,0   0,0  16,3  49,9   11:44     N
 2   6,5  12,2   14:09   1,4   07:29  11,8   0,0   0,0   3,0  20,9   00:40   NNE
 3   7,1  13,5   13:21   1,7   05:30  11,2   0,0   0,0   4,2  22,5   13:50   NNE
 4   7,8  10,3   16:14   4,6   01:26  10,5   0,0   8,7   0,6   6,4   03:14   NNW
 5  13,6  17,6   15:44   6,5   01:45   4,7   0,0   0,2   7,7  43,5   11:12     N
 6  15,5  17,9   11:42  12,9   00:49   2,8   0,0   0,0  14,7  56,3   15:50     N
 7  12,9  15,3   14:07   9,5   23:58   5,4   0,0   0,0  10,6  48,3   01:14     N
 8   9,3  11,6   12:09   6,9   04:38   9,0   0,0   3,6   2,8  30,6   22:27     N
 9  10,0  12,3   14:38   7,4   23:26   8,3   0,0   0,2  21,3  82,1   22:27     N
10   8,6  11,9   14:24   5,4   23:58   9,7   0,0   0,0  22,3  74,0   01:12   NNW
11   5,0   7,1   14:21   3,3   23:44  13,3   0,0   0,0  22,1  72,4   11:38   NNW
12   5,1   8,7   14:01   2,2   04:21  13,2   0,0   0,0  18,5  61,2   05:54   NNW
13   4,8   7,7   13:15   2,9   05:13  13,5   0,0   0,0  14,6  40,2   22:23     N
14   5,4   8,1   11:50   3,3   00:16  12,9   0,0   0,0  13,5  43,5   01:09     N
15   4,5   7,1   14:29   2,3   02:09  13,8   0,0   0,3   7,1  27,4   19:35     N
16   7,1   9,5   16:19   4,3   01:43  11,2   0,0   1,0   4,1  22,5   03:48     N
17  10,7  15,8   15:32   7,3   03:35   7,6   0,0   0,0   1,8  19,3   23:41   NNE
18  11,5  17,0   12:33   6,3   06:34   6,8   0,0  11,7   6,2  27,4   09:49    NE
19  11,4  13,6   13:41   9,3   00:18   6,9   0,0   1,3  18,0  57,9   13:11   NNW
20  10,4  14,6   16:22   4,3   23:45   7,9   0,0   0,0  11,4  69,2   01:52    NW
21   7,6  12,8   16:00   3,0   04:40  10,7   0,0   0,0   3,1  25,7   14:31   ESE
22  10,1  17,6   15:24   4,6   05:34   8,2   0,0   0,0   3,0  29,0   13:57     E
23  12,4  20,1   13:27   6,2   05:30   5,9   0,0   0,0   2,4  17,7   13:29    NE
24  14,3  20,5   16:41   8,8   04:02   4,0   0,0   0,0   5,7  48,3   10:25     N
25  11,9  19,7   14:41   6,3   07:04   6,4   0,0   0,0   2,4  22,5   16:39   ESE
26  14,2  19,0   15:14   8,2   23:56   4,1   0,0   0,0   6,7  51,5   15:43   NNW
27  10,9  13,9   14:37   7,3   05:14   7,4   0,0   2,5   2,7  24,1   15:55    SE
28  13,9  17,8   15:09   6,4   23:49   4,4   0,0   0,3   5,1  33,8   06:44   NNW
----------------------------------------------------------------------------------
     9,7  20,5    24     1,4     2   240,6   0,0  29,8   9,0  82,1     9       N

Max >=  25,0:  0
Max <=   5,0:  0
Min <=   5,0: 12
Min <=   0,0:  0
Max Rain: 11,7 on day 18
Days of Rain: 10 (> 0,2 mm)  4 (> 2,0 mm)  1 (> 10,0 mm)
Heat Base: 18,3  Cool Base: 18,3  Method: Integration