Resums Climàtics NOAA

Selecciona un any o mes per veure el resum
2018: Gen Feb Mar abr Mai Jun jul Ago Set Oct Nov Des
2017: Gen Feb Mar abr Mai Jun jul Ago Set Oct Nov Des
2016: Gen Feb Mar abr Mai Jun jul Ago Set Oct Nov Des
2015: Gen Feb Mar abr Mai Jun jul Ago Set Oct Nov Des
2014: Gen Feb Mar abr Mai Jun jul Ago Set Oct Nov Des
2013: Gen Feb Mar abr Mai Jun jul Ago Set Oct Nov Des
2012: Gen Feb Mar abr Mai Jun jul Ago Set Oct Nov Des
2011: Gen Feb Mar abr Mai Jun jul Ago Set Oct Nov Des
2010: Gen Feb Mar abr Mai Jun jul Ago Set Oct Nov Des
2009: Gen Feb Mar abr Mai Jun jul Ago Set Oct Nov Des
2008: Gen Feb Mar abr Mai Jun jul Ago Set Oct Nov Des

Resum 2010 Març
                   Monthly Climatological Summary for mar 2010

Name: MeteoTortosa   City: Tortosa   State: Baix Ebre
Elevation: 12 m  Lat: N 40° 49' 48"   Lon: E 000° 31' 12"

                  Temperature (°C), Rain (mm), Wind Speed (km/h)

                                      Heat  Cool        Avg
    Mean                              Deg   Deg         Wind                 Dom
Day Temp  High   Time   Low    Time   Days  Days  Rain  Speed High   Time    Dir
----------------------------------------------------------------------------------
 1  12,1  19,3   16:47   5,6   01:55   6,2   0,0   0,0   4,5  41,8   11:43    NW
 2  11,8  16,1   12:22   7,4   07:33   6,5   0,0   2,0   5,2  24,1   16:52     E
 3  10,1  11,1   09:12   8,9   23:38   8,2   0,0   3,0   4,8  24,1   15:52     N
 4  13,8  18,2   14:56   8,4   03:10   4,5   0,0   0,0  10,6  54,7   16:19   NNW
 5  12,1  14,3   12:49   9,9   23:37   6,2   0,0   0,0   9,3  37,0   01:27   NNW
 6   9,8  12,4   13:17   5,2   23:52   8,5   0,0   0,0   3,6  24,1   09:28   ESE
 7   7,1  10,7   11:16   4,7   04:22  11,2   0,0   8,4   2,4  22,5   23:06   NNE
 8   5,8   7,9   15:19   4,1   04:05  12,5   0,0   0,8  20,0  56,3   17:29     N
 9   7,4  11,8   15:11   4,7   23:55  10,9   0,0   0,0  21,8  56,3   06:12   NNW
10   5,7   8,7   13:11   3,2   06:30  12,6   0,0   0,0  17,2  62,8   03:54   NNW
11   7,0   9,9   15:25   4,3   05:42  11,3   0,0   0,0  11,6  40,2   08:02    NW
12   7,6  11,0   15:04   3,1   03:08  10,7   0,0   0,0  10,0  32,2   13:56   NNW
13   9,7  14,8   15:51   6,0   04:50   8,6   0,0   0,0  11,0  35,4   01:31     N
14  11,3  16,4   15:26   7,2   06:28   7,0   0,0   0,0  12,6  41,8   21:17     N
15  11,2  16,8   12:43   7,7   23:53   7,1   0,0   0,0  11,7  37,0   04:38   NNE
16  10,1  16,3   13:17   4,4   06:20   8,2   0,0   0,0   2,8  27,4   15:17    SE
17   9,9  15,4   13:20   3,7   06:24   8,4   0,0   0,0   4,7  32,2   14:28    SE
18  10,4  15,4   11:54   4,3   06:12   7,9   0,0   0,0   4,0  27,4   12:01    SE
19  10,6  13,6   11:51   6,5   06:02   7,7   0,0   0,5   2,2  20,9   13:22    SE
20  13,1  17,6   13:41  10,7   06:43   5,2   0,0   0,5   2,1  19,3   13:56    NW
21  14,6  18,9   12:58  12,4   06:23   3,7   0,0   2,3   2,2  20,9   13:07    SE
22  15,0  20,7   14:32  12,7   03:23   3,3   0,0   2,8   2,9  22,5   16:14   SSE
23  13,9  18,5   14:15  10,9   06:59   4,4   0,0   0,0   5,0  25,7   13:16    SE
24  13,3  14,9   14:21  11,9   05:06   5,0   0,0   0,0   5,7  25,7   12:53    SE
25  14,6  17,6   15:53  12,9   06:30   3,7   0,0   0,0   4,4  20,9   16:05    SE
26  14,8  20,3   13:46   9,9   22:44   3,5   0,0   0,0   7,0  43,5   08:23   NNE
27  16,1  21,1   16:42  10,1   00:00   2,2   0,0   0,0   7,8  40,2   11:02    NW
28  14,1  19,6   10:38   9,1   05:22   4,2   0,0   0,0   5,4  33,8   13:59    SE
29  12,8  17,4   13:20   8,8   04:31   5,5   0,0   0,0   2,8  22,5   14:43    SE
30  16,0  20,7   14:43   9,9   01:52   2,3   0,0   0,2  10,0  49,9   10:29    NW
31  14,6  19,2   13:30   9,6   22:10   3,7   0,0   0,0  10,7  43,5   07:29    NW
----------------------------------------------------------------------------------
    11,5  21,1    27     3,1    12   210,9   0,0  20,5   7,6  62,8    10       N

Max >=  25,0:  0
Max <=   5,0:  0
Min <=   5,0:  9
Min <=   0,0:  0
Max Rain: 8,4 on day 7
Days of Rain: 9 (> 0,2 mm)  5 (> 2,0 mm)  0 (> 10,0 mm)
Heat Base: 18,3  Cool Base: 18,3  Method: Integration