Resums Climàtics NOAA

Selecciona un any o mes per veure el resum
2018: Gen Feb Mar abr Mai Jun jul Ago Set Oct Nov Des
2017: Gen Feb Mar abr Mai Jun jul Ago Set Oct Nov Des
2016: Gen Feb Mar abr Mai Jun jul Ago Set Oct Nov Des
2015: Gen Feb Mar abr Mai Jun jul Ago Set Oct Nov Des
2014: Gen Feb Mar abr Mai Jun jul Ago Set Oct Nov Des
2013: Gen Feb Mar abr Mai Jun jul Ago Set Oct Nov Des
2012: Gen Feb Mar abr Mai Jun jul Ago Set Oct Nov Des
2011: Gen Feb Mar abr Mai Jun jul Ago Set Oct Nov Des
2010: Gen Feb Mar abr Mai Jun jul Ago Set Oct Nov Des
2009: Gen Feb Mar abr Mai Jun jul Ago Set Oct Nov Des
2008: Gen Feb Mar abr Mai Jun jul Ago Set Oct Nov Des

Resum 2010 abril
                   Monthly Climatological Summary for abr 2010

Name: MeteoTortosa   City: Tortosa   State: Baix Ebre
Elevation: 12 m  Lat: N 40° 49' 48"   Lon: E 000° 31' 12"

                  Temperature (°C), Rain (mm), Wind Speed (km/h)

                                      Heat  Cool        Avg
    Mean                              Deg   Deg         Wind                 Dom
Day Temp  High   Time   Low    Time   Days  Days  Rain  Speed High   Time    Dir
----------------------------------------------------------------------------------
 1  13,8  17,9   15:30   9,5   23:57   4,5   0,0   0,0  11,9  53,1   01:54    NW
 2  12,7  19,7   12:47   6,4   05:25   5,6   0,0   0,0   3,4  29,0   14:08    SE
 3  13,7  19,2   13:28   8,1   04:46   4,6   0,0   0,0   5,9  40,2   22:27    NE
 4  14,9  18,8   15:31  12,0   01:59   3,4   0,0   0,3  16,6  56,3   07:51   NNW
 5  13,3  16,9   10:27   7,6   06:03   5,0   0,0   0,0   6,8  30,6   13:14   ENE
 6  13,9  17,4   11:45  11,2   04:21   4,4   0,0   0,0   5,0  32,2   15:33    SE
 7  13,3  14,7   21:14  11,7   01:53   5,0   0,0   0,0   9,9  48,3   23:15     N
 8  15,0  20,4   15:52  10,1   23:57   3,3   0,0   0,0  12,2  48,3   02:52   NNW
 9  14,5  21,2   14:06   7,9   02:20   3,8   0,0   0,0   7,3  32,2   07:51   NNE
10  15,2  21,9   13:12   7,7   05:57   3,1   0,0   0,0   3,9  24,1   12:55    SE
11  16,8  24,7   14:31   7,7   04:17   1,5   0,0   0,0   5,7  30,6   14:58    SE
12  12,1  14,0   00:00  10,0   23:42   6,2   0,0  11,7   3,2  25,7   16:46   NNE
13  11,4  13,1   15:10   9,8   04:59   6,9   0,0   2,3   2,3  11,3   04:30    NE
14  11,6  13,8   17:18  10,2   06:24   6,7   0,0   1,5   1,7  11,3   07:22     N
15  12,9  17,2   11:50   8,7   05:15   5,4   0,0   0,2   3,9  27,4   15:29    SE
16  12,9  15,9   10:56  10,3   23:54   5,4   0,0   4,1   2,3  22,5   13:42   ESE
17  11,8  14,4   11:18  10,3   00:00   6,5   0,0   3,6   1,6  16,1   11:29    SE
18  13,2  15,7   14:20  10,3   03:06   5,1   0,0   0,0   3,7  27,4   11:53   ESE
19  16,2  22,0   16:29   9,9   05:23   2,1   0,0   0,0   2,6  24,1   13:18   SSE
20  17,6  23,8   10:35  10,2   05:16   0,7   0,0   0,0   4,4  24,1   15:30    SE
21  17,6  21,9   13:50  13,6   01:32   0,7   0,0   0,0   5,8  32,2   13:24    SE
22  16,3  19,2   14:40  14,3   03:22   2,0   0,0   0,0   2,7  19,3   00:16   SSE
23  16,4  20,1   11:27  13,8   05:04   1,9   0,0   2,0   3,0  22,5   14:22     E
24  17,4  24,2   12:33  11,1   05:40   0,9   0,0   0,0   5,5  29,0   13:28   ESE
25  18,3  24,0   13:35  13,6   02:20   0,0   0,0   0,0   4,8  27,4   14:37    SE
26  20,7  28,0   14:08  14,1   05:34   0,0   2,4   0,0   3,9  25,7   14:12   SSE
27  18,6  24,6   10:53  13,7   05:10   0,0   0,3   0,0   4,4  35,4   12:19    SE
28  18,5  23,9   13:55  12,3   04:44   0,0   0,2   0,0   7,1  33,8   13:44    SE
29  19,1  24,3   12:52  15,5   06:23   0,0   0,8   0,0   9,2  38,6   13:59    SE
30  17,9  20,7   10:52  14,7   05:38   0,4   0,0   0,0   4,6  27,4   12:45    SE
----------------------------------------------------------------------------------
    15,3  28,0    26     6,4     2    95,1   3,7  25,7   5,5  56,3     4       E

Max >=  25,0:  1
Max <=   5,0:  0
Min <=   5,0:  0
Min <=   0,0:  0
Max Rain: 11,7 on day 12
Days of Rain: 8 (> 0,2 mm)  5 (> 2,0 mm)  1 (> 10,0 mm)
Heat Base: 18,3  Cool Base: 18,3  Method: Integration