Resums Climàtics NOAA

Selecciona un any o mes per veure el resum
2018: Gen Feb Mar abr Mai Jun jul Ago Set Oct Nov Des
2017: Gen Feb Mar abr Mai Jun jul Ago Set Oct Nov Des
2016: Gen Feb Mar abr Mai Jun jul Ago Set Oct Nov Des
2015: Gen Feb Mar abr Mai Jun jul Ago Set Oct Nov Des
2014: Gen Feb Mar abr Mai Jun jul Ago Set Oct Nov Des
2013: Gen Feb Mar abr Mai Jun jul Ago Set Oct Nov Des
2012: Gen Feb Mar abr Mai Jun jul Ago Set Oct Nov Des
2011: Gen Feb Mar abr Mai Jun jul Ago Set Oct Nov Des
2010: Gen Feb Mar abr Mai Jun jul Ago Set Oct Nov Des
2009: Gen Feb Mar abr Mai Jun jul Ago Set Oct Nov Des
2008: Gen Feb Mar abr Mai Jun jul Ago Set Oct Nov Des

Resum 2010 Juny
                   Monthly Climatological Summary for jun 2010

Name: MeteoTortosa   City: Tortosa   State: Baix Ebre
Elevation: 12 m  Lat: N 40° 49' 48"   Lon: E 000° 31' 12"

                  Temperature (°C), Rain (mm), Wind Speed (km/h)

                                      Heat  Cool        Avg
    Mean                              Deg   Deg         Wind                 Dom
Day Temp  High   Time   Low    Time   Days  Days  Rain  Speed High   Time    Dir
----------------------------------------------------------------------------------
 1  26,1  31,2   13:44  20,9   23:18   0,0   7,8   0,0  10,9  40,2   00:09   NNW
 2  23,7  29,9   13:45  18,5   23:43   0,0   5,4   0,0   8,6  45,1   06:01   NNE
 3  22,2  28,2   14:14  16,8   03:01   0,0   3,9   0,0   4,9  25,7   12:48    SE
 4  23,3  27,3   16:36  19,2   01:53   0,0   5,0   0,0   6,6  32,2   12:55    SE
 5  23,4  27,6   14:52  19,9   04:26   0,0   5,1   0,0   8,2  38,6   12:18    SE
 6  21,9  24,2   16:20  19,5   23:46   0,0   3,6   0,8   4,1  22,5   12:08    SE
 7  21,8  25,4   12:12  18,2   03:23   0,0   3,5   0,0   6,4  33,8   12:19    SE
 8  22,1  25,7   12:58  18,9   03:04   0,0   3,8   0,0   5,7  33,8   13:55    SE
 9  21,2  22,9   12:32  18,6   23:56   0,0   2,9  17,2   3,4  29,0   14:43    SE
10  21,7  26,5   15:14  17,8   01:53   0,0   3,4   1,3   3,8  25,7   12:59     E
11  20,7  24,8   16:33  17,3   23:52   0,0   2,4   0,0   5,3  38,6   13:06    NE
12  20,6  25,4   12:04  15,2   04:11   0,0   2,3   0,0   5,3  35,4   12:38    NE
13  22,0  26,4   12:04  16,9   04:40   0,0   3,7   0,0   8,2  30,6   08:24    NE
14  19,6  24,4   10:37  16,3   03:51   0,0   1,3   3,1   4,6  32,2   23:22   NNE
15  19,1  23,6   13:44  13,7   06:34   0,0   0,8   1,7  12,3  43,5   05:09     N
16  19,0  23,5   11:31  16,3   18:17   0,0   0,7   3,8  10,4  33,8   01:13     N
17  20,3  24,6   17:51  16,6   01:06   0,0   2,0   0,0  10,0  41,8   06:50    NW
18  20,8  24,9   11:57  14,7   04:56   0,0   2,5   0,3   3,7  24,1   10:23    SE
19  22,7  27,2   15:58  19,1   04:23   0,0   4,4   0,0  18,7  59,5   19:51   NNW
20  21,0  24,7   15:41  16,8   23:45   0,0   2,7   0,0  22,7  67,6   14:16   NNW
21  20,3  25,6   15:42  15,1   04:21   0,0   2,0   0,0  11,3  48,3   00:08     N
22  20,5  24,9   11:49  14,4   04:33   0,0   2,2   0,0   6,1  30,6   12:37   ESE
23  21,5  25,8   16:02  17,5   03:05   0,0   3,2   0,0   5,5  32,2   14:17    SE
24  22,2  26,6   11:47  17,5   05:15   0,0   3,9   0,0   6,2  32,2   14:03    SE
25  22,4  27,5   12:27  17,3   04:24   0,0   4,1   0,0   5,0  30,6   12:40    SE
26  23,6  29,3   12:08  18,0   05:04   0,0   5,3   0,0   5,2  30,6   12:57    SE
27  24,8  30,6   12:07  18,2   04:27   0,0   6,5   0,0   5,6  32,2   13:45    SE
28  25,8  32,3   15:45  19,3   04:06   0,0   7,5   0,0   4,4  25,7   12:45   ESE
29  26,2  31,9   13:33  19,2   05:05   0,0   7,9   0,0   4,2  27,4   15:20    SE
30  26,8  32,1   15:33  19,6   04:39   0,0   8,5   0,0   5,0  32,2   13:42   SSE
----------------------------------------------------------------------------------
    22,2  32,3    28    13,7    15     0,0 118,3  28,2   7,4  67,6    20      NE

Max >=  25,0: 20
Max <=   5,0:  0
Min <=   5,0:  0
Min <=   0,0:  0
Max Rain: 17,2 on day 9
Days of Rain: 7 (> 0,2 mm)  3 (> 2,0 mm)  1 (> 10,0 mm)
Heat Base: 18,3  Cool Base: 18,3  Method: Integration