Resums Climàtics NOAA

Selecciona un any o mes per veure el resum
2018: Gen Feb Mar abr Mai Jun jul Ago Set Oct Nov Des
2017: Gen Feb Mar abr Mai Jun jul Ago Set Oct Nov Des
2016: Gen Feb Mar abr Mai Jun jul Ago Set Oct Nov Des
2015: Gen Feb Mar abr Mai Jun jul Ago Set Oct Nov Des
2014: Gen Feb Mar abr Mai Jun jul Ago Set Oct Nov Des
2013: Gen Feb Mar abr Mai Jun jul Ago Set Oct Nov Des
2012: Gen Feb Mar abr Mai Jun jul Ago Set Oct Nov Des
2011: Gen Feb Mar abr Mai Jun jul Ago Set Oct Nov Des
2010: Gen Feb Mar abr Mai Jun jul Ago Set Oct Nov Des
2009: Gen Feb Mar abr Mai Jun jul Ago Set Oct Nov Des
2008: Gen Feb Mar abr Mai Jun jul Ago Set Oct Nov Des

Resum 2010 juliol
                   Monthly Climatological Summary for jul 2010

Name: MeteoTortosa   City: Tortosa   State: Baix Ebre
Elevation: 12 m  Lat: N 40° 49' 48"   Lon: E 000° 31' 12"

                  Temperature (°C), Rain (mm), Wind Speed (km/h)

                                      Heat  Cool        Avg
    Mean                              Deg   Deg         Wind                 Dom
Day Temp  High   Time   Low    Time   Days  Days  Rain  Speed High   Time    Dir
----------------------------------------------------------------------------------
 1  26,1  31,9   16:30  19,9   05:11   0,0   7,8   0,0   5,8  29,0   14:43    SE
 2  25,8  30,1   12:08  20,9   05:06   0,0   7,5   0,0   6,1  32,2   13:19    SE
 3  26,0  31,6   12:17  21,8   04:57   0,0   7,7   0,0   4,6  25,7   12:32    SE
 4  27,1  31,4   11:02  22,5   05:05   0,0   8,8   0,0   5,0  30,6   13:12    SE
 5  27,9  34,6   13:24  21,7   03:22   0,0   9,6   0,0   6,1  32,2   11:40    NE
 6  27,3  32,1   14:34  22,7   03:04   0,0   9,0   0,0   7,4  29,0   05:17   ENE
 7  26,6  31,3   16:19  20,8   04:45   0,0   8,3   0,0   5,6  32,2   14:43   ESE
 8  26,8  31,4   14:33  22,2   04:38   0,0   8,5   0,0   7,5  33,8   13:25    SE
 9  27,3  31,5   15:05  23,7   05:00   0,0   9,0   0,0   7,8  40,2   13:30    SE
10  26,7  30,8   14:01  24,1   05:20   0,0   8,4   0,0   5,2  29,0   14:52    SE
11  26,9  31,9   12:17  22,1   04:59   0,0   8,6   0,0   5,9  30,6   13:44    SE
12  27,5  32,3   13:18  21,3   05:06   0,0   9,2   0,0   7,5  33,8   11:19    SE
13  26,8  30,8   14:37  23,1   04:27   0,0   8,5   0,0   5,6  32,2   12:45    SE
14  27,0  30,4   13:33  23,1   02:52   0,0   8,7   0,0   5,1  25,7   12:17    SE
15  26,5  30,0   10:18  24,3   03:04   0,0   8,2   0,0   8,3  35,4   07:46     E
16  26,9  31,1   13:45  23,6   03:15   0,0   8,6   0,0   6,0  30,6   12:10    SE
17  27,4  30,9   11:46  24,4   03:18   0,0   9,1   0,0   8,1  30,6   14:08   ENE
18  26,8  29,7   15:38  23,4   05:40   0,0   8,5   0,0   7,6  33,8   14:09     E
19  27,0  31,3   12:52  23,1   05:19   0,0   8,7   0,0   5,8  35,4   16:11    SE
20  26,6  30,0   13:31  23,8   04:39   0,0   8,3   5,6   6,1  33,8   14:08    SE
21  26,5  30,1   13:01  22,1   05:11   0,0   8,2   0,0   5,9  35,4   16:20    SE
22  25,5  28,2   11:41  23,5   23:58   0,0   7,2   5,8   4,7  27,4   13:18     N
23  25,8  31,4   15:05  21,8   01:46   0,0   7,5   0,8  10,5  38,6   22:59     N
24  25,5  29,7   11:54  20,8   05:12   0,0   7,2   0,0  12,6  41,8   00:37   NNE
25  27,2  32,6   15:30  22,1   05:13   0,0   8,9   0,0  16,6  49,9   01:39   NNW
26  26,4  31,9   13:43  22,0   04:58   0,0   8,1   0,0  12,3  53,1   00:54     N
27  26,3  30,2   15:00  22,2   01:22   0,0   8,0   0,0   5,4  27,4   14:29    SE
28  26,7  31,6   16:23  20,6   04:46   0,0   8,4   0,0   5,7  30,6   11:56    SE
29  27,1  31,3   10:29  21,8   04:42   0,0   8,8   0,0   6,4  41,8   21:36     E
30  26,1  30,1   11:51  22,8   05:25   0,0   7,8   0,0  10,6  38,6   02:49    NE
31  26,8  31,1   14:13  22,9   03:41   0,0   8,5   0,0   5,7  30,6   13:49   SSE
----------------------------------------------------------------------------------
    26,7  34,6     5    19,9     1     0,0 259,6  12,2   7,2  53,1    26       E

Max >=  25,0: 31
Max <=   5,0:  0
Min <=   5,0:  0
Min <=   0,0:  0
Max Rain: 5,8 on day 22
Days of Rain: 3 (> 0,2 mm)  2 (> 2,0 mm)  0 (> 10,0 mm)
Heat Base: 18,3  Cool Base: 18,3  Method: Integration