Resums Climàtics NOAA

Selecciona un any o mes per veure el resum
2018: Gen Feb Mar abr Mai Jun jul Ago Set Oct Nov Des
2017: Gen Feb Mar abr Mai Jun jul Ago Set Oct Nov Des
2016: Gen Feb Mar abr Mai Jun jul Ago Set Oct Nov Des
2015: Gen Feb Mar abr Mai Jun jul Ago Set Oct Nov Des
2014: Gen Feb Mar abr Mai Jun jul Ago Set Oct Nov Des
2013: Gen Feb Mar abr Mai Jun jul Ago Set Oct Nov Des
2012: Gen Feb Mar abr Mai Jun jul Ago Set Oct Nov Des
2011: Gen Feb Mar abr Mai Jun jul Ago Set Oct Nov Des
2010: Gen Feb Mar abr Mai Jun jul Ago Set Oct Nov Des
2009: Gen Feb Mar abr Mai Jun jul Ago Set Oct Nov Des
2008: Gen Feb Mar abr Mai Jun jul Ago Set Oct Nov Des

Resum 2010 Agost
                   Monthly Climatological Summary for ago 2010

Name: MeteoTortosa   City: Tortosa   State: Baix Ebre
Elevation: 12 m  Lat: N 40° 49' 48"   Lon: E 000° 31' 12"

                  Temperature (°C), Rain (mm), Wind Speed (km/h)

                                      Heat  Cool        Avg
    Mean                              Deg   Deg         Wind                 Dom
Day Temp  High   Time   Low    Time   Days  Days  Rain  Speed High   Time    Dir
----------------------------------------------------------------------------------
 1  26,3  29,6   14:38  23,6   05:12   0,0   8,0   0,0   7,8  38,6   14:00    SE
 2  26,0  30,1   12:56  23,6   05:26   0,0   7,7   0,2   5,7  29,0   11:14    SE
 3  26,0  31,2   14:31  22,6   05:34   0,0   7,7   0,0  12,3  43,5   05:05     N
 4  26,2  31,3   13:45  21,7   05:13   0,0   7,9   0,0  11,1  40,2   03:56     N
 5  27,1  31,5   15:01  23,3   05:40   0,0   8,8   0,0  15,4  48,3   10:34   NNW
 6  24,3  28,3   14:20  20,1   05:31   0,0   6,0   0,0  10,9  35,4   06:34    NE
 7  25,6  30,3   14:10  19,4   05:33   0,0   7,3   0,0   5,2  35,4   13:56    SE
 8  25,4  29,6   12:41  20,6   05:31   0,0   7,1   1,1   4,1  32,2   13:54    SE
 9  26,9  32,7   13:53  22,9   07:34   0,0   8,6   4,3   4,3  30,6   14:11    SE
10  26,3  31,0   17:02  23,1   04:50   0,0   8,0   0,7   2,9  25,7   15:24    SE
11  26,7  31,7   11:43  22,4   04:55   0,0   8,4   0,0   3,9  27,4   14:36    SE
12  25,9  30,3   10:45  22,2   23:48   0,0   7,6   0,0   4,8  37,0   22:44   ESE
13  21,0  24,2   11:38  18,0   14:32   0,0   2,7  10,2   9,7  43,5   02:29     N
14  22,6  27,1   13:35  18,8   05:18   0,0   4,3   0,0  10,8  40,2   06:55     N
15  23,2  28,1   12:53  20,4   05:47   0,0   4,9   0,0  10,0  35,4   06:21   NNE
16  23,5  27,1   11:46  20,7   06:18   0,0   5,2   0,0  10,3  30,6   05:49    NE
17  24,7  29,3   15:49  19,9   05:27   0,0   6,4   0,0   4,5  30,6   13:17    SE
18  25,4  29,9   15:08  20,7   05:18   0,0   7,1   0,0   5,7  29,0   14:20    SE
19  22,4  26,1   15:28  18,8   23:38   0,0   4,1  19,1   2,4  32,2   11:39   ESE
20  24,1  29,8   12:08  18,2   05:22   0,0   5,8   0,0   4,5  27,4   14:12   ESE
21  26,9  33,3   12:20  20,9   04:54   0,0   8,6   0,2   3,6  29,0   14:28    SE
22  26,3  31,5   12:22  20,1   05:34   0,0   8,0   0,0   5,7  33,8   13:29    SE
23  26,5  31,7   15:07  21,9   05:26   0,0   8,2   0,0   3,6  25,7   13:13   SSE
24  26,3  32,6   10:32  21,2   05:33   0,0   8,0   0,0   4,3  32,2   13:08    SE
25  26,6  31,9   12:13  21,6   05:49   0,0   8,3   0,0   4,6  32,2   14:11    SE
26  27,0  31,2   12:40  22,7   05:16   0,0   8,7   0,0   5,7  32,2   14:28    SE
27  30,4  39,4   15:45  22,4   05:19   0,0  12,1   0,0   8,0  38,6   08:56     N
28  27,2  32,6   13:15  23,0   23:11   0,0   8,9   0,0  13,4  49,9   06:51     N
29  24,7  28,6   13:25  21,3   05:50   0,0   6,4   0,0   9,8  38,6   04:18   NNE
30  24,5  30,8   14:40  20,4   23:45   0,0   6,2   0,0  11,7  49,9   04:16     N
31  23,0  27,1   12:40  18,2   03:53   0,0   4,7   0,3   6,3  30,6   12:50   ESE
----------------------------------------------------------------------------------
    25,5  39,4    27    18,0    13     0,0 221,7  36,1   7,2  49,9    28      NE

Max >=  25,0: 30
Max <=   5,0:  0
Min <=   5,0:  0
Min <=   0,0:  0
Max Rain: 19,1 on day 19
Days of Rain: 8 (> 0,2 mm)  3 (> 2,0 mm)  2 (> 10,0 mm)
Heat Base: 18,3  Cool Base: 18,3  Method: Integration