Resums Climàtics NOAA

Selecciona un any o mes per veure el resum
2018: Gen Feb Mar abr Mai Jun jul Ago Set Oct Nov Des
2017: Gen Feb Mar abr Mai Jun jul Ago Set Oct Nov Des
2016: Gen Feb Mar abr Mai Jun jul Ago Set Oct Nov Des
2015: Gen Feb Mar abr Mai Jun jul Ago Set Oct Nov Des
2014: Gen Feb Mar abr Mai Jun jul Ago Set Oct Nov Des
2013: Gen Feb Mar abr Mai Jun jul Ago Set Oct Nov Des
2012: Gen Feb Mar abr Mai Jun jul Ago Set Oct Nov Des
2011: Gen Feb Mar abr Mai Jun jul Ago Set Oct Nov Des
2010: Gen Feb Mar abr Mai Jun jul Ago Set Oct Nov Des
2009: Gen Feb Mar abr Mai Jun jul Ago Set Oct Nov Des
2008: Gen Feb Mar abr Mai Jun jul Ago Set Oct Nov Des

Resum 2010 Setembre
                   Monthly Climatological Summary for sep 2010

Name: MeteoTortosa   City: Tortosa   State: Baix Ebre
Elevation: 12 m  Lat: N 40° 49' 48"   Lon: E 000° 31' 12"

                  Temperature (°C), Rain (mm), Wind Speed (km/h)

                                      Heat  Cool        Avg
    Mean                              Deg   Deg         Wind                 Dom
Day Temp  High   Time   Low    Time   Days  Days  Rain  Speed High   Time    Dir
----------------------------------------------------------------------------------
 1  24,6  27,1   10:35  23,2   21:58   0,0   6,3   0,0   5,4  29,0   15:17   SSE
 2  22,7  25,7   16:25  19,9   10:25   0,0   4,4   4,0   2,3  17,7   09:44     E
 3  24,2  29,3   12:50  19,0   05:18   0,0   5,9   0,0   4,0  25,7   13:49    SE
 4  24,9  30,8   13:11  18,9   06:06   0,0   6,6   0,0   3,1  29,0   11:49   SSE
 5  25,0  29,8   13:42  19,8   05:19   0,0   6,7   0,0   4,2  27,4   14:36    SE
 6  25,2  30,1   14:02  21,7   02:48   0,0   6,9   0,0   5,1  27,4   12:56    SE
 7  24,7  30,1   12:16  21,0   05:46   0,0   6,4  16,5   3,7  32,2   21:13     N
 8  23,2  28,6   15:21  18,3   23:52   0,0   4,9   0,0   9,4  38,6   12:00    NW
 9  23,5  28,3   16:00  17,3   01:56   0,0   5,2   0,0  12,4  45,1   12:11   NNW
10  23,1  28,4   12:41  18,8   23:55   0,0   4,8   0,0   6,0  33,8   07:49   NNE
11  21,8  27,3   12:23  15,2   05:48   0,0   3,5   0,0   0,4  14,5   18:49    SE
12  23,3  28,8   12:38  17,3   05:38   0,0   5,0   0,0   1,5  24,1   09:41     N
13  24,2  29,1   12:13  19,2   23:52   0,0   5,9   0,0   3,4  27,4   03:51   NNE
14  23,8  29,5   12:34  19,3   00:00   0,0   5,5   0,0   4,6  29,0   05:01   NNE
15  23,3  29,9   15:15  17,1   06:14   0,0   5,0   0,0   0,4   9,7   07:11   ENE
16  23,4  28,2   14:00  19,7   05:58   0,0   5,1   0,0   0,5   8,0   19:25   SSW
17  21,3  25,2   12:20  17,7   23:29   0,0   3,0  38,4   4,8  35,4   15:51   NNE
18  20,6  25,0   15:26  17,9   00:00   0,0   2,3   0,2   8,2  33,8   05:32     N
19  21,5  26,3   13:05  18,2   00:03   0,0   3,2   0,0   7,2  29,0   04:39   NNE
20  20,8  25,3   11:49  17,3   05:33   0,0   2,5  17,1   3,5  25,7   11:24    SE
21  22,2  28,1   12:50  18,4   05:53   0,0   3,9   0,0   3,3  30,6   16:12   ESE
22  22,8  25,8   14:25  20,2   03:02   0,0   4,5   0,0   4,2  25,7   14:11    SE
23  21,7  25,7   13:04  19,3   06:01   0,0   3,4   3,8   2,5  17,7   13:35    SE
24  22,5  27,1   13:40  19,1   01:24   0,0   4,2   0,5  13,0  53,1   10:04   NNW
25  20,1  23,5   14:41  17,3   06:02   0,0   1,8   0,0  18,5  59,5   02:24   NNW
26  18,5  22,4   15:12  15,8   05:33   0,0   0,2   0,0  16,0  45,1   03:29   NNW
27  17,4  22,7   13:54  13,8   06:02   0,9   0,0   0,0   9,9  38,6   02:15   NNE
28  17,3  24,1   14:18  11,1   05:37   1,0   0,0   0,0   4,2  30,6   08:11   NNE
29  18,5  25,1   14:22  11,0   05:58   0,0   0,2   0,0   3,0  20,9   14:58   ESE
30  20,1  25,8   13:52  15,2   05:39   0,0   1,8   0,0   2,5  22,5   14:55   SSE
----------------------------------------------------------------------------------
    22,2  30,8     4    11,0    29     1,9 119,1  80,5   5,6  59,5    25     NNE

Max >=  25,0: 26
Max <=   5,0:  0
Min <=   5,0:  0
Min <=   0,0:  0
Max Rain: 38,4 on day 17
Days of Rain: 7 (> 0,2 mm)  5 (> 2,0 mm)  3 (> 10,0 mm)
Heat Base: 18,3  Cool Base: 18,3  Method: Integration