Resums Climàtics NOAA

Selecciona un any o mes per veure el resum
2018: Gen Feb Mar abr Mai Jun jul Ago Set Oct Nov Des
2017: Gen Feb Mar abr Mai Jun jul Ago Set Oct Nov Des
2016: Gen Feb Mar abr Mai Jun jul Ago Set Oct Nov Des
2015: Gen Feb Mar abr Mai Jun jul Ago Set Oct Nov Des
2014: Gen Feb Mar abr Mai Jun jul Ago Set Oct Nov Des
2013: Gen Feb Mar abr Mai Jun jul Ago Set Oct Nov Des
2012: Gen Feb Mar abr Mai Jun jul Ago Set Oct Nov Des
2011: Gen Feb Mar abr Mai Jun jul Ago Set Oct Nov Des
2010: Gen Feb Mar abr Mai Jun jul Ago Set Oct Nov Des
2009: Gen Feb Mar abr Mai Jun jul Ago Set Oct Nov Des
2008: Gen Feb Mar abr Mai Jun jul Ago Set Oct Nov Des

Resum 2011 Gener
                   Monthly Climatological Summary for ene 2011

Name: MeteoTortosa   City: Tortosa   State: Baix Ebre
Elevation: 12 m  Lat: N 40° 49' 48"   Lon: E 000° 31' 12"

                  Temperature (°C), Rain (mm), Wind Speed (km/h)

                                      Heat  Cool        Avg
    Mean                              Deg   Deg         Wind                 Dom
Day Temp  High   Time   Low    Time   Days  Days  Rain  Speed High   Time    Dir
----------------------------------------------------------------------------------
 1  11,3  15,2   15:23   9,5   01:51   7,0   0,0   0,5   0,9   9,7   09:04     N
 2  12,7  15,5   14:14  10,2   23:39   5,6   0,0   0,3  14,8  45,1   23:39     N
 3   8,5  11,6   13:56   3,8   23:12   9,8   0,0   0,0  13,7  54,7   01:56     N
 4   7,1  13,9   14:59   1,9   08:07  11,2   0,0   0,0   2,6  17,7   09:35     N
 5  10,1  14,3   13:17   6,7   07:02   8,2   0,0   0,0   1,4  11,3   07:57   ESE
 6  10,1  14,9   14:54   7,5   07:14   8,2   0,0   0,0   1,0  14,5   08:54   WNW
 7   9,7  14,7   13:26   6,1   06:54   8,6   0,0   0,2   0,6   9,7   10:15    NE
 8  10,6  19,6   13:13   4,8   06:56   7,7   0,0   0,3   1,5  17,7   14:51    SE
 9  12,1  17,3   11:22   8,0   00:02   6,2   0,0   0,0   8,1  43,5   12:16     N
10  11,5  16,2   12:54   7,4   23:32   6,8   0,0   0,0   3,7  29,0   04:39   NNE
11  13,4  19,6   13:35   6,1   04:22   4,9   0,0   0,0  11,7  66,0   21:53   NNW
12  16,1  20,1   13:51   9,9   23:55   2,2   0,0   0,0  16,6  61,2   00:07     N
13  12,5  19,2   12:05   8,1   06:11   5,8   0,0   0,0   2,2  24,1   11:08    SE
14  11,7  19,6   15:46   6,3   03:48   6,6   0,0   0,0   3,3  24,1   11:34     N
15  10,6  18,1   13:14   5,4   06:39   7,7   0,0   0,0   2,6  24,1   15:07     E
16   8,2  14,2   15:32   5,5   07:23  10,1   0,0   0,0   4,3  17,7   07:10     N
17   8,0  13,9   15:35   4,4   07:01  10,3   0,0   0,0   8,2  24,1   01:23     N
18   7,3  12,2   14:54   4,4   07:37  11,0   0,0   0,0   9,5  29,0   13:40     N
19   9,6  15,0   13:59   6,1   06:12   8,7   0,0   0,0   6,7  24,1   10:50     N
20  11,2  15,3   13:45   7,9   23:52   7,1   0,0   0,0   7,9  38,6   23:23     N
21   6,5  10,0   14:27   4,0   06:41  11,8   0,0   0,0  17,1  51,5   11:45   NNW
22   4,9  10,1   15:27   0,8   21:45  13,4   0,0   0,0   9,4  43,5   03:03     N
23   3,7   8,0   15:09  -1,4   23:50  14,6   0,0   0,0  11,8  37,0   14:55   NNE
24   4,4   9,3   14:09  -2,1   01:17  13,9   0,0   0,0   7,1  27,4   11:18   NNE
25   4,1  10,9   15:11  -2,2   03:14  14,2   0,0   0,0   6,3  40,2   10:26   NNE
26   4,8   8,7   13:22  -0,6   02:04  13,5   0,0   0,0   3,8  25,7   10:14   NNE
27   6,7   8,9   13:52   4,7   00:00  11,6   0,0   8,4   2,3  14,5   21:22    NE
28   7,7   9,5   20:23   5,5   07:14  10,6   0,0  10,1   3,2  25,7   03:04   NNE
29   8,9  13,1   12:58   4,9   23:56   9,4   0,0   0,3   5,9  30,6   13:25     N
30   7,4  12,0   14:52   2,8   04:23  10,9   0,0   0,0   6,3  32,2   12:51     N
31   8,6  11,0   14:58   7,1   03:30   9,7   0,0   0,0  14,3  40,2   19:46     N
----------------------------------------------------------------------------------
     9,0  20,1    12    -2,2    25   287,3   0,0  20,1   6,7  66,0    11       N

Max >=  25,0:  0
Max <=   5,0:  0
Min <=   5,0: 14
Min <=   0,0:  4
Max Rain: 10,1 on day 28
Days of Rain: 7 (> 0,2 mm)  2 (> 2,0 mm)  1 (> 10,0 mm)
Heat Base: 18,3  Cool Base: 18,3  Method: Integration