Resums Climàtics NOAA

Selecciona un any o mes per veure el resum
2018: Gen Feb Mar abr Mai Jun jul Ago Set Oct Nov Des
2017: Gen Feb Mar abr Mai Jun jul Ago Set Oct Nov Des
2016: Gen Feb Mar abr Mai Jun jul Ago Set Oct Nov Des
2015: Gen Feb Mar abr Mai Jun jul Ago Set Oct Nov Des
2014: Gen Feb Mar abr Mai Jun jul Ago Set Oct Nov Des
2013: Gen Feb Mar abr Mai Jun jul Ago Set Oct Nov Des
2012: Gen Feb Mar abr Mai Jun jul Ago Set Oct Nov Des
2011: Gen Feb Mar abr Mai Jun jul Ago Set Oct Nov Des
2010: Gen Feb Mar abr Mai Jun jul Ago Set Oct Nov Des
2009: Gen Feb Mar abr Mai Jun jul Ago Set Oct Nov Des
2008: Gen Feb Mar abr Mai Jun jul Ago Set Oct Nov Des

Resum 2011 Febrer
                   Monthly Climatological Summary for feb 2011

Name: MeteoTortosa   City: Tortosa   State: Baix Ebre
Elevation: 12 m  Lat: N 40° 49' 48"   Lon: E 000° 31' 12"

                  Temperature (°C), Rain (mm), Wind Speed (km/h)

                                      Heat  Cool        Avg
    Mean                              Deg   Deg         Wind                 Dom
Day Temp  High   Time   Low    Time   Days  Days  Rain  Speed High   Time    Dir
----------------------------------------------------------------------------------
 1   9,3  12,7   14:24   7,0   07:31   9,0   0,0   0,0  21,2  62,8   19:21     N
 2  10,9  15,6   14:58   7,2   04:21   7,4   0,0   0,0  21,5  54,7   20:13     N
 3  12,7  17,4   14:59   9,3   04:36   5,6   0,0   0,0  17,2  38,6   02:38     N
 4  12,8  17,9   13:16   5,5   23:58   5,5   0,0   0,0  10,4  38,6   03:35   NNE
 5   9,8  20,1   14:26   2,7   06:10   8,5   0,0   0,0   1,1  14,5   16:22   SSE
 6  11,1  20,9   14:11   4,8   03:28   7,2   0,0   0,0   2,3  20,9   11:43   NNE
 7   8,4  15,2   12:25   2,3   06:40   9,9   0,0   0,0   2,4  24,1   14:26    SE
 8   9,3  13,8   14:04   4,8   23:58   9,0   0,0   0,0   2,0  19,3   16:25    SE
 9   9,1  15,0   14:28   4,6   00:13   9,2   0,0   0,0   1,7  19,3   15:52   SSE
10   8,6  15,0   14:08   3,3   02:59   9,7   0,0   0,0   2,2  20,9   16:05     E
11   8,2  14,5   14:32   2,9   03:48  10,1   0,0   0,2   1,7  17,7   15:42   SSE
12   9,1  16,9   13:27   2,5   06:35   9,2   0,0   0,0   1,9  19,3   15:42   SSE
13   9,5  15,7   13:23   3,9   07:24   8,8   0,0   0,0   2,0  20,9   15:29     S
14  11,5  15,4   15:36   7,9   23:36   6,8   0,0   0,5  10,3  53,1   10:28   NNW
15   8,3   9,9   17:12   6,8   05:28  10,0   0,0   1,8   1,9  14,5   05:04     N
16  11,8  15,2   11:55   7,3   23:35   6,5   0,0   0,3   6,0  32,2   05:05    NE
17  11,1  13,8   12:54   6,7   00:23   7,2   0,0   0,2  12,4  53,1   22:33   NNW
18  13,0  19,0   16:10   6,9   23:47   5,3   0,0   0,0  13,9  56,3   04:55     N
19  11,7  19,7   12:14   5,9   06:21   6,6   0,0   0,5   2,5  32,2   16:15    NE
20  14,3  19,1   14:13   9,7   23:17   4,0   0,0   0,0   8,7  43,5   04:51   NNW
21  15,1  18,1   14:39   9,9   00:08   3,2   0,0   0,0  17,2  64,4   10:05   NNW
22  17,5  19,8   12:29  16,2   23:28   0,8   0,0   0,0  31,3  83,7   09:12   NNW
23  17,0  19,7   14:13  14,3   05:02   1,3   0,0   0,0  16,1  46,7   07:06   NNW
24  15,1  20,6   13:48  10,1   23:56   3,2   0,0   0,0   7,0  37,0   09:32     N
25  14,5  22,3   14:02   7,7   05:17   3,8   0,0   0,0   4,6  29,0   08:13   NNE
26  15,8  21,7   10:34   8,3   01:47   2,5   0,0   0,0   9,5  41,8   04:34    NE
27  13,3  15,8   14:28   9,9   23:24   5,0   0,0   0,0  19,0  66,0   12:55   NNW
28  10,6  14,2   15:23   8,3   23:51   7,7   0,0   0,0  16,1  53,1   09:55   NNW
----------------------------------------------------------------------------------
    11,8  22,3    25     2,3     7   183,0   0,0   3,5   9,4  83,7    22       N

Max >=  25,0:  0
Max <=   5,0:  0
Min <=   5,0:  9
Min <=   0,0:  0
Max Rain: 1,8 on day 15
Days of Rain: 6 (> 0,2 mm)  0 (> 2,0 mm)  0 (> 10,0 mm)
Heat Base: 18,3  Cool Base: 18,3  Method: Integration