Resums Climàtics NOAA

Selecciona un any o mes per veure el resum
2018: Gen Feb Mar abr Mai Jun jul Ago Set Oct Nov Des
2017: Gen Feb Mar abr Mai Jun jul Ago Set Oct Nov Des
2016: Gen Feb Mar abr Mai Jun jul Ago Set Oct Nov Des
2015: Gen Feb Mar abr Mai Jun jul Ago Set Oct Nov Des
2014: Gen Feb Mar abr Mai Jun jul Ago Set Oct Nov Des
2013: Gen Feb Mar abr Mai Jun jul Ago Set Oct Nov Des
2012: Gen Feb Mar abr Mai Jun jul Ago Set Oct Nov Des
2011: Gen Feb Mar abr Mai Jun jul Ago Set Oct Nov Des
2010: Gen Feb Mar abr Mai Jun jul Ago Set Oct Nov Des
2009: Gen Feb Mar abr Mai Jun jul Ago Set Oct Nov Des
2008: Gen Feb Mar abr Mai Jun jul Ago Set Oct Nov Des

Resum 2011 abril
                   Monthly Climatological Summary for abr 2011

Name: MeteoTortosa   City: Tortosa   State: Baix Ebre
Elevation: 12 m  Lat: N 40° 49' 48"   Lon: E 000° 31' 12"

                  Temperature (°C), Rain (mm), Wind Speed (km/h)

                                      Heat  Cool        Avg
    Mean                              Deg   Deg         Wind                 Dom
Day Temp  High   Time   Low    Time   Days  Days  Rain  Speed High   Time    Dir
----------------------------------------------------------------------------------
 1  17,1  23,6   13:51  10,9   05:57   1,2   0,0   0,0   4,1  27,4   14:58    SE
 2  16,2  21,3   12:37  10,7   05:54   2,1   0,0   0,0   6,4  40,2   12:40    SE
 3  16,5  19,1   22:03  14,8   05:26   1,8   0,0   0,0   4,4  43,5   22:43     E
 4  18,5  24,3   13:27  14,2   23:51   0,0   0,2   0,0  11,8  46,7   01:45   NNE
 5  16,8  23,6   11:42  11,5   05:18   1,5   0,0   0,0   4,4  30,6   15:54    SE
 6  16,8  23,7   12:40  10,4   05:33   1,5   0,0   0,0   3,9  32,2   13:20    SE
 7  17,0  23,2   15:35  12,1   01:37   1,3   0,0   0,0   3,4  27,4   14:38   ESE
 8  19,5  29,2   14:55   9,8   03:45   0,0   1,2   0,0   2,6  22,5   15:14   ESE
 9  20,0  28,3   15:09  11,9   05:59   0,0   1,7   0,0   2,5  20,9   14:24   SSE
10  21,8  25,8   13:18  15,5   00:37   0,0   3,5   0,0  20,5  53,1   02:46   NNW
11  20,2  26,1   16:32  16,1   05:21   0,0   1,9   0,0  16,3  51,5   02:40     N
12  20,3  25,8   14:45  16,2   04:32   0,0   2,0   0,0  16,9  45,1   07:24   NNW
13  17,1  22,2   12:03  12,8   23:41   1,2   0,0   0,0  10,2  41,8   07:36    NE
14  16,0  22,2   12:37  12,1   01:38   2,3   0,0   0,0   3,9  32,2   14:27    SE
15  15,7  20,1   11:04  12,2   04:08   2,6   0,0   0,0   7,2  33,8   06:23     E
16  15,9  19,1   12:46  13,4   03:09   2,4   0,0   0,0   5,1  30,6   11:53    SE
17  15,5  21,2   13:08   8,4   06:00   2,8   0,0   0,0   5,2  30,6   15:41    SE
18  15,6  20,3   12:21  10,0   05:59   2,7   0,0   0,0   5,6  30,6   11:05    SE
19  14,9  17,7   13:38  12,1   00:30   3,4   0,0   0,0   4,2  27,4   11:33   ESE
20  15,8  17,6   16:41  13,9   00:00   2,5   0,0   0,0   6,8  27,4   16:49   ESE
21  15,5  17,1   11:04  14,4   05:24   2,8   0,0   4,8   8,0  43,5   22:44     E
22  13,8  15,6   02:11  11,8   07:39   4,5   0,0  47,7   7,0  40,2   01:11   ENE
23  15,0  18,3   15:09  12,8   04:21   3,3   0,0   3,1   2,8  27,4   10:51   ESE
24  15,4  19,2   14:52  11,7   04:52   2,9   0,0   1,2   4,2  25,7   12:19    NE
25  17,6  21,8   17:11  14,6   00:56   0,7   0,0   3,6   9,5  41,8   23:55     N
26  20,1  26,3   16:26  16,3   22:52   0,0   1,8   0,0  13,3  48,3   03:29     N
27  19,7  24,8   12:36  15,1   02:01   0,0   1,4   0,0   8,9  35,4   09:01   NNE
28  16,8  21,9   12:37  13,5   02:37   1,5   0,0   3,8   3,5  30,6   22:40    SE
29  16,4  19,8   11:40  13,2   23:56   1,9   0,0   0,3   4,6  38,6   15:02   ESE
30  16,2  21,0   14:10  11,6   05:10   2,1   0,0   0,0   3,7  25,7   15:46    SE
----------------------------------------------------------------------------------
    17,1  29,2     8     8,4    17    49,0  13,7  64,5   7,0  53,1    10      NE

Max >=  25,0:  6
Max <=   5,0:  0
Min <=   5,0:  0
Min <=   0,0:  0
Max Rain: 47,7 on day 22
Days of Rain: 7 (> 0,2 mm)  5 (> 2,0 mm)  1 (> 10,0 mm)
Heat Base: 18,3  Cool Base: 18,3  Method: Integration