Resums Climàtics NOAA

Selecciona un any o mes per veure el resum
2018: Gen Feb Mar abr Mai Jun jul Ago Set Oct Nov Des
2017: Gen Feb Mar abr Mai Jun jul Ago Set Oct Nov Des
2016: Gen Feb Mar abr Mai Jun jul Ago Set Oct Nov Des
2015: Gen Feb Mar abr Mai Jun jul Ago Set Oct Nov Des
2014: Gen Feb Mar abr Mai Jun jul Ago Set Oct Nov Des
2013: Gen Feb Mar abr Mai Jun jul Ago Set Oct Nov Des
2012: Gen Feb Mar abr Mai Jun jul Ago Set Oct Nov Des
2011: Gen Feb Mar abr Mai Jun jul Ago Set Oct Nov Des
2010: Gen Feb Mar abr Mai Jun jul Ago Set Oct Nov Des
2009: Gen Feb Mar abr Mai Jun jul Ago Set Oct Nov Des
2008: Gen Feb Mar abr Mai Jun jul Ago Set Oct Nov Des

Resum 2011 Maig
                   Monthly Climatological Summary for may 2011

Name: MeteoTortosa   City: Tortosa   State: Baix Ebre
Elevation: 12 m  Lat: N 40° 49' 48"   Lon: E 000° 31' 12"

                  Temperature (°C), Rain (mm), Wind Speed (km/h)

                                      Heat  Cool        Avg
    Mean                              Deg   Deg         Wind                 Dom
Day Temp  High   Time   Low    Time   Days  Days  Rain  Speed High   Time    Dir
----------------------------------------------------------------------------------
 1  17,0  20,8   12:44  13,2   03:29   1,3   0,0   0,0   4,4  29,0   11:41    SE
 2  16,9  20,4   13:49  14,1   23:34   1,4   0,0   0,2   4,1  32,2   17:00     E
 3  19,9  26,2   14:05  11,8   05:23   0,0   1,6   0,0   4,5  30,6   15:11    NW
 4  20,9  27,2   13:46  16,3   23:37   0,0   2,6   0,0  11,5  46,7   04:43   NNE
 5  19,2  23,8   12:09  15,7   04:55   0,0   0,9   0,5   4,3  27,4   11:53    SE
 6  18,7  21,9   11:19  15,8   05:49   0,0   0,4   0,0   7,1  35,4   15:22   ESE
 7  17,2  19,6   12:08  13,7   20:00   1,1   0,0  20,6  13,6  49,9   10:39   ENE
 8  19,7  25,7   14:15  15,0   00:20   0,0   1,4   0,5  10,4  40,2   03:12   NNE
 9  18,5  23,8   11:32  12,9   04:42   0,0   0,2   0,3   4,5  30,6   12:56    SE
10  19,0  21,8   15:31  16,8   01:51   0,0   0,7   0,0   5,1  29,0   15:14    SE
11  19,4  23,3   17:04  15,4   05:15   0,0   1,1   0,0   5,2  29,0   13:38    SE
12  19,5  25,3   13:35  14,9   04:48   0,0   1,2   0,0   3,8  27,4   15:13    SE
13  19,9  25,8   11:49  13,3   03:49   0,0   1,6   0,0   4,5  29,0   13:44    SE
14  19,8  27,8   13:38  14,3   05:03   0,0   1,5   0,7   9,5  59,5   16:55     N
15  19,1  25,2   15:35  14,2   05:18   0,0   0,8   0,0  14,2  53,1   02:08   NNW
16  18,7  22,6   14:06  13,4   05:18   0,0   0,4   0,0   6,9  29,0   14:56   ENE
17  18,9  23,9   16:00  13,1   05:17   0,0   0,6   0,0   5,3  33,8   14:08    SE
18  18,7  24,3   12:56  11,8   04:59   0,0   0,4   0,0   5,2  29,0   15:26   ESE
19  18,5  21,0   13:29  15,7   22:11   0,0   0,2   0,0   4,4  32,2   10:06   ESE
20  18,7  23,8   14:47  12,7   05:06   0,0   0,4   0,0   4,8  33,8   12:27   ESE
21  20,7  26,6   13:05  14,0   04:17   0,0   2,4   0,0   5,6  32,2   12:38     E
22  21,3  28,3   13:36  14,6   05:08   0,0   3,0   0,0   4,4  29,0   13:10    SE
23  23,5  28,6   12:00  16,6   01:49   0,0   5,2   0,0   7,9  29,0   06:55   ENE
24  24,2  30,1   11:20  16,9   04:31   0,0   5,9   0,0   5,7  29,0   08:04     E
25  24,0  31,2   15:57  15,8   04:29   0,0   5,7   0,0   4,2  27,4   18:44    SE
26  22,7  28,4   11:28  17,6   05:01   0,0   4,4   0,0   3,8  25,7   15:34    SE
27  21,7  26,7   12:49  17,9   23:40   0,0   3,4   5,4   9,1  37,0   03:33   NNE
28  19,7  23,3   17:11  16,9   04:39   0,0   1,4   0,0   4,7  20,9   04:09   ENE
29  20,9  24,4   13:54  17,9   02:15   0,0   2,6   0,0   4,2  32,2   14:42    SE
30  21,0  25,8   12:06  17,0   23:35   0,0   2,7   0,7   4,5  32,2   18:50   ESE
31  21,5  26,0   15:38  16,9   00:06   0,0   3,2   0,0  15,5  61,2   23:09   NNW
----------------------------------------------------------------------------------
    20,0  31,2    25    11,8     3     3,8  55,9  28,9   6,5  61,2    31     ENE

Max >=  25,0: 16
Max <=   5,0:  0
Min <=   5,0:  0
Min <=   0,0:  0
Max Rain: 20,6 on day 7
Days of Rain: 8 (> 0,2 mm)  2 (> 2,0 mm)  1 (> 10,0 mm)
Heat Base: 18,3  Cool Base: 18,3  Method: Integration