Resums Climàtics NOAA

Selecciona un any o mes per veure el resum
2018: Gen Feb Mar abr Mai Jun jul Ago Set Oct Nov Des
2017: Gen Feb Mar abr Mai Jun jul Ago Set Oct Nov Des
2016: Gen Feb Mar abr Mai Jun jul Ago Set Oct Nov Des
2015: Gen Feb Mar abr Mai Jun jul Ago Set Oct Nov Des
2014: Gen Feb Mar abr Mai Jun jul Ago Set Oct Nov Des
2013: Gen Feb Mar abr Mai Jun jul Ago Set Oct Nov Des
2012: Gen Feb Mar abr Mai Jun jul Ago Set Oct Nov Des
2011: Gen Feb Mar abr Mai Jun jul Ago Set Oct Nov Des
2010: Gen Feb Mar abr Mai Jun jul Ago Set Oct Nov Des
2009: Gen Feb Mar abr Mai Jun jul Ago Set Oct Nov Des
2008: Gen Feb Mar abr Mai Jun jul Ago Set Oct Nov Des

Resum 2011 juliol
                   Monthly Climatological Summary for jul 2011

Name: MeteoTortosa   City: Tortosa   State: Baix Ebre
Elevation: 12 m  Lat: N 40° 49' 48"   Lon: E 000° 31' 12"

                  Temperature (°C), Rain (mm), Wind Speed (km/h)

                                      Heat  Cool        Avg
    Mean                              Deg   Deg         Wind                 Dom
Day Temp  High   Time   Low    Time   Days  Days  Rain  Speed High   Time    Dir
----------------------------------------------------------------------------------
 1  25,1  29,3   15:30  20,8   04:41   0,0   6,8   0,0   9,1  32,2   04:23    NE
 2  25,8  28,9   12:39  22,6   04:32   0,0   7,5   0,0   6,1  32,2   14:38    SE
 3  24,9  27,2   13:36  20,5   23:59   0,0   6,6   8,6   7,2  49,9   23:56    SE
 4  24,5  29,2   11:00  19,8   00:19   0,0   6,2   0,0   9,2  35,4   12:43   NNE
 5  25,8  31,5   15:44  19,7   04:54   0,0   7,5   0,0   4,4  30,6   13:23    SE
 6  26,5  31,2   10:15  21,9   05:01   0,0   8,2   0,0   5,5  29,0   12:33   ESE
 7  26,0  29,7   13:10  23,4   03:50   0,0   7,7   0,0   5,1  29,0   12:47     E
 8  25,2  28,1   11:49  21,9   05:00   0,0   6,9   0,0   7,1  30,6   11:17   ESE
 9  25,0  28,4   12:32  21,5   05:08   0,0   6,7   0,0   5,7  30,6   12:53    SE
10  24,9  28,6   13:08  22,2   02:32   0,0   6,6   0,0   3,9  27,4   12:28   ESE
11  25,1  29,6   12:31  19,8   05:21   0,0   6,8   0,0   5,0  30,6   16:25    SE
12  24,6  26,7   14:18  22,6   03:18   0,0   6,3   1,3   6,6  45,1   23:40     E
13  24,1  29,3   16:23  20,0   03:09   0,0   5,8   0,0  22,5  53,1   01:44   NNW
14  23,3  27,1   14:31  19,6   04:53   0,0   5,0   0,0  12,0  53,1   01:51   NNE
15  24,3  28,9   15:46  17,7   05:02   0,0   6,0   0,0   5,5  30,6   13:25    SE
16  25,5  29,3   12:43  21,2   05:39   0,0   7,2   0,0   6,5  32,2   14:02    SE
17  26,1  30,1   12:20  22,2   05:12   0,0   7,8   0,0  13,4  53,1   11:43     N
18  23,0  26,3   13:54  20,0   05:18   0,0   4,7   0,0  10,5  35,4   14:29    NE
19  24,0  27,5   13:38  20,8   23:57   0,0   5,7   0,0  17,5  74,0   08:58    NW
20  23,4  29,0   13:33  19,2   04:33   0,0   5,1   0,0  11,5  45,1   07:03   NNW
21  24,1  28,9   11:00  19,5   04:26   0,0   5,8   0,0   4,5  32,2   14:23    SE
22  22,6  24,7   15:42  20,7   23:09   0,0   4,3   0,0   7,8  33,8   23:54    NE
23  23,7  27,7   14:15  19,7   04:08   0,0   5,4   0,0  12,1  43,5   22:28   NNE
24  24,1  29,0   15:56  19,6   04:38   0,0   5,1   0,0  15,0  51,5   09:13    NW
25  27,1  31,9   15:40  22,7   03:54   0,0   8,8   0,0  16,1  48,3   05:40    NW
26  27,7  32,1   13:27  24,8   23:57   0,0   9,3   0,0   8,7  38,6   00:41   NNW
27  23,6  27,4   12:12  18,8   03:00   0,0   5,3   0,5   7,7  33,8   04:31   ENE
28  24,5  28,6   15:20  19,3   04:41   0,0   6,2   0,0   5,8  29,0   13:38   ESE
29  24,1  27,4   13:30  21,8   01:33   0,0   5,8   0,0   4,8  27,4   12:29   ESE
30  25,7  30,7   15:59  21,8   05:20   0,0   7,4   0,0   5,1  35,4   18:47    SE
31  25,0  28,3   14:53  21,7   05:35   0,0   6,7   0,0   5,2  30,6   14:58    SE
----------------------------------------------------------------------------------
    24,8  32,1    26    17,7    15     0,0 201,2  10,4   8,6  74,0    19      NE

Max >=  25,0: 30
Max <=   5,0:  0
Min <=   5,0:  0
Min <=   0,0:  0
Max Rain: 8,6 on day 3
Days of Rain: 3 (> 0,2 mm)  1 (> 2,0 mm)  0 (> 10,0 mm)
Heat Base: 18,3  Cool Base: 18,3  Method: Integration