Resums Climàtics NOAA

Selecciona un any o mes per veure el resum
2018: Gen Feb Mar abr Mai Jun jul Ago Set Oct Nov Des
2017: Gen Feb Mar abr Mai Jun jul Ago Set Oct Nov Des
2016: Gen Feb Mar abr Mai Jun jul Ago Set Oct Nov Des
2015: Gen Feb Mar abr Mai Jun jul Ago Set Oct Nov Des
2014: Gen Feb Mar abr Mai Jun jul Ago Set Oct Nov Des
2013: Gen Feb Mar abr Mai Jun jul Ago Set Oct Nov Des
2012: Gen Feb Mar abr Mai Jun jul Ago Set Oct Nov Des
2011: Gen Feb Mar abr Mai Jun jul Ago Set Oct Nov Des
2010: Gen Feb Mar abr Mai Jun jul Ago Set Oct Nov Des
2009: Gen Feb Mar abr Mai Jun jul Ago Set Oct Nov Des
2008: Gen Feb Mar abr Mai Jun jul Ago Set Oct Nov Des

Resum 2011 Setembre
                   Monthly Climatological Summary for sep 2011

Name: MeteoTortosa   City: Tortosa   State: Baix Ebre
Elevation: 12 m  Lat: N 40° 49' 48"   Lon: E 000° 31' 12"

                  Temperature (°C), Rain (mm), Wind Speed (km/h)

                                      Heat  Cool        Avg
    Mean                              Deg   Deg         Wind                 Dom
Day Temp  High   Time   Low    Time   Days  Days  Rain  Speed High   Time    Dir
----------------------------------------------------------------------------------
 1  25,8  29,8   12:29  21,8   05:42   0,0   7,5   0,0   4,4  30,6   12:54    SE
 2  25,8  29,7   11:42  22,5   03:15   0,0   7,5   0,0   3,5  27,4   12:53    SE
 3  23,6  27,8   12:19  18,7   04:40   0,0   5,3   0,0   3,8  33,8   12:49    SE
 4  25,4  31,7   14:02  19,0   05:50   0,0   7,2   0,0   3,9  27,4   15:00    SE
 5  25,3  30,3   13:57  22,3   23:32   0,0   7,0   0,0  11,7  38,6   06:11   NNE
 6  25,1  30,3   12:26  20,4   05:20   0,0   6,8   0,0   5,1  25,7   13:03     E
 7  25,5  31,1   12:42  19,0   06:00   0,0   7,2   0,0   3,4  27,4   13:10    SE
 8  25,8  31,6   14:16  20,1   05:04   0,0   7,5   0,0   3,7  29,0   14:53    SE
 9  26,1  30,2   13:51  22,8   05:33   0,0   7,8   0,0   4,3  27,4   15:33    SE
10  25,5  30,1   14:51  20,6   05:36   0,0   7,2   0,0   6,1  33,8   15:43    SE
11  25,5  29,6   11:11  20,7   05:28   0,0   7,2   0,0   2,3  20,9   12:06   SSE
12  25,9  30,1   12:38  19,2   06:12   0,0   7,6   0,0   5,7  33,8   14:23   ESE
13  25,0  30,1   12:00  19,3   05:49   0,0   6,7   0,0   3,9  30,6   14:33    SE
14  26,0  30,8   11:34  21,7   04:19   0,0   7,7   0,0   5,1  29,0   12:28   ESE
15  24,7  29,3   12:33  19,8   04:43   0,0   6,4   0,0   5,0  33,8   12:10    SE
16  24,6  29,4   12:44  19,1   05:54   0,0   6,3   0,0   4,9  32,2   12:30    SE
17  24,5  29,3   13:08  20,4   05:11   0,0   6,2   0,0   3,3  25,7   15:27    SE
18  22,0  23,7   02:49  18,7   23:57   0,0   3,7   0,0  18,1  61,2   19:34   NNW
19  21,3  25,8   15:07  17,7   04:12   0,1   3,0   0,0  18,2  49,9   06:45   NNW
20  22,0  26,3   11:57  18,3   05:00   0,0   3,7   0,0   7,8  33,8   01:41    NE
21  22,1  27,2   12:47  15,9   05:25   0,4   4,1   0,0   4,0  30,6   13:14    SE
22  22,6  27,9   13:03  18,3   05:49   0,0   4,3   0,0   3,7  25,7   09:33     E
23  22,8  27,2   14:17  18,2   03:05   0,0   4,5   0,0   4,0  29,0   13:12    SE
24  21,1  24,3   14:11  17,9   04:53   0,0   2,8   7,9   3,6  24,1   04:00   ESE
25  21,1  26,6   12:22  15,6   06:06   0,5   3,3   0,0   2,8  25,7   13:39    SE
26  21,6  27,6   13:17  16,2   05:13   0,4   3,7   0,0   2,9  29,0   14:29    SE
27  22,5  29,1   13:34  17,2   04:37   0,2   4,4   0,0   2,9  22,5   15:14    SE
28  21,2  27,8   11:25  15,1   06:09   0,6   3,5   0,0   3,0  30,6   13:17    SE
29  21,7  27,2   13:53  16,8   05:57   0,2   3,6   0,0   3,4  25,7   11:54   ESE
30  21,6  26,6   13:43  17,4   06:07   0,1   3,3   0,0   3,8  22,5   10:00     E
----------------------------------------------------------------------------------
    23,8  31,7     4    15,1    28     2,5 167,0   7,9   5,3  61,2    18       E

Max >=  25,0: 28
Max <=   5,0:  0
Min <=   5,0:  0
Min <=   0,0:  0
Max Rain: 7,9 on day 24
Days of Rain: 1 (> 0,2 mm)  1 (> 2,0 mm)  0 (> 10,0 mm)
Heat Base: 18,3  Cool Base: 18,3  Method: Integration