Resums Climàtics NOAA

Selecciona un any o mes per veure el resum
2018: Gen Feb Mar abr Mai Jun jul Ago Set Oct Nov Des
2017: Gen Feb Mar abr Mai Jun jul Ago Set Oct Nov Des
2016: Gen Feb Mar abr Mai Jun jul Ago Set Oct Nov Des
2015: Gen Feb Mar abr Mai Jun jul Ago Set Oct Nov Des
2014: Gen Feb Mar abr Mai Jun jul Ago Set Oct Nov Des
2013: Gen Feb Mar abr Mai Jun jul Ago Set Oct Nov Des
2012: Gen Feb Mar abr Mai Jun jul Ago Set Oct Nov Des
2011: Gen Feb Mar abr Mai Jun jul Ago Set Oct Nov Des
2010: Gen Feb Mar abr Mai Jun jul Ago Set Oct Nov Des
2009: Gen Feb Mar abr Mai Jun jul Ago Set Oct Nov Des
2008: Gen Feb Mar abr Mai Jun jul Ago Set Oct Nov Des

Resum 2011 Octubre
                   Monthly Climatological Summary for oct 2011

Name: MeteoTortosa   City: Tortosa   State: Baix Ebre
Elevation: 12 m  Lat: N 40° 49' 48"   Lon: E 000° 31' 12"

                  Temperature (°C), Rain (mm), Wind Speed (km/h)

                                      Heat  Cool        Avg
    Mean                              Deg   Deg         Wind                 Dom
Day Temp  High   Time   Low    Time   Days  Days  Rain  Speed High   Time    Dir
----------------------------------------------------------------------------------
 1  20,8  25,8   13:57  16,8   05:48   0,3   2,7   0,0   2,6  27,4   12:29   ESE
 2  20,9  27,3   12:06  15,7   03:52   0,6   3,2   0,0   2,7  22,5   14:27   ESE
 3  22,1  30,8   13:00  13,7   05:48   0,9   4,6   0,0   3,9  30,6   09:47   NNE
 4  21,8  29,9   12:55  14,0   05:25   1,0   4,5   0,0   2,6  24,1   14:26   SSE
 5  21,5  30,1   12:12  13,3   05:52   1,2   4,4   0,0   3,1  24,1   09:15     E
 6  21,7  28,3   10:55  13,7   05:35   1,1   4,5   0,0   4,3  38,6   21:20     E
 7  21,5  24,6   00:06  17,3   23:56   0,1   3,2   0,0  21,2  59,5   12:11   NNW
 8  19,1  23,3   15:13  16,0   06:24   0,6   1,5   0,0  19,5  57,9   00:04   NNW
 9  20,7  26,7   14:50  16,7   22:15   0,3   2,7   0,0  14,0  53,1   03:09     N
10  21,8  29,8   13:49  15,4   03:29   0,6   4,1   0,0   3,3  25,7   08:09     N
11  22,0  30,7   11:27  14,2   05:00   1,0   4,7   0,0   2,2  22,5   13:48   ESE
12  21,7  30,5   10:58  13,5   06:17   1,2   4,6   0,0   2,3  22,5   13:50    SE
13  22,6  29,9   14:07  13,7   04:48   0,7   5,0   0,0   6,0  33,8   07:40    NE
14  20,8  24,8   12:09  17,9   02:17   0,0   2,6   0,0   3,0  29,0   13:31    SE
15  19,6  22,4   10:13  16,8   05:39   0,4   1,6   0,0   2,8  29,0   10:55    SE
16  19,9  23,7   12:28  15,6   23:58   0,3   1,9   0,0   2,0  27,4   13:53   SSE
17  18,4  23,9   12:20  13,1   06:19   1,6   1,7   0,0   2,6  24,1   14:04    SE
18  18,0  24,7   12:21  11,3   05:26   2,2   1,8   0,0   2,9  25,7   13:33    SE
19  18,4  24,4   13:26  11,3   06:24   2,0   2,1   0,0   3,5  38,6   22:40   NNW
20  17,8  21,3   14:34  14,7   06:54   1,2   0,7   0,0  14,1  51,5   01:11   NNW
21  15,7  18,8   14:39  13,7   04:57   2,7   0,0   0,0   8,0  30,6   00:27   NNE
22  16,8  21,9   13:36  12,8   02:01   2,3   0,8   0,0   1,9  20,9   15:48    SE
23  16,6  21,2   12:47  11,6   04:13   2,3   0,7   3,6   3,5  29,0   12:51    SE
24  17,4  20,5   11:02  14,7   04:25   1,4   0,5   4,0   2,7  22,5   14:50    SE
25  17,1  22,1   14:28  10,3   23:51   2,1   0,8   0,0   8,0  35,4   07:50     N
26  15,3  20,8   11:21   8,1   06:42   3,6   0,5   1,6   3,6  29,0   12:55    SE
27  17,5  19,3   13:06  16,0   22:06   1,0   0,1  14,7   2,7  22,5   13:38   ESE
28  17,2  19,1   13:22  16,3   05:26   1,1   0,0   0,0  14,4  32,2   04:10   NNE
29  17,5  18,7   18:41  14,9   05:18   0,9   0,0   2,0  12,4  41,8   10:49   NNE
30  19,3  24,3   15:00  14,7   23:46   0,5   1,5   0,0   5,7  29,0   01:28   NNE
31  17,1  21,7   11:19  12,3   05:25   2,0   0,8   0,0   2,5  24,1   14:40    SE
----------------------------------------------------------------------------------
    19,3  30,8     3     8,1    26    37,2  67,8  25,9   5,9  59,5     7     NNE

Max >=  25,0: 11
Max <=   5,0:  0
Min <=   5,0:  0
Min <=   0,0:  0
Max Rain: 14,7 on day 27
Days of Rain: 5 (> 0,2 mm)  4 (> 2,0 mm)  1 (> 10,0 mm)
Heat Base: 18,3  Cool Base: 18,3  Method: Integration