Resums Climàtics NOAA

Selecciona un any o mes per veure el resum
2018: Gen Feb Mar abr Mai Jun jul Ago Set Oct Nov Des
2017: Gen Feb Mar abr Mai Jun jul Ago Set Oct Nov Des
2016: Gen Feb Mar abr Mai Jun jul Ago Set Oct Nov Des
2015: Gen Feb Mar abr Mai Jun jul Ago Set Oct Nov Des
2014: Gen Feb Mar abr Mai Jun jul Ago Set Oct Nov Des
2013: Gen Feb Mar abr Mai Jun jul Ago Set Oct Nov Des
2012: Gen Feb Mar abr Mai Jun jul Ago Set Oct Nov Des
2011: Gen Feb Mar abr Mai Jun jul Ago Set Oct Nov Des
2010: Gen Feb Mar abr Mai Jun jul Ago Set Oct Nov Des
2009: Gen Feb Mar abr Mai Jun jul Ago Set Oct Nov Des
2008: Gen Feb Mar abr Mai Jun jul Ago Set Oct Nov Des

Resum 2011 Novembre
                   Monthly Climatological Summary for nov 2011

Name: MeteoTortosa   City: Tortosa   State: Baix Ebre
Elevation: 12 m  Lat: N 40° 49' 48"   Lon: E 000° 31' 12"

                  Temperature (°C), Rain (mm), Wind Speed (km/h)

                                      Heat  Cool        Avg
    Mean                              Deg   Deg         Wind                 Dom
Day Temp  High   Time   Low    Time   Days  Days  Rain  Speed High   Time    Dir
----------------------------------------------------------------------------------
 1  18,3  22,8   12:01  13,9   06:51   1,1   1,1   0,0   2,1  20,9   14:55    SE
 2  18,4  21,9   11:24  14,7   06:52   1,1   1,2   0,0   3,9  29,0   12:54   SSE
 3  18,1  21,7   12:27  13,6   23:53   1,0   0,9   6,9   3,1  37,0   14:57   SSE
 4  14,5  17,3   10:37  13,2   00:57   3,8   0,0  13,2   1,3  22,5   15:19    NE
 5  15,1  16,9   13:33  13,3   00:48   3,2   0,0   0,2  15,0  51,5   22:02     N
 6  16,1  17,2   21:26  14,9   02:03   2,2   0,0   0,0  20,2  74,0   09:35   NNW
 7  16,9  21,1   14:33  13,2   07:17   1,8   0,4   5,1   9,9  37,0   23:17     N
 8  17,0  22,1   13:23  12,0   23:55   2,0   0,7   0,0   7,2  30,6   10:27     N
 9  14,8  21,5   13:18  10,2   05:39   4,0   0,5   0,0   1,7  16,1   15:21     E
10  15,7  21,4   13:03  11,3   03:10   3,2   0,6   0,0   1,1  14,5   14:04    SE
11  15,6  21,6   13:17  11,4   04:37   3,2   0,4   0,3   1,7  19,3   14:03    SE
12  17,1  20,8   13:53  14,2   03:25   1,6   0,5   0,2   2,5  22,5   14:24   ESE
13  18,1  20,3   12:32  15,6   02:22   0,6   0,4   0,0   6,0  30,6   23:19     E
14  17,2  18,3   13:04  16,3   02:58   1,1   0,0   0,0  12,1  37,0   06:08     E
15  14,5  17,1   00:00  10,2   23:50   3,8   0,0  30,3   9,6  37,0   12:37   NNE
16  14,8  19,7   13:48   9,4   01:27   3,7   0,2   0,0   8,3  35,4   13:11     N
17  13,3  18,0   14:37  10,2   00:10   5,0   0,0   0,0   1,4  11,3   08:24    NE
18  12,5  17,0   13:29   8,6   03:50   5,7   0,0   0,2   0,8  17,7   14:04    SE
19  13,4  16,8   19:36  11,1   03:30   4,9   0,0  10,9   2,1  27,4   18:58   ESE
20  15,5  17,9   14:24  13,2   06:25   2,8   0,0 121,7   7,1  37,0   15:10   ENE
21  16,6  17,8   10:03  15,7   06:28   1,7   0,0   0,5   5,1  22,5   22:31   NNE
22  14,4  16,1   00:00  13,2   08:02   3,9   0,0  11,9  12,5  35,4   09:39   NNE
23  16,2  20,4   14:55  11,1   23:32   2,4   0,3   0,0   9,1  32,2   08:29   NNE
24  14,5  19,8   14:04  10,1   23:58   3,9   0,1   0,0   3,6  20,9   10:30   NNE
25  12,8  17,4   13:40   9,0   04:00   5,5   0,0   0,3  11,7  35,4   13:57     N
26  13,9  18,2   12:41   8,2   23:43   4,4   0,0   0,0  11,0  37,0   05:43   NNE
27   9,3  12,2   12:46   6,9   06:46   9,0   0,0   0,0  12,9  38,6   13:45     N
28   8,9  10,9   12:41   8,1   03:27   9,4   0,0   0,0  20,5  48,3   03:47     N
29   9,4  12,8   13:41   7,6   04:30   8,9   0,0   0,0  14,2  37,0   04:36     N
30   9,2  11,4   13:47   7,8   06:24   9,1   0,0   0,0  14,8  40,2   01:16     N
----------------------------------------------------------------------------------
    14,7  22,8     1     6,9    27   114,0   7,3 201,7   7,7  74,0     6     NNE

Max >=  25,0:  0
Max <=   5,0:  0
Min <=   5,0:  0
Min <=   0,0:  0
Max Rain: 121,7 on day 20
Days of Rain: 13 (> 0,2 mm)  7 (> 2,0 mm)  5 (> 10,0 mm)
Heat Base: 18,3  Cool Base: 18,3  Method: Integration