Resums Climàtics NOAA

Selecciona un any o mes per veure el resum
2018: Gen Feb Mar abr Mai Jun jul Ago Set Oct Nov Des
2017: Gen Feb Mar abr Mai Jun jul Ago Set Oct Nov Des
2016: Gen Feb Mar abr Mai Jun jul Ago Set Oct Nov Des
2015: Gen Feb Mar abr Mai Jun jul Ago Set Oct Nov Des
2014: Gen Feb Mar abr Mai Jun jul Ago Set Oct Nov Des
2013: Gen Feb Mar abr Mai Jun jul Ago Set Oct Nov Des
2012: Gen Feb Mar abr Mai Jun jul Ago Set Oct Nov Des
2011: Gen Feb Mar abr Mai Jun jul Ago Set Oct Nov Des
2010: Gen Feb Mar abr Mai Jun jul Ago Set Oct Nov Des
2009: Gen Feb Mar abr Mai Jun jul Ago Set Oct Nov Des
2008: Gen Feb Mar abr Mai Jun jul Ago Set Oct Nov Des

Resum 2012 Gener
                   Monthly Climatological Summary for ene 2012

Name: MeteoTortosa   City: Tortosa   State: Baix Ebre
Elevation: 12 m  Lat: N 40° 49' 48"   Lon: E 000° 31' 12"

                  Temperature (°C), Rain (mm), Wind Speed (km/h)

                                      Heat  Cool        Avg
    Mean                              Deg   Deg         Wind                 Dom
Day Temp  High   Time   Low    Time   Days  Days  Rain  Speed High   Time    Dir
----------------------------------------------------------------------------------
 1  15,0  20,0   13:30   9,3   22:54   3,4   0,1   0,0   7,5  46,7   02:40     N
 2  14,2  17,8   10:34   7,8   01:54   4,1   0,0   0,0  13,3  56,3   13:55   NNW
 3  12,9  17,6   12:19   7,3   22:46   5,4   0,0   0,0   7,8  46,7   05:53   NNW
 4  14,3  19,8   12:54   4,8   03:58   4,2   0,2   0,0  15,7  62,8   21:44   NNW
 5  18,0  21,8   13:00  14,4   01:07   1,1   0,8   0,0  18,8  56,3   20:42   NNW
 6  16,3  18,3   11:26  13,0   23:18   2,0   0,0   0,0  19,9  59,5   15:14   NNW
 7  12,6  17,4   14:29   5,8   23:38   5,7   0,0   0,0   8,4  57,9   01:40    NW
 8  10,0  17,3   16:11   4,2   03:23   8,3   0,0   0,0   4,2  38,6   09:19    NW
 9  11,6  16,6   14:08   5,3   23:45   6,6   0,0   0,0   7,9  38,6   01:33     N
10   8,3  14,3   14:36   4,6   06:55  10,0   0,0   0,0   4,6  20,9   10:56   NNE
11   6,0  11,1   14:12   2,6   07:18  12,3   0,0   0,0   7,0  24,1   09:16     N
12   4,9   8,4   13:58   3,3   06:36  13,4   0,0   0,0  13,8  37,0   17:00     N
13   5,0   6,8   12:13   3,4   00:00  13,3   0,0   0,0  18,3  41,8   10:56     N
14   7,6  12,3   14:35   4,3   23:12  10,7   0,0   0,0   4,7  33,8   00:44   NNW
15   6,0  11,8   14:58   1,4   07:19  12,3   0,0   0,0   4,3  19,3   11:11     N
16   6,1   8,7   22:59   4,2   02:55  12,1   0,0  18,3  11,5  32,2   15:10     N
17   9,2  11,6   15:11   4,9   23:57   9,1   0,0   0,0   9,9  33,8   03:31     N
18   7,2  15,0   13:00   2,2   07:23  11,1   0,0   0,0   1,5  17,7   15:37     E
19   7,8  16,2   13:43   1,4   07:38  10,5   0,0   0,2   1,3  14,5   16:36   ENE
20  15,5  17,7   14:08   5,8   00:22   2,8   0,0   0,0  16,8  49,9   07:19   NNW
21  15,7  18,7   13:51  13,4   06:20   2,6   0,0   0,0  18,9  49,9   03:20     N
22  14,8  18,4   14:37   9,7   03:25   3,5   0,0   0,0  14,2  46,7   05:27   NNW
23  14,9  17,9   14:12  11,2   00:13   3,4   0,0   0,0  14,5  40,2   09:31     N
24  13,0  17,9   14:41   6,1   23:52   5,3   0,0   0,0  10,4  40,2   01:34     N
25   8,7  15,8   14:46   3,4   05:56   9,6   0,0   0,0   1,6  16,1   11:14     S
26   8,7  15,3   15:35   4,7   04:11   9,6   0,0   0,0   4,1  20,9   12:04   NNE
27   8,4   9,9   21:27   5,3   03:42   9,9   0,0   3,1   7,7  29,0   17:17     N
28  10,4  13,6   14:23   8,4   03:03   7,9   0,0   1,3  14,6  46,7   11:45   NNW
29   8,7  11,7   15:31   6,4   23:55   9,5   0,0   0,0  19,9  53,1   12:10   NNW
30   7,8  12,9   14:04   2,7   23:48  10,5   0,0   0,0  13,2  46,7   08:45     N
31   8,5  15,3   16:01   1,6   06:29   9,8   0,0   0,0   6,8  43,5   19:54   NNW
----------------------------------------------------------------------------------
    10,6  21,8     5     1,4    15   240,0   1,1  22,9  10,4  62,8     4     NNW

Max >=  25,0:  0
Max <=   5,0:  0
Min <=   5,0: 16
Min <=   0,0:  0
Max Rain: 18,3 on day 16
Days of Rain: 4 (>= 0,2 mm)  2 (>= 2,0 mm)  1 (>= 10,0 mm)
Heat Base: 18,3  Cool Base: 18,3  Method: Integration