Resums Climàtics NOAA

Selecciona un any o mes per veure el resum
2018: Gen Feb Mar abr Mai Jun jul Ago Set Oct Nov Des
2017: Gen Feb Mar abr Mai Jun jul Ago Set Oct Nov Des
2016: Gen Feb Mar abr Mai Jun jul Ago Set Oct Nov Des
2015: Gen Feb Mar abr Mai Jun jul Ago Set Oct Nov Des
2014: Gen Feb Mar abr Mai Jun jul Ago Set Oct Nov Des
2013: Gen Feb Mar abr Mai Jun jul Ago Set Oct Nov Des
2012: Gen Feb Mar abr Mai Jun jul Ago Set Oct Nov Des
2011: Gen Feb Mar abr Mai Jun jul Ago Set Oct Nov Des
2010: Gen Feb Mar abr Mai Jun jul Ago Set Oct Nov Des
2009: Gen Feb Mar abr Mai Jun jul Ago Set Oct Nov Des
2008: Gen Feb Mar abr Mai Jun jul Ago Set Oct Nov Des

Resum 2012 abril
                   Monthly Climatological Summary for abr 2012

Name: MeteoTortosa   City: Tortosa   State: Baix Ebre
Elevation: 12 m  Lat: N 40° 49' 48"   Lon: E 000° 31' 12"

                  Temperature (°C), Rain (mm), Wind Speed (km/h)

                                      Heat  Cool        Avg
    Mean                              Deg   Deg         Wind                 Dom
Day Temp  High   Time   Low    Time   Days  Days  Rain  Speed High   Time    Dir
----------------------------------------------------------------------------------
 1  15,7  23,1   12:23   8,7   05:39   3,6   1,0   0,0   3,0  29,0   15:35    SE
 2  14,8  18,4   12:23  10,9   03:15   3,5   0,0   0,0   3,0  30,6   15:12    SE
 3  15,0  19,5   13:12  12,1   19:06   3,3   0,0  18,3   3,9  30,6   14:20     E
 4  14,4  17,8   15:23  12,0   00:35   3,9   0,0   0,0   7,5  30,6   07:35   NNE
 5  13,4  16,3   13:29   9,6   23:59   4,9   0,0   7,8   4,0  32,2   13:15     E
 6  12,1  16,8   13:50   8,4   22:47   6,2   0,0   0,8   4,7  41,8   13:57   NNE
 7  12,2  17,1   10:58   5,3   05:47   6,1   0,0   0,5   5,9  43,5   21:45   NNW
 8  16,1  20,4   14:35  12,0   05:17   2,5   0,4   0,0  19,7  64,4   05:35   NNW
 9  16,0  20,6   13:40  11,9   23:56   2,7   0,4   0,0   7,3  45,1   00:51     N
10  15,0  21,1   15:55  11,2   01:37   3,7   0,4   0,3   6,8  61,2   17:56   NNW
11  15,3  20,4   15:53   9,4   05:03   3,2   0,2   0,0   7,2  38,6   13:18    NW
12  14,4  17,3   17:07  12,3   05:27   3,9   0,0   0,0   8,1  45,1   23:54     N
13  14,5  18,2   13:19  11,1   05:25   3,8   0,0   0,0  18,6  49,9   07:50   NNW
14  13,5  15,9   16:54  10,9   03:28   4,8   0,0   3,5   8,8  51,5   22:58     N
15  13,4  17,4   14:05  10,3   06:03   4,9   0,0   0,0  20,6  54,7   11:59   NNW
16  12,3  16,1   15:25   9,2   23:56   6,0   0,0   0,0  24,4  67,6   09:12   NNW
17  13,9  21,5   16:30   8,6   03:55   4,7   0,4   0,0  13,8  57,9   02:34   NNW
18  16,2  19,8   13:59  11,8   01:01   2,3   0,2   0,0  11,5  54,7   03:13    NW
19  15,9  18,7   12:30  13,2   22:32   2,5   0,0   4,3  10,8  48,3   00:08    NW
20  17,1  22,3   13:45  12,2   03:33   2,2   0,9   0,0   7,7  35,4   07:50    NW
21  18,3  22,3   16:34  14,7   05:34   1,0   1,0   0,0   5,7  29,0   01:28    NE
22  16,1  20,8   13:21  13,9   05:26   2,3   0,1   0,0  11,1  43,5   10:34   NNE
23  16,1  19,2   13:46  13,1   06:12   2,3   0,1   0,0   3,9  43,5   23:43    SE
24  15,7  20,3   15:31  12,4   05:00   2,9   0,3   0,0  11,4  46,7   11:55    NW
25  15,4  20,7   12:46   9,2   05:02   3,1   0,2   0,0   6,9  35,4   11:55    SE
26  17,7  21,8   12:42  14,9   05:35   1,3   0,8   0,0   5,9  40,2   14:18   ESE
27  17,0  19,8   11:11  14,7   04:58   1,6   0,3   0,0   3,4  27,4   13:30   ESE
28  16,2  20,1   14:15  13,3   23:55   2,2   0,1  15,5   6,4  33,8   09:34     E
29  15,4  20,0   13:45  10,7   05:28   3,1   0,2   3,1   4,3  33,8   16:46    SE
30  13,7  17,1   13:43  10,6   23:55   4,6   0,0   9,6   4,0  59,5   00:50   ENE
----------------------------------------------------------------------------------
    15,1  23,1     1     5,3     7   103,1   7,0  63,7   8,7  67,6    16       N

Max >=  25,0:  0
Max <=   5,0:  0
Min <=   5,0:  0
Min <=   0,0:  0
Max Rain: 18,3 on day 3
Days of Rain: 10 (>= 0,2 mm)  7 (>= 2,0 mm)  2 (>= 10,0 mm)
Heat Base: 18,3  Cool Base: 18,3  Method: Integration