Resums Climàtics NOAA

Selecciona un any o mes per veure el resum
2018: Gen Feb Mar abr Mai Jun jul Ago Set Oct Nov Des
2017: Gen Feb Mar abr Mai Jun jul Ago Set Oct Nov Des
2016: Gen Feb Mar abr Mai Jun jul Ago Set Oct Nov Des
2015: Gen Feb Mar abr Mai Jun jul Ago Set Oct Nov Des
2014: Gen Feb Mar abr Mai Jun jul Ago Set Oct Nov Des
2013: Gen Feb Mar abr Mai Jun jul Ago Set Oct Nov Des
2012: Gen Feb Mar abr Mai Jun jul Ago Set Oct Nov Des
2011: Gen Feb Mar abr Mai Jun jul Ago Set Oct Nov Des
2010: Gen Feb Mar abr Mai Jun jul Ago Set Oct Nov Des
2009: Gen Feb Mar abr Mai Jun jul Ago Set Oct Nov Des
2008: Gen Feb Mar abr Mai Jun jul Ago Set Oct Nov Des

Resum 2012 Maig
                   Monthly Climatological Summary for maig 2012

Name: MeteoTortosa   City: Tortosa   State: Baix Ebre
Elevation: 12 m  Lat: N 40° 49' 48"   Lon: E 000° 31' 12"

                  Temperature (°C), Rain (mm), Wind Speed (km/h)

                                      Heat  Cool        Avg
    Mean                              Deg   Deg         Wind                 Dom
Day Temp  High   Time   Low    Time   Days  Days  Rain  Speed High   Time    Dir
----------------------------------------------------------------------------------
 1  14,3  19,4   13:27   7,8   04:48   4,1   0,1   0,3   3,9  27,4   13:11    SE
 2  15,3  20,4   11:59  10,4   03:15   3,3   0,3   0,0   4,7  30,6   12:27    SE
 3  15,5  20,8   15:49   9,4   05:31   3,2   0,5   0,0   4,1  27,4   11:53    SE
 4  16,5  21,3   11:54  13,2   05:11   2,3   0,5   6,1   2,1  33,8   14:23   ENE
 5  17,0  22,0   13:42  13,1   04:00   1,9   0,6   0,0   4,1  46,7   15:30     S
 6  19,1  23,8   15:03  14,6   23:58   0,7   1,4   0,0   9,4  32,2   10:20   NNW
 7  17,7  22,8   14:17  11,2   04:47   2,1   1,4   0,0   3,8  30,6   15:18    SE
 8  20,0  26,7   13:55  12,9   05:34   1,3   3,0   0,0   2,4  20,9   10:19   SSE
 9  19,9  25,0   14:08  15,7   05:12   0,5   2,1   0,0   4,2  29,0   12:54    SE
10  20,2  25,3   12:46  14,5   05:00   0,8   2,7   0,0   6,5  33,8   14:55    SE
11  21,1  26,4   14:36  15,4   04:33   0,5   3,3   0,0   5,0  30,6   12:52   ESE
12  23,3  31,4   14:13  15,0   04:36   0,6   5,6   0,0   2,8  25,7   14:33   ESE
13  22,5  27,2   11:23  17,8   23:57   0,0   4,2   0,0   5,6  29,0   12:18   ESE
14  19,4  23,3   09:34  15,3   04:54   0,7   1,8   0,0   4,6  30,6   15:11    SE
15  22,2  27,1   13:21  16,3   00:00   0,0   3,9   0,0  12,6  53,1   23:10   NNW
16  17,8  22,6   12:02  14,9   05:27   1,1   0,6   0,0  13,0  53,1   00:40   NNE
17  18,0  19,4   09:29  15,8   00:00   0,6   0,3   0,0   6,4  30,6   11:21    SE
18  17,9  19,4   15:22  16,6   07:07   0,6   0,2   0,0   6,2  30,6   19:09   ESE
19  18,0  19,5   11:25  16,0   23:57   0,7   0,3   0,0   6,4  35,4   00:29   ESE
20  16,8  20,7   10:21  14,6   12:54   1,7   0,2   0,2  10,8  41,8   20:18   NNW
21  17,2  21,1   14:26  14,4   01:44   1,6   0,5   0,0  23,5  67,6   18:37    NW
22  21,2  26,2   14:44  16,7   00:10   0,2   3,1   0,0  23,5  74,0   03:15   NNW
23  22,5  28,8   13:14  17,1   03:26   0,2   4,4   0,0  12,5  43,5   00:03   NNE
24  21,1  27,3   15:33  14,5   04:46   0,7   3,4   0,0   4,7  29,0   12:35    SE
25  20,8  26,1   14:27  14,6   04:53   0,7   3,2   0,0   7,2  32,2   11:59    SE
26  21,2  24,4   11:13  18,4   05:07   0,0   2,9   0,0   5,0  25,7   15:12   ESE
27  21,9  25,9   11:42  18,6   23:56   0,0   3,6   0,0   4,1  29,0   12:30    SE
28  21,6  26,9   11:47  16,1   04:34   0,4   3,7   0,0   3,6  30,6   16:30    SE
29  21,7  26,0   16:19  16,6   04:51   0,2   3,6   3,1   4,7  35,4   13:49   ESE
30  22,5  27,5   12:30  17,3   04:33   0,1   4,3   0,0   4,7  32,2   15:55    SE
31  23,3  28,3   11:13  17,9   02:51   0,0   5,0   0,0   5,3  33,8   15:13   ESE
----------------------------------------------------------------------------------
    19,6  31,4    12     7,8     1    30,8  70,7   9,7   7,0  74,0    22     ENE

Max >=  25,0: 16
Max <=   5,0:  0
Min <=   5,0:  0
Min <=   0,0:  0
Max Rain: 6,1 on day 4
Days of Rain: 4 (>= 0,2 mm)  2 (>= 2,0 mm)  0 (>= 10,0 mm)
Heat Base: 18,3  Cool Base: 18,3  Method: Integration