Resums Climàtics NOAA

Selecciona un any o mes per veure el resum
2018: Gen Feb Mar abr Mai Jun jul Ago Set Oct Nov Des
2017: Gen Feb Mar abr Mai Jun jul Ago Set Oct Nov Des
2016: Gen Feb Mar abr Mai Jun jul Ago Set Oct Nov Des
2015: Gen Feb Mar abr Mai Jun jul Ago Set Oct Nov Des
2014: Gen Feb Mar abr Mai Jun jul Ago Set Oct Nov Des
2013: Gen Feb Mar abr Mai Jun jul Ago Set Oct Nov Des
2012: Gen Feb Mar abr Mai Jun jul Ago Set Oct Nov Des
2011: Gen Feb Mar abr Mai Jun jul Ago Set Oct Nov Des
2010: Gen Feb Mar abr Mai Jun jul Ago Set Oct Nov Des
2009: Gen Feb Mar abr Mai Jun jul Ago Set Oct Nov Des
2008: Gen Feb Mar abr Mai Jun jul Ago Set Oct Nov Des

Resum 2012 Juny
                   Monthly Climatological Summary for juny 2012

Name: MeteoTortosa   City: Tortosa   State: Baix Ebre
Elevation: 12 m  Lat: N 40° 49' 48"   Lon: E 000° 31' 12"

                  Temperature (°C), Rain (mm), Wind Speed (km/h)

                                      Heat  Cool        Avg
    Mean                              Deg   Deg         Wind                 Dom
Day Temp  High   Time   Low    Time   Days  Days  Rain  Speed High   Time    Dir
----------------------------------------------------------------------------------
 1  23,7  29,7   15:20  18,1   04:18   0,0   5,4   0,0   6,0  32,2   13:50   ESE
 2  24,1  30,3   15:05  18,3   04:48   0,0   5,8   0,0   5,2  32,2   14:14    SE
 3  23,7  27,7   17:45  20,2   06:08   0,0   5,4   1,8   6,4  30,6   02:41   NNE
 4  23,8  28,3   14:56  18,7   02:50   0,0   5,5   0,0   4,6  25,7   05:16   SSW
 5  23,3  27,4   12:24  18,8   04:03   0,0   5,0   0,0   4,7  33,8   14:30    SE
 6  24,3  28,8   13:31  20,9   00:32   0,0   6,0   0,0   4,4  27,4   13:36    SE
 7  23,5  26,7   14:15  21,1   23:51   0,0   5,2   0,0   4,3  29,0   13:02   ESE
 8  23,3  28,9   12:47  18,4   23:57   0,0   5,0   2,8   7,4  35,4   07:47     N
 9  22,0  25,7   14:57  15,8   03:16   0,2   3,9   0,2   4,5  35,4   09:37    SE
10  24,2  28,8   14:00  17,9   05:04   0,0   5,9   0,0   3,1  33,8   23:50   SSE
11  22,7  25,4   09:35  19,5   23:58   0,0   4,4   8,1  10,1  49,9   21:15     N
12  22,6  27,6   15:40  18,1   04:52   0,0   4,3   0,3  12,5  59,5   00:47    NW
13  21,7  25,9   11:12  18,8   05:18   0,0   3,4   0,0   9,9  37,0   07:41   NNE
14  22,1  25,7   14:28  18,9   04:44   0,0   3,8   0,0   8,7  40,2   13:28   ESE
15  22,9  27,0   14:33  18,0   04:55   0,0   4,6   0,0   8,8  37,0   15:32    SE
16  23,6  27,8   14:02  18,6   03:49   0,0   5,3   0,0   6,6  33,8   13:32    SE
17  23,5  27,5   12:06  19,8   04:38   0,0   5,2   0,0   5,6  33,8   14:29    SE
18  23,8  28,0   11:00  21,1   02:40   0,0   5,5   0,3   4,2  35,4   12:08   ESE
19  23,2  27,4   17:01  19,9   04:20   0,0   4,9   1,7   5,5  38,6   21:26     N
20  25,5  31,1   15:46  20,4   04:50   0,0   7,2   0,0   6,3  40,2   00:10    NE
21  27,6  34,4   16:02  20,2   04:56   0,0   9,3   0,0   2,9  32,2   23:33   ESE
22  24,6  28,6   11:12  20,9   23:39   0,0   6,3   0,0   8,5  40,2   01:41    NE
23  23,3  26,9   12:15  19,1   04:39   0,0   5,0   0,0   3,8  32,2   10:30    SE
24  25,0  29,6   15:40  20,1   04:26   0,0   6,7   0,0   4,1  32,2   13:44   ESE
25  26,8  33,9   13:52  19,5   05:05   0,0   8,5   0,0   3,1  29,0   15:12   ESE
26  26,0  30,2   11:01  20,8   05:12   0,0   7,7   0,0   4,9  35,4   11:47   ESE
27  26,0  30,1   12:55  20,9   04:22   0,0   7,7   0,0   4,7  35,4   13:17    SE
28  26,4  31,1   12:55  21,6   05:10   0,0   8,1   0,0   3,1  30,6   13:54    SE
29  27,6  32,1   13:36  24,0   02:22   0,0   9,3   0,0   3,0  29,0   16:04    SE
30  26,6  31,6   09:49  23,1   04:34   0,0   8,3   0,0   5,4  51,5   22:30   ENE
----------------------------------------------------------------------------------
    24,2  34,4    21    15,8     9     0,2 178,6  15,2   5,7  59,5    12       E

Max >=  25,0: 30
Max <=   5,0:  0
Min <=   5,0:  0
Min <=   0,0:  0
Max Rain: 8,1 on day 11
Days of Rain: 7 (>= 0,2 mm)  2 (>= 2,0 mm)  0 (>= 10,0 mm)
Heat Base: 18,3  Cool Base: 18,3  Method: Integration