Resums Climàtics NOAA

Selecciona un any o mes per veure el resum
2018: Gen Feb Mar abr Mai Jun jul Ago Set Oct Nov Des
2017: Gen Feb Mar abr Mai Jun jul Ago Set Oct Nov Des
2016: Gen Feb Mar abr Mai Jun jul Ago Set Oct Nov Des
2015: Gen Feb Mar abr Mai Jun jul Ago Set Oct Nov Des
2014: Gen Feb Mar abr Mai Jun jul Ago Set Oct Nov Des
2013: Gen Feb Mar abr Mai Jun jul Ago Set Oct Nov Des
2012: Gen Feb Mar abr Mai Jun jul Ago Set Oct Nov Des
2011: Gen Feb Mar abr Mai Jun jul Ago Set Oct Nov Des
2010: Gen Feb Mar abr Mai Jun jul Ago Set Oct Nov Des
2009: Gen Feb Mar abr Mai Jun jul Ago Set Oct Nov Des
2008: Gen Feb Mar abr Mai Jun jul Ago Set Oct Nov Des

Resum 2012 Agost
                   Monthly Climatological Summary for ag 2012

Name: MeteoTortosa   City: Tortosa   State: Baix Ebre
Elevation: 12 m  Lat: N 40° 49' 48"   Lon: E 000° 31' 12"

                  Temperature (°C), Rain (mm), Wind Speed (km/h)

                                      Heat  Cool        Avg
    Mean                              Deg   Deg         Wind                 Dom
Day Temp  High   Time   Low    Time   Days  Days  Rain  Speed High   Time    Dir
----------------------------------------------------------------------------------
 1  27,0  31,9   15:08  21,3   05:25   0,0   8,7   0,0   2,3  29,0   14:12    SE
 2  27,0  30,3   16:00  23,5   23:53   0,0   8,7   0,0   2,2  24,1   12:46    SE
 3  26,5  30,4   11:51  22,6   05:28   0,0   8,2   0,0   2,7  27,4   14:49    SE
 4  25,8  29,8   13:37  21,2   05:11   0,0   7,5   0,0   1,9  27,4   13:49    SE
 5  25,8  28,8   13:12  22,8   03:38   0,0   7,5   0,0   6,3  35,4   22:49   ENE
 6  25,1  31,3   15:13  21,1   05:33   0,0   6,8   0,0  12,9  40,2   01:10   NNE
 7  24,9  28,4   12:31  21,1   05:31   0,0   6,6   0,0   2,4  30,6   14:41    SE
 8  25,8  31,9   12:53  19,4   04:17   0,0   7,5   0,0   2,6  32,2   12:26    SE
 9  26,6  31,6   12:35  21,6   04:48   0,0   8,3   0,0   2,3  35,4   14:35    SE
10  27,6  33,8   11:07  22,3   05:29   0,0   9,3   0,0   2,1  27,4   16:13    SE
11  27,2  33,2   16:30  22,9   05:11   0,0   8,9   0,0   2,2  33,8   13:25   SSE
12  26,7  33,2   14:22  22,4   04:52   0,0   8,4   0,0   6,5  33,8   11:23    NE
13  26,2  29,6   12:49  22,5   05:37   0,0   7,9   0,0   3,6  32,2   14:10    SE
14  26,6  30,1   14:23  22,3   05:23   0,0   8,3   0,0   3,7  32,2   15:27    SE
15  27,7  33,6   16:27  22,3   06:03   0,0   9,4   0,0   3,5  27,4   21:34     E
16  27,5  30,4   13:05  23,6   05:42   0,0   9,2   0,0   4,2  27,4   13:11     E
17  26,5  30,9   13:53  22,4   05:19   0,0   8,2   0,0   3,3  33,8   14:26    SE
18  27,3  32,4   14:34  22,7   05:51   0,0   9,0   0,0   3,2  32,2   12:07    SE
19  27,4  31,7   10:56  22,9   04:30   0,0   9,1   0,0   2,3  30,6   12:57    SE
20  29,3  36,0   15:39  23,0   05:46   0,0  11,0   0,0   3,6  32,2   13:02   ESE
21  29,4  34,9   15:54  23,8   05:17   0,0  11,1   0,0   3,4  25,7   13:53    SE
22  28,2  32,6   13:58  23,6   05:03   0,0   9,9   0,0   3,3  33,8   15:31    SE
23  27,9  32,0   13:07  23,8   06:01   0,0   9,6   0,0   4,3  37,0   13:32    SE
24  27,7  32,2   12:56  24,1   05:34   0,0   9,4   0,0   2,0  30,6   14:33    SE
25  28,9  34,3   13:02  22,2   05:06   0,0  10,6   0,0   6,6  49,9   22:55   NNW
26  26,0  29,6   11:50  22,9   04:31   0,0   7,7   0,0  10,9  43,5   00:04   NNE
27  27,3  31,3   12:43  24,6   03:09   0,0   9,0   0,0   3,8  30,6   09:57   SSE
28  27,5  31,5   13:13  24,8   05:56   0,0   9,2   0,0   2,7  29,0   13:17    SE
29  26,9  30,3   11:55  24,2   04:40   0,0   8,6   0,0   3,7  30,6   12:27    SE
30  24,1  26,5   17:04  20,1   10:13   0,0   5,8   9,7   9,9  46,7   21:44     N
31  22,9  27,9   14:03  18,9   05:25   0,0   4,6   0,0  16,8  53,1   03:09   NNW
----------------------------------------------------------------------------------
    26,8  36,0    20    18,9    31     0,0 264,0   9,7   4,6  53,1    31     ENE

Max >=  30,0: 24
Max <=   5,0:  0
Min <=   5,0:  0
Min <=   0,0:  0
Max Rain: 9,7 on day 30
Days of Rain: 1 (>= 0,2 mm)  1 (>= 2,0 mm)  0 (>= 10,0 mm)
Heat Base: 18,3  Cool Base: 18,3  Method: Integration