Resums Climàtics NOAA

Selecciona un any o mes per veure el resum
2018: Gen Feb Mar abr Mai Jun jul Ago Set Oct Nov Des
2017: Gen Feb Mar abr Mai Jun jul Ago Set Oct Nov Des
2016: Gen Feb Mar abr Mai Jun jul Ago Set Oct Nov Des
2015: Gen Feb Mar abr Mai Jun jul Ago Set Oct Nov Des
2014: Gen Feb Mar abr Mai Jun jul Ago Set Oct Nov Des
2013: Gen Feb Mar abr Mai Jun jul Ago Set Oct Nov Des
2012: Gen Feb Mar abr Mai Jun jul Ago Set Oct Nov Des
2011: Gen Feb Mar abr Mai Jun jul Ago Set Oct Nov Des
2010: Gen Feb Mar abr Mai Jun jul Ago Set Oct Nov Des
2009: Gen Feb Mar abr Mai Jun jul Ago Set Oct Nov Des
2008: Gen Feb Mar abr Mai Jun jul Ago Set Oct Nov Des

Resum 2012 Setembre
                   Monthly Climatological Summary for set 2012

Name: MeteoTortosa   City: Tortosa   State: Baix Ebre
Elevation: 12 m  Lat: N 40° 49' 48"   Lon: E 000° 31' 12"

                  Temperature (°C), Rain (mm), Wind Speed (km/h)

                                      Heat  Cool        Avg
    Mean                              Deg   Deg         Wind                 Dom
Day Temp  High   Time   Low    Time   Days  Days  Rain  Speed High   Time    Dir
----------------------------------------------------------------------------------
 1  21,1  26,4   16:50  17,8   03:55   0,0   2,9   0,0  16,0  48,3   23:58   NNW
 2  21,6  27,8   17:06  15,9   05:13   0,3   3,6   0,0  11,4  48,3   00:02     N
 3  23,8  29,8   17:01  19,2   03:58   0,0   5,5   0,0  10,0  41,8   05:59     N
 4  24,1  29,2   13:19  20,4   05:22   0,0   5,8   0,0   7,5  32,2   05:03   NNE
 5  24,1  29,4   11:53  18,3   04:30   0,0   5,8   0,0   3,2  30,6   08:04   ENE
 6  24,7  30,9   15:19  18,0   06:12   0,0   6,4   0,0   2,0  24,1   14:26    SE
 7  24,3  29,8   11:27  17,9   05:39   0,0   6,0   0,0   2,6  30,6   14:15    SE
 8  24,0  28,7   11:48  18,8   05:58   0,0   5,7   0,0   2,5  32,2   15:11    SE
 9  24,1  29,0   12:51  20,4   05:49   0,0   5,8   0,0   1,8  25,7   12:57    SE
10  24,2  28,3   12:05  19,8   05:52   0,0   5,9   0,0   2,7  30,6   12:09    SE
11  24,3  28,8   12:18  19,3   05:49   0,0   6,0   0,0   1,8  25,7   13:54    SE
12  25,7  32,8   13:39  19,2   05:40   0,0   7,4   0,0   9,5  64,4   19:44    NW
13  22,5  27,1   13:40  18,8   05:52   0,0   4,2   0,0  21,0  64,4   02:54   NNW
14  23,3  30,7   14:48  17,8   23:51   0,0   5,0   0,0  10,6  54,7   02:17     N
15  23,0  30,2   11:59  15,2   05:54   0,6   5,2   0,0   2,4  27,4   15:17    SE
16  23,7  27,6   14:42  20,6   05:09   0,0   5,4   0,0   2,0  22,5   16:16   ESE
17  24,3  28,6   13:33  21,1   01:33   0,0   6,0   0,0   1,4  20,9   14:00   ESE
18  24,2  27,8   12:57  21,8   23:49   0,0   5,9   0,0   1,0  19,3   15:13   ESE
19  24,0  28,9   11:58  21,4   00:02   0,0   5,7   0,0   7,3  37,0   09:13    NE
20  21,6  24,4   16:05  19,7   07:26   0,0   3,3   0,0   1,9  20,9   06:50     E
21  23,1  26,9   12:35  18,9   06:00   0,0   4,8   0,0   3,0  30,6   13:28    SE
22  23,3  25,6   15:26  20,3   05:25   0,0   5,0   0,0   2,9  24,1   15:38   ESE
23  24,6  27,8   12:37  22,6   23:56   0,0   6,3   0,0   2,8  29,0   13:07    SE
24  25,1  30,0   13:41  19,6   23:48   0,0   6,8   0,0   7,1  48,3   06:58    NW
25  23,2  27,4   12:58  18,9   23:57   0,0   4,9   0,0   7,5  37,0   04:18     N
26  18,5  21,6   09:01  14,1   23:24   0,6   0,8   0,0   7,2  48,3   12:18     N
27  18,1  22,8   13:39  12,4   02:55   1,6   1,5   2,8   1,8  22,5   07:26     N
28  18,6  21,6   11:54  15,8   23:57   0,5   0,8  12,4   2,7  25,7   19:40   NNE
29  16,6  18,3   08:42  14,4   20:53   1,6   0,0  26,2   9,7  49,9   20:26   NNE
30  18,6  23,9   15:29  14,7   23:12   1,2   1,5   0,0   9,1  41,8   05:26     N
----------------------------------------------------------------------------------
    22,7  32,8    12    12,4    27     6,4 139,9  41,4   5,7  64,4    12       N

Max >=  30,0:  5
Max <=   5,0:  0
Min <=   5,0:  0
Min <=   0,0:  0
Max Rain: 26,2 on day 29
Days of Rain: 3 (>= 0,2 mm)  3 (>= 2,0 mm)  2 (>= 10,0 mm)
Heat Base: 18,3  Cool Base: 18,3  Method: Integration