Resums Climàtics NOAA

Selecciona un any o mes per veure el resum
2018: Gen Feb Mar abr Mai Jun jul Ago Set Oct Nov Des
2017: Gen Feb Mar abr Mai Jun jul Ago Set Oct Nov Des
2016: Gen Feb Mar abr Mai Jun jul Ago Set Oct Nov Des
2015: Gen Feb Mar abr Mai Jun jul Ago Set Oct Nov Des
2014: Gen Feb Mar abr Mai Jun jul Ago Set Oct Nov Des
2013: Gen Feb Mar abr Mai Jun jul Ago Set Oct Nov Des
2012: Gen Feb Mar abr Mai Jun jul Ago Set Oct Nov Des
2011: Gen Feb Mar abr Mai Jun jul Ago Set Oct Nov Des
2010: Gen Feb Mar abr Mai Jun jul Ago Set Oct Nov Des
2009: Gen Feb Mar abr Mai Jun jul Ago Set Oct Nov Des
2008: Gen Feb Mar abr Mai Jun jul Ago Set Oct Nov Des

Resum 2012 Octubre
                   Monthly Climatological Summary for oct 2012

Name: MeteoTortosa   City: Tortosa   State: Baix Ebre
Elevation: 12 m  Lat: N 40° 49' 48"   Lon: E 000° 31' 12"

                  Temperature (°C), Rain (mm), Wind Speed (km/h)

                                      Heat  Cool        Avg
    Mean                              Deg   Deg         Wind                 Dom
Day Temp  High   Time   Low    Time   Days  Days  Rain  Speed High   Time    Dir
----------------------------------------------------------------------------------
 1  19,0  24,3   13:01  14,7   00:43   0,9   1,6   0,0   4,8  32,2   08:47   NNE
 2  18,6  24,9   10:59  12,6   05:27   1,7   2,1   0,0   1,0  19,3   14:45   ESE
 3  19,5  25,0   13:46  14,5   04:54   1,1   2,3   0,0   1,8  22,5   11:46    SE
 4  20,4  25,9   13:56  15,2   05:48   0,6   2,7   0,0   2,1  25,7   14:53    SE
 5  20,9  25,6   12:47  17,3   05:09   0,2   2,7   0,0   2,0  24,1   13:21   ESE
 6  21,1  25,5   13:19  17,4   06:29   0,1   2,9   0,0   1,7  24,1   14:35    SE
 7  22,1  27,9   13:57  17,6   03:56   0,1   3,9   0,0   1,6  24,1   15:45    SE
 8  22,0  27,8   12:43  17,4   05:26   0,1   3,9   0,0   1,3  22,5   12:29    SE
 9  24,9  30,8   12:24  19,1   02:40   0,0   6,6   0,0   5,0  35,4   04:16     N
10  22,0  26,3   14:32  17,6   05:13   0,1   3,8   2,0   1,5  22,5   11:01   SSE
11  21,7  25,8   13:57  19,6   06:44   0,0   3,4   0,5   2,2  27,4   21:11     E
12  21,0  23,2   15:52  18,6   19:30   0,0   2,7   0,0  10,9  37,0   01:01     N
13  19,3  23,4   15:55  13,9   23:51   0,5   1,5   0,0   7,7  30,6   02:40     N
14  18,0  25,6   12:43  12,1   06:39   2,3   2,1   0,3   4,3  46,7   19:29     N
15  16,9  20,6   14:21  12,2   23:55   1,8   0,4   0,0  14,1  57,9   01:07   NNW
16  16,0  22,8   11:48   9,2   05:41   3,4   1,1   0,0   0,9  24,1   13:32     E
17  17,8  23,5   13:05  11,5   05:57   2,2   1,7   0,0   2,3  29,0   11:47    SE
18  22,3  24,8   13:11  18,8   03:10   0,0   4,0   0,0   6,2  41,8   23:47     E
19  22,4  24,2   10:23  21,1   18:59   0,0   4,1   3,3   9,3  49,9   01:56     E
20  20,0  23,1   10:16  16,1   23:32   0,2   2,0  29,2   4,8  40,2   14:50     E
21  18,3  22,0   12:52  14,9   23:59   1,0   1,0  24,6   1,8  25,7   04:23   ESE
22  18,1  23,1   14:38  14,4   03:12   1,5   1,3   0,0   5,5  29,0   08:10   NNE
23  17,4  24,3   12:45  12,8   06:33   2,2   1,3   0,0   0,7  19,3   13:59    NE
24  17,5  22,4   13:11  12,6   06:49   1,8   1,0   0,3   1,3  20,9   14:00   ESE
25  18,2  19,5   12:49  16,6   21:43   0,4   0,3  27,4   0,5  16,1   12:46   ESE
26  17,6  22,0   15:17  14,6   22:28   1,4   0,8   1,0   0,4  11,3   14:47   ESE
27  16,3  19,9   09:09   9,2   23:50   2,4   0,4   0,5  20,9  90,1   15:32    NW
28  11,2  14,5   14:44   8,3   02:21   7,1   0,0   0,0  16,2  61,2   21:16   NNW
29  11,5  16,2   12:45   6,9   23:40   6,8   0,0   0,0   7,1  43,5   00:21     N
30  10,4  14,9   14:29   5,7   05:44   7,9   0,0   5,9   1,1  19,3   21:04    SE
31  14,1  18,9   15:32  10,9   03:49   4,3   0,0   7,9  10,0  51,5   10:53     N
----------------------------------------------------------------------------------
    18,6  30,8     9     5,7    30    52,1  61,6 102,9   4,9  90,1    27     NNE

Max >=  30,0:  1
Max <=   5,0:  0
Min <=   5,0:  0
Min <=   0,0:  0
Max Rain: 29,2 on day 20
Days of Rain: 12 (>= 0,2 mm)  7 (>= 2,0 mm)  3 (>= 10,0 mm)
Heat Base: 18,3  Cool Base: 18,3  Method: Integration