Resums Climàtics NOAA

Selecciona un any o mes per veure el resum
2018: Gen Feb Mar abr Mai Jun jul Ago Set Oct Nov Des
2017: Gen Feb Mar abr Mai Jun jul Ago Set Oct Nov Des
2016: Gen Feb Mar abr Mai Jun jul Ago Set Oct Nov Des
2015: Gen Feb Mar abr Mai Jun jul Ago Set Oct Nov Des
2014: Gen Feb Mar abr Mai Jun jul Ago Set Oct Nov Des
2013: Gen Feb Mar abr Mai Jun jul Ago Set Oct Nov Des
2012: Gen Feb Mar abr Mai Jun jul Ago Set Oct Nov Des
2011: Gen Feb Mar abr Mai Jun jul Ago Set Oct Nov Des
2010: Gen Feb Mar abr Mai Jun jul Ago Set Oct Nov Des
2009: Gen Feb Mar abr Mai Jun jul Ago Set Oct Nov Des
2008: Gen Feb Mar abr Mai Jun jul Ago Set Oct Nov Des

Resum 2012 Novembre
                   Monthly Climatological Summary for nov 2012

Name: MeteoTortosa   City: Tortosa   State: Baix Ebre
Elevation: 12 m  Lat: N 40° 49' 48"   Lon: E 000° 31' 12"

                  Temperature (°C), Rain (mm), Wind Speed (km/h)

                                      Heat  Cool        Avg
    Mean                              Deg   Deg         Wind                 Dom
Day Temp  High   Time   Low    Time   Days  Days  Rain  Speed High   Time    Dir
----------------------------------------------------------------------------------
 1  17,2  21,8   12:33   9,9   03:38   2,0   0,9   0,0   3,8  45,1   05:03    NW
 2  17,2  23,7   14:38  11,7   23:20   2,2   1,1   0,0   0,9  32,2   12:37    NW
 3  15,0  19,2   12:13  11,7   00:17   3,4   0,1   0,0   0,7  17,7   13:38    SE
 4  15,6  18,0   14:28  13,6   06:48   2,7   0,0   7,6   8,7  45,1   19:53     N
 5  15,1  18,1   13:27  11,1   22:38   3,2   0,0   0,0   9,1  46,7   08:16   NNW
 6  13,8  16,1   15:19  11,4   23:45   4,5   0,0   0,0  11,3  43,5   20:51   NNW
 7  11,6  13,3   15:16   9,4   05:37   6,7   0,0   0,2   7,3  29,0   10:19     N
 8  13,5  17,9   14:15  10,1   06:37   4,8   0,0   0,3   0,9  20,9   12:54   ESE
 9  14,2  16,5   14:59  11,6   06:36   4,1   0,0  12,9   1,2  22,5   08:01   ENE
10  14,0  18,4   13:32  10,4   23:31   4,3   0,0   0,3   0,6  14,5   14:37   ENE
11  12,9  13,9   02:37  10,4   00:00   5,4   0,0   1,0  12,4  35,4   07:17     N
12  13,8  16,6   13:24  11,8   03:42   4,5   0,0   0,0  18,4  43,5   12:11     N
13  12,9  14,0   22:41  11,6   06:56   5,4   0,0   0,3  18,5  43,5   16:48     N
14  13,6  14,7   05:18  12,0   10:52   4,7   0,0   7,6   5,2  29,0   00:53     N
15  15,5  19,8   14:35  13,2   23:54   2,9   0,1   0,0   0,0  11,3   03:21   NNE
16  14,7  18,0   12:15  11,1   04:04   3,6   0,0   0,0   0,9  19,3   13:45   ESE
17  14,9  16,7   12:36  13,3   23:22   3,3   0,0 117,6   1,4  25,7   13:51     E
18  14,5  16,2   18:46  13,0   01:53   3,8   0,0   8,4   5,2  27,4   22:33   NNE
19  14,9  20,5   14:09  10,1   23:55   3,5   0,1   0,0   7,1  30,6   09:56   NNE
20  12,5  18,7   12:32   7,6   06:08   5,8   0,0   0,2   0,6  16,1   15:11   ENE
21  14,5  19,9   13:09  10,2   06:25   4,0   0,1   0,0   4,5  27,4   13:27     N
22  13,8  16,7   14:44   9,9   23:53   4,5   0,0   0,0   6,2  29,0   12:34     N
23  11,7  18,5   13:31   7,8   04:51   6,6   0,0   0,3   0,5  17,7   15:26     N
24  12,6  18,1   11:51   8,8   00:53   5,7   0,0   0,0   0,9  20,9   12:31   ESE
25  13,4  17,1   13:25  10,2   00:27   4,9   0,0   0,2   0,4  11,3   15:00   ESE
26  13,4  17,1   12:36  11,6   06:45   4,9   0,0   0,0   6,9  38,6   13:40     N
27  11,6  13,1   14:01  10,0   23:36   6,7   0,0   0,0  14,8  49,9   20:50   NNW
28  10,7  12,8   14:01   9,0   01:02   7,5   0,0   0,5  25,4  77,2   16:28   NNW
29  10,2  12,6   13:28   8,8   23:21   8,1   0,0   0,0  22,9  64,4   00:05   NNW
30   9,5  12,3   14:00   6,3   23:47   8,8   0,0   0,0  13,6  45,1   00:40     N
----------------------------------------------------------------------------------
    13,6  23,7     2     6,3    30   142,5   2,4 157,4   7,0  77,2    28       N

Max >=  30,0:  0
Max <=   5,0:  0
Min <=   5,0:  0
Min <=   0,0:  0
Max Rain: 117,6 on day 17
Days of Rain: 14 (>= 0,2 mm)  5 (>= 2,0 mm)  2 (>= 10,0 mm)
Heat Base: 18,3  Cool Base: 18,3  Method: Integration