Resums Climàtics NOAA

Selecciona un any o mes per veure el resum
2018: Gen Feb Mar abr Mai Jun jul Ago Set Oct Nov Des
2017: Gen Feb Mar abr Mai Jun jul Ago Set Oct Nov Des
2016: Gen Feb Mar abr Mai Jun jul Ago Set Oct Nov Des
2015: Gen Feb Mar abr Mai Jun jul Ago Set Oct Nov Des
2014: Gen Feb Mar abr Mai Jun jul Ago Set Oct Nov Des
2013: Gen Feb Mar abr Mai Jun jul Ago Set Oct Nov Des
2012: Gen Feb Mar abr Mai Jun jul Ago Set Oct Nov Des
2011: Gen Feb Mar abr Mai Jun jul Ago Set Oct Nov Des
2010: Gen Feb Mar abr Mai Jun jul Ago Set Oct Nov Des
2009: Gen Feb Mar abr Mai Jun jul Ago Set Oct Nov Des
2008: Gen Feb Mar abr Mai Jun jul Ago Set Oct Nov Des

Resum 2012 Desembre
                   Monthly Climatological Summary for des 2012

Name: MeteoTortosa   City: Tortosa   State: Baix Ebre
Elevation: 12 m  Lat: N 40° 49' 48"   Lon: E 000° 31' 12"

                  Temperature (°C), Rain (mm), Wind Speed (km/h)

                                      Heat  Cool        Avg
    Mean                              Deg   Deg         Wind                 Dom
Day Temp  High   Time   Low    Time   Days  Days  Rain  Speed High   Time    Dir
----------------------------------------------------------------------------------
 1   8,1  11,7   14:40   5,7   05:01  10,2   0,0   0,0  16,1  46,7   21:17     N
 2  10,4  13,5   23:34   6,3   06:34   7,8   0,0   0,0  19,3  54,7   22:03   NNW
 3  13,7  17,9   13:24   7,2   23:08   4,6   0,0   0,0  12,0  57,9   01:13   NNW
 4  13,5  15,9   12:49   6,8   00:27   4,8   0,0   0,0  14,8  74,0   13:13   NNW
 5  12,3  14,3   12:39  10,6   05:14   6,0   0,0   0,0  11,1  61,2   14:00   NNW
 6  10,9  15,3   13:37   4,2   23:30   7,4   0,0   0,0   8,9  54,7   09:59   NNW
 7  11,0  18,7   13:38   3,4   06:28   7,3   0,0   0,0   8,0  64,4   23:21    NW
 8  12,5  14,8   13:34  10,4   22:47   5,8   0,0   0,0  18,3  66,0   00:42   NNW
 9   9,8  14,4   14:14   3,8   23:31   8,5   0,0   0,0   9,7  53,1   01:09     N
10   7,2  15,2   12:19   1,4   06:51  10,7   0,0   0,0   0,6  19,3   14:00   ESE
11   7,9  14,0   14:38   3,2   07:34  10,3   0,0   0,0   2,0  32,2   12:00     N
12   6,3  11,4   15:23   2,7   03:22  11,9   0,0   0,0   0,8  11,3   04:46   NNE
13   8,6  14,0   12:54   4,5   05:52   9,7   0,0   0,3   0,3  11,3   10:19   NNE
14   9,7  12,3   12:11   7,4   00:49   8,5   0,0   3,6   0,3  12,9   05:09   NNE
15  14,1  19,2   13:10   9,5   01:31   4,3   0,1   0,0   1,5  25,7   05:43   NNE
16  15,5  20,4   14:30  10,9   02:56   3,1   0,3   0,2   4,5  45,1   12:19    NW
17  16,0  18,2   01:41  13,6   00:00   2,3   0,0   0,0  10,3  40,2   10:21   NNW
18  14,3  19,4   14:16  10,3   22:55   4,1   0,0   0,0   3,7  29,0   05:56     N
19  11,9  16,3   12:22   8,7   07:39   6,4   0,0   0,0   0,1   6,4   00:08   ESE
20  13,4  19,3   14:57   7,5   07:44   5,0   0,1   0,0   2,2  35,4   13:57    NW
21  15,4  19,9   13:06   9,7   07:50   3,1   0,2   0,0   6,5  54,7   17:41    NW
22  15,2  19,2   09:14   8,8   23:38   3,1   0,0   0,0   5,7  45,1   08:19   NNE
23  11,6  20,4   14:40   6,9   06:26   6,7   0,1   0,3   0,5  19,3   11:16   ENE
24   9,4  14,4   12:57   4,4   07:48   8,9   0,0   0,2   0,4  19,3   14:40   ENE
25  10,0  12,4   14:05   8,7   21:47   8,3   0,0   0,0   0,4  16,1   14:45     E
26  13,2  16,8   13:51   6,1   23:59   5,1   0,0   0,0  11,9  51,5   07:58   NNW
27  13,5  19,2   13:04   4,3   03:50   4,8   0,0   0,0   5,9  48,3   22:35     N
28  14,3  18,4   14:17   7,7   23:16   4,0   0,0   0,0   8,6  46,7   03:05     N
29  10,9  16,8   14:06   5,4   07:21   7,4   0,0   0,3   5,3  41,8   20:25   NNW
30  13,3  15,5   11:30   8,7   23:58   5,0   0,0   0,0   9,7  53,1   01:13   NNW
31   7,9  15,0   12:53   3,2   07:07  10,3   0,0   0,0   0,8  17,7   15:30    NE
----------------------------------------------------------------------------------
    11,7  20,4    16     1,4    10   205,4   0,8   4,9   6,5  74,0     4     NNW

Max >=  30,0:  0
Max <=   5,0:  0
Min <=   5,0: 10
Min <=   0,0:  0
Max Rain: 3,6 on day 14
Days of Rain: 6 (>= 0,2 mm)  1 (>= 2,0 mm)  0 (>= 10,0 mm)
Heat Base: 18,3  Cool Base: 18,3  Method: Integration