Resums Climàtics NOAA

Selecciona un any o mes per veure el resum
2018: Gen Feb Mar abr Mai Jun jul Ago Set Oct Nov Des
2017: Gen Feb Mar abr Mai Jun jul Ago Set Oct Nov Des
2016: Gen Feb Mar abr Mai Jun jul Ago Set Oct Nov Des
2015: Gen Feb Mar abr Mai Jun jul Ago Set Oct Nov Des
2014: Gen Feb Mar abr Mai Jun jul Ago Set Oct Nov Des
2013: Gen Feb Mar abr Mai Jun jul Ago Set Oct Nov Des
2012: Gen Feb Mar abr Mai Jun jul Ago Set Oct Nov Des
2011: Gen Feb Mar abr Mai Jun jul Ago Set Oct Nov Des
2010: Gen Feb Mar abr Mai Jun jul Ago Set Oct Nov Des
2009: Gen Feb Mar abr Mai Jun jul Ago Set Oct Nov Des
2008: Gen Feb Mar abr Mai Jun jul Ago Set Oct Nov Des

Resum 2013
                   Annual Climatological Summary for 2013

Name: MeteoTortosa   City: Tortosa   State: Baix Ebre
Elevation: 12 m  Lat: N 40° 49' 48"   Lon: E 000° 31' 12"

                  Temperature (°C), Heat Base: 18,3  Cool Base: 18,3
                          Dep.  Heat  Cool                       Max  Max  Min  Min
        Mean  Mean        From  Deg   Deg                        >=   <=   <=   <=
 YR MO  Max   Min   Mean  Norm  Days  Days  Hi  Date  Low  Date 30,0  5,0  5,0   0,0
------------------------------------------------------------------------------------
 13  1  16,2   7,0  11,6   0.0   209     1  23,0  31   2,4   22    0    0   10    0
 13  2  14,4   7,4  10,9   0.0   207     0  19,8   1   0,7   27    0    0    5    0
 13  3  17,8   9,4  13,5   0.0   152     4  23,6  29   3,6    3    0    0    3    0
 13  4  19,7  10,4  15,0   0.0   115    15  25,1   9   6,0   28    0    0    0    0
 13  5  21,6  12,8  17,2   0.0    63    29  29,1   7   8,2   17    0    0    0    0
 13  6  26,1  16,8  21,4   0.0     9   102  30,8  11  13,4   25    1    0    0    0
 13  7  30,4  21,1  25,9   0.0     0   235  32,7  28  18,3    1   23    0    0    0
 13  8  29,5  20,7  25,1   0.0     0   209  31,7  10  17,2   29   10    0    0    0
 13  9  27,8  17,8  23,3   0.0     1   146  30,3  30   0,0    8    2    0    2    2
 13 10  25,6  16,4  20,8   0.0    16    95  31,2   1  10,0   31    2    0    0    0
 13 11  17,8  10,6  14,1   0.0   145    22  27,0   6   0,1   29    0    0    4    0
 13 12  14,0   5,9   9,4   0.0   273     0  18,6  27   1,8   31    0    0   16    0
------------------------------------------------------------------------------------
        21,7  13,0  17,3   0.0  1195   863  32,7 jul   0,0  set   38    0   40    2

                                Precipitation (mm)

              Dep.   Max        Days of Rain
              From   Obs.           >=
 YR MO Total  Norm   Day Date  0,2  2,0 10,0
---------------------------------------------
 13  1  19,0   0.0   8,7  19    10    2    0
 13  2  88,7   0.0  75,2  28     7    3    1
 13  3 105,7   0.0  41,9   5    14    6    3
 13  4  77,2   0.0  41,2  29     9    5    2
 13  5  65,3   0.0  44,2  15     7    5    1
 13  6  71,3   0.0  32,0  18     5    4    2
 13  7  29,7   0.0  23,4  17     6    2    1
 13  8   9,4   0.0   7,6  28     3    1    0
 13  9   6,8   0.0   6,0   7     2    1    0
 13 10   5,6   0.0   3,1   4     7    1    0
 13 11 114,8   0.0  84,4  16     4    3    2
 13 12  11,7   0.0  10,6  19     5    1    1
---------------------------------------------
       605,2   0.0  84,4  nov   79   34   13

                                Wind Speed (km/h)
                          Dom
 YR MO   Avg.  Hi   Date  Dir
------------------------------
 13  1  10,7  83,7   26   NNW
 13  2  12,1  95,0    2   NNW
 13  3   7,0  74,0   13     N
 13  4   6,8  72,4    6     N
 13  5   9,0  70,8   31   NNW
 13  6   6,0  64,4   23   NNE
 13  7   3,7  49,9   17   ESE
 13  8   5,0  49,9    8   ENE
 13  9   4,7  49,9   11     N
 13 10   4,8  48,3   29   NNE
 13 11  13,5  78,9    5   NNW
 13 12   7,8  75,6   26     N
------------------------------
         7,6  95,0  feb     N