Resums Climàtics NOAA

Selecciona un any o mes per veure el resum
2018: Gen Feb Mar abr Mai Jun jul Ago Set Oct Nov Des
2017: Gen Feb Mar abr Mai Jun jul Ago Set Oct Nov Des
2016: Gen Feb Mar abr Mai Jun jul Ago Set Oct Nov Des
2015: Gen Feb Mar abr Mai Jun jul Ago Set Oct Nov Des
2014: Gen Feb Mar abr Mai Jun jul Ago Set Oct Nov Des
2013: Gen Feb Mar abr Mai Jun jul Ago Set Oct Nov Des
2012: Gen Feb Mar abr Mai Jun jul Ago Set Oct Nov Des
2011: Gen Feb Mar abr Mai Jun jul Ago Set Oct Nov Des
2010: Gen Feb Mar abr Mai Jun jul Ago Set Oct Nov Des
2009: Gen Feb Mar abr Mai Jun jul Ago Set Oct Nov Des
2008: Gen Feb Mar abr Mai Jun jul Ago Set Oct Nov Des

Resum 2013 Gener
                   Monthly Climatological Summary for gen 2013

Name: MeteoTortosa   City: Tortosa   State: Baix Ebre
Elevation: 12 m  Lat: N 40° 49' 48"   Lon: E 000° 31' 12"

                  Temperature (°C), Rain (mm), Wind Speed (km/h)

                                      Heat  Cool        Avg
    Mean                              Deg   Deg         Wind                 Dom
Day Temp  High   Time   Low    Time   Days  Days  Rain  Speed High   Time    Dir
----------------------------------------------------------------------------------
 1  10,9  15,9   12:46   4,5   02:07   7,4   0,0   0,0   8,4  54,7   20:58   NNW
 2  12,2  14,6   13:16  10,0   23:16   6,1   0,0   0,0  18,8  53,1   01:33     N
 3  10,4  14,6   14:06   6,1   23:40   7,9   0,0   0,0   9,6  32,2   09:52   NNE
 4   9,4  17,7   15:19   3,9   06:11   8,9   0,0   0,0   1,4  25,7   11:45   NNW
 5  13,8  20,8   14:48   3,5   05:28   5,2   0,7   0,0  12,9  41,8   10:31     N
 6  15,6  20,4   12:41   6,6   23:10   2,9   0,2   0,0   9,3  40,2   00:39     N
 7  10,9  19,3   13:53   4,6   05:06   7,2   0,1   0,0   3,1  33,8   13:24   NNW
 8   9,9  16,9   14:37   4,8   05:26   8,4   0,0   0,0   3,1  32,2   10:36     N
 9  10,1  15,3   22:46   7,2   00:53   8,2   0,0   0,0  11,7  53,1   23:59     N
10  16,1  17,8   15:37  14,5   23:44   2,2   0,0   0,3  22,1  83,7   04:42   NNW
11  12,3  17,8   13:58   5,3   23:09   5,9   0,0   0,0   9,2  51,5   09:25     N
12   9,0  16,3   13:22   3,2   07:08   9,3   0,0   0,0   1,9  33,8   22:26   NNE
13  10,0  12,9   14:33   6,9   03:23   8,3   0,0   0,5  13,9  53,1   13:08   NNW
14  10,3  13,4   14:27   8,4   02:10   8,0   0,0   0,0  17,4  53,1   12:23   NNW
15  12,4  15,3   11:11   9,5   00:26   5,9   0,0   0,0  17,4  66,0   09:55    NW
16  14,9  17,2   16:26  12,3   04:26   3,4   0,0   0,0  16,5  61,2   18:10    NW
17  14,4  16,1   00:11  12,9   23:58   3,9   0,0   0,0  21,4  72,4   08:14    NW
18  11,8  15,0   13:13   9,2   07:27   6,5   0,0   0,2   2,5  41,8   00:07     N
19  11,5  16,1   10:20   7,6   22:38   6,7   0,0   8,7   1,2  20,9   17:00    SE
20  10,8  13,1   16:13   6,2   23:57   7,5   0,0   0,2  17,8  78,9   08:22   NNW
21  10,4  13,3   12:47   4,8   02:33   7,9   0,0   0,0  11,0  66,0   11:50   NNW
22   8,2  12,1   13:06   2,4   07:46  10,1   0,0   1,0   4,2  49,9   21:28   NNW
23  10,0  12,3   14:30   7,9   00:54   8,3   0,0   0,0  24,8  74,0   11:37    NW
24  10,1  13,6   15:12   7,3   04:48   8,2   0,0   6,6  17,1  66,0   13:12   NNW
25  10,4  14,9   14:23   6,9   23:29   7,9   0,0   0,0  15,7  62,8   01:27     N
26  12,8  16,3   13:25   6,8   00:10   5,5   0,0   0,5  17,1  83,7   08:10   NNW
27  10,5  16,0   14:00   4,8   06:52   7,8   0,0   0,8   0,9  48,3   23:45   NNW
28  13,2  16,2   14:36  10,3   02:22   5,1   0,0   0,2  18,2  62,8   00:51   NNW
29  10,5  18,5   15:22   5,1   07:09   7,8   0,0   0,0   0,2  14,5   08:35     N
30  10,9  18,5   23:59   3,8   06:07   7,4   0,0   0,0   0,5  27,4   23:53   NNE
31  15,2  23,0   13:47   8,4   07:37   3,9   0,7   0,0   0,9  30,6   00:24     N
----------------------------------------------------------------------------------
    11,6  23,0    31     2,4    22   209,7   1,7  19,0  10,7  83,7    10     NNW

Max >=  30,0:  0
Max <=   5,0:  0
Min <=   5,0: 10
Min <=   0,0:  0
Max Rain: 8,7 on day 19
Days of Rain: 10 (>= 0,2 mm)  2 (>= 2,0 mm)  0 (>= 10,0 mm)
Heat Base: 18,3  Cool Base: 18,3  Method: Integration