Resums Climàtics NOAA

Selecciona un any o mes per veure el resum
2018: Gen Feb Mar abr Mai Jun jul Ago Set Oct Nov Des
2017: Gen Feb Mar abr Mai Jun jul Ago Set Oct Nov Des
2016: Gen Feb Mar abr Mai Jun jul Ago Set Oct Nov Des
2015: Gen Feb Mar abr Mai Jun jul Ago Set Oct Nov Des
2014: Gen Feb Mar abr Mai Jun jul Ago Set Oct Nov Des
2013: Gen Feb Mar abr Mai Jun jul Ago Set Oct Nov Des
2012: Gen Feb Mar abr Mai Jun jul Ago Set Oct Nov Des
2011: Gen Feb Mar abr Mai Jun jul Ago Set Oct Nov Des
2010: Gen Feb Mar abr Mai Jun jul Ago Set Oct Nov Des
2009: Gen Feb Mar abr Mai Jun jul Ago Set Oct Nov Des
2008: Gen Feb Mar abr Mai Jun jul Ago Set Oct Nov Des

Resum 2013 Febrer
                   Monthly Climatological Summary for feb 2013

Name: MeteoTortosa   City: Tortosa   State: Baix Ebre
Elevation: 12 m  Lat: N 40° 49' 48"   Lon: E 000° 31' 12"

                  Temperature (°C), Rain (mm), Wind Speed (km/h)

                                      Heat  Cool        Avg
    Mean                              Deg   Deg         Wind                 Dom
Day Temp  High   Time   Low    Time   Days  Days  Rain  Speed High   Time    Dir
----------------------------------------------------------------------------------
 1  14,0  19,8   10:24   7,8   04:16   4,7   0,3   0,0   4,8  35,4   12:30   NNE
 2  11,1  16,6   01:05   8,2   23:44   7,2   0,0   1,1  26,8  95,0   15:19    NW
 3   9,2  12,0   14:24   6,6   05:55   9,1   0,0   0,0  24,1  74,0   02:53   NNW
 4  14,1  17,8   15:30   9,8   00:05   4,2   0,0   0,0  16,0  49,9   00:17   NNW
 5  16,0  18,8   13:53  10,3   23:58   2,3   0,0   0,0  11,8  59,5   07:56   NNW
 6  10,7  13,7   12:04   8,7   22:40   7,6   0,0   0,5  22,2  80,5   13:56    NW
 7   9,1  11,4   14:46   6,5   06:57   9,2   0,0   0,0  21,8  67,6   15:50   NNW
 8  10,1  13,3   12:50   7,6   23:13   8,2   0,0   0,0  14,5  51,5   19:53   NNW
 9   9,3  12,4   14:43   5,4   06:50   9,0   0,0   0,0  13,2  45,1   16:34   NNW
10  12,6  17,0   12:43  10,3   07:06   5,7   0,0   0,0   5,4  49,9   22:01     N
11  11,0  12,3   13:40   9,5   06:19   7,3   0,0   0,0  17,0  62,8   18:14   NNW
12  11,1  13,7   14:24   8,4   06:59   7,2   0,0   0,0  22,1  69,2   04:34   NNW
13  12,7  15,9   15:57   9,9   02:53   5,5   0,0   0,0  22,7  72,4   04:31   NNW
14  15,6  19,1   14:49  13,7   02:31   2,7   0,1   0,0  13,2  53,1   05:00   NNW
15  14,0  18,8   14:06   7,9   23:21   4,4   0,0   0,0  10,2  46,7   10:32   NNW
16  10,8  15,0   13:02   6,9   07:03   7,5   0,0   0,0   1,3  20,9   13:54   ESE
17  10,9  15,3   13:45   7,1   04:07   7,4   0,0   0,0   1,1  20,9   14:21   ESE
18  12,1  15,8   13:28  10,4   07:47   6,2   0,0   0,2   1,8  24,1   17:18   ESE
19  11,8  12,8   12:56  10,1   22:31   6,5   0,0   0,0   3,0  29,0   00:16     E
20  11,5  17,5   14:58   6,5   07:02   6,8   0,0   0,0   1,3  17,7   16:38   ESE
21  13,4  18,7   12:44   7,1   04:29   4,9   0,0   0,0   4,6  35,4   13:05    NW
22  13,3  15,8   16:30   7,4   23:59   5,0   0,0   4,1   7,8  54,7   10:01   NNW
23   5,1   7,4   00:00   3,2   08:20  13,2   0,0   7,4  19,5  64,4   09:19   NNW
24   6,7  10,3   14:29   4,3   00:29  11,6   0,0   0,0  21,6  67,6   21:13   NNW
25   6,9   9,9   15:39   4,7   05:32  11,4   0,0   0,0  16,1  51,5   01:57   NNW
26   6,8  11,7   13:44   3,2   23:54  11,5   0,0   0,0   5,1  32,2   00:07     N
27   6,6  12,5   12:57   0,7   07:22  11,7   0,0   0,2   1,3  20,9   11:40   ENE
28   7,5   8,7   21:56   6,1   03:14  10,0   0,0  75,2   9,3  59,5   19:41   ENE
----------------------------------------------------------------------------------
    10,9  19,8     1     0,7    27   208,0   0,4  88,7  12,1  95,0     2     NNW

Max >=  30,0:  0
Max <=   5,0:  0
Min <=   5,0:  5
Min <=   0,0:  0
Max Rain: 75,2 on day 28
Days of Rain: 7 (>= 0,2 mm)  3 (>= 2,0 mm)  1 (>= 10,0 mm)
Heat Base: 18,3  Cool Base: 18,3  Method: Integration