Resums Climàtics NOAA

Selecciona un any o mes per veure el resum
2018: Gen Feb Mar abr Mai Jun jul Ago Set Oct Nov Des
2017: Gen Feb Mar abr Mai Jun jul Ago Set Oct Nov Des
2016: Gen Feb Mar abr Mai Jun jul Ago Set Oct Nov Des
2015: Gen Feb Mar abr Mai Jun jul Ago Set Oct Nov Des
2014: Gen Feb Mar abr Mai Jun jul Ago Set Oct Nov Des
2013: Gen Feb Mar abr Mai Jun jul Ago Set Oct Nov Des
2012: Gen Feb Mar abr Mai Jun jul Ago Set Oct Nov Des
2011: Gen Feb Mar abr Mai Jun jul Ago Set Oct Nov Des
2010: Gen Feb Mar abr Mai Jun jul Ago Set Oct Nov Des
2009: Gen Feb Mar abr Mai Jun jul Ago Set Oct Nov Des
2008: Gen Feb Mar abr Mai Jun jul Ago Set Oct Nov Des

Resum 2013 Març
                   Monthly Climatological Summary for març 2013

Name: MeteoTortosa   City: Tortosa   State: Baix Ebre
Elevation: 12 m  Lat: N 40° 49' 48"   Lon: E 000° 31' 12"

                  Temperature (°C), Rain (mm), Wind Speed (km/h)

                                      Heat  Cool        Avg
    Mean                              Deg   Deg         Wind                 Dom
Day Temp  High   Time   Low    Time   Days  Days  Rain  Speed High   Time    Dir
----------------------------------------------------------------------------------
 1   9,1  12,4   17:59   5,7   07:26   9,2   0,0  18,5  12,5  51,5   03:16     N
 2  11,3  16,2   13:50   6,3   23:56   7,0   0,0   0,0   8,7  40,2   03:48     N
 3   8,7  15,1   14:04   3,6   05:18   9,6   0,0   0,0   1,2  25,7   15:21   ENE
 4  10,1  13,1   13:53   5,1   02:33   8,2   0,0  20,1   9,2  53,1   20:36     E
 5  13,3  14,6   11:39  12,3   23:51   5,0   0,0  41,9  13,3  51,5   00:21     E
 6  15,1  19,9   16:33  12,1   00:45   3,4   0,2   8,9   6,0  35,4   05:16   NNE
 7  17,2  20,6   12:44  12,3   07:00   1,6   0,5   0,0   2,6  33,8   03:17     E
 8  16,9  19,8   14:00  13,2   22:45   1,7   0,2   1,0   3,9  53,1   03:21   NNW
 9  14,1  19,1   12:59  10,5   06:12   4,2   0,0   4,1   0,4  22,5   03:53    NE
10  15,6  19,9   14:42  11,4   22:16   2,9   0,2   0,5   4,4  30,6   16:37   NNW
11  14,9  18,5   12:15  11,2   20:11   3,4   0,0   0,0   7,2  45,1   08:33    NW
12  14,4  18,1   15:42   8,7   23:48   3,9   0,0   0,0   6,9  54,7   05:07   WNW
13   7,7  11,2   03:28   5,8   20:30  10,6   0,0   0,2  21,4  74,0   17:55   NNW
14   9,3  12,7   13:43   6,4   00:41   9,0   0,0   0,0  30,3  74,0   09:50   NNW
15  10,3  14,9   15:19   5,3   23:56   8,0   0,0   0,0  15,2  70,8   01:53   NNW
16  10,1  15,5   14:31   4,3   01:22   8,2   0,0   0,0   0,9  22,5   15:20   ENE
17  12,2  15,3   15:54   9,2   06:04   6,1   0,0   0,0   2,1  24,1   18:17     E
18  14,0  17,8   14:18   9,7   23:57   4,3   0,0   0,0   7,8  41,8   13:37   NNW
19  11,6  16,9   11:57   5,2   06:21   6,7   0,0   0,6   3,0  27,4   11:39   ESE
20  13,6  18,0   15:38   8,4   23:56   4,7   0,0   1,0   9,6  48,3   12:55   NNW
21  12,0  18,4   12:49   5,0   06:24   6,3   0,0   0,0   2,3  27,4   14:37   ENE
22  13,1  16,9   13:36   9,9   01:57   5,2   0,0   0,0   1,7  24,1   14:52     E
23  13,0  17,6   12:31   8,9   05:37   5,2   0,0   0,0   1,2  24,1   14:24   ESE
24  15,6  20,6   14:25   9,9   06:16   3,0   0,4   0,0   5,7  37,0   21:55    NW
25  16,1  21,1   13:32  12,7   23:19   2,4   0,2   0,0  10,4  59,5   05:39    NW
26  16,4  20,3   14:12  12,7   00:00   2,1   0,2   5,3   4,2  30,6   10:33    NE
27  14,7  18,4   16:13  12,2   03:49   3,6   0,0   1,5   0,9  24,1   13:36   ENE
28  16,8  22,7   15:11  12,1   05:50   2,5   1,0   0,0   1,3  30,6   12:22    NW
29  18,2  23,6   11:42  15,1   22:42   1,1   0,9   1,8   1,4  29,0   12:08    NW
30  17,6  20,3   14:26  15,1   00:00   1,2   0,4   0,3  17,5  64,4   11:25   NNW
31  16,5  21,7   13:41  12,2   05:04   2,3   0,5   0,0   4,2  32,2   00:05   NNW
----------------------------------------------------------------------------------
    13,5  23,6    29     3,6     3   152,6   4,7 105,7   7,0  74,0    13       N

Max >=  30,0:  0
Max <=   5,0:  0
Min <=   5,0:  3
Min <=   0,0:  0
Max Rain: 41,9 on day 5
Days of Rain: 14 (>= 0,2 mm)  6 (>= 2,0 mm)  3 (>= 10,0 mm)
Heat Base: 18,3  Cool Base: 18,3  Method: Integration