Resums Climàtics NOAA

Selecciona un any o mes per veure el resum
2018: Gen Feb Mar abr Mai Jun jul Ago Set Oct Nov Des
2017: Gen Feb Mar abr Mai Jun jul Ago Set Oct Nov Des
2016: Gen Feb Mar abr Mai Jun jul Ago Set Oct Nov Des
2015: Gen Feb Mar abr Mai Jun jul Ago Set Oct Nov Des
2014: Gen Feb Mar abr Mai Jun jul Ago Set Oct Nov Des
2013: Gen Feb Mar abr Mai Jun jul Ago Set Oct Nov Des
2012: Gen Feb Mar abr Mai Jun jul Ago Set Oct Nov Des
2011: Gen Feb Mar abr Mai Jun jul Ago Set Oct Nov Des
2010: Gen Feb Mar abr Mai Jun jul Ago Set Oct Nov Des
2009: Gen Feb Mar abr Mai Jun jul Ago Set Oct Nov Des
2008: Gen Feb Mar abr Mai Jun jul Ago Set Oct Nov Des

Resum 2013 abril
                   Monthly Climatological Summary for abr 2013

Name: MeteoTortosa   City: Tortosa   State: Baix Ebre
Elevation: 12 m  Lat: N 40° 49' 48"   Lon: E 000° 31' 12"

                  Temperature (°C), Rain (mm), Wind Speed (km/h)

                                      Heat  Cool        Avg
    Mean                              Deg   Deg         Wind                 Dom
Day Temp  High   Time   Low    Time   Days  Days  Rain  Speed High   Time    Dir
----------------------------------------------------------------------------------
 1  15,7  19,7   12:56  12,4   05:20   2,7   0,1   2,5   7,7  53,1   09:16    NW
 2  16,4  20,1   13:58  12,9   23:30   2,2   0,2   0,0   8,9  41,8   13:39    NW
 3  14,1  18,2   13:33   7,9   06:02   4,2   0,0   1,3   4,1  29,0   12:49   ESE
 4  13,8  18,6   12:16  11,4   03:04   4,5   0,0   1,5   3,1  46,7   19:26     N
 5  10,7  13,2   17:46   8,8   23:50   7,6   0,0   0,0  17,5  57,9   22:50   NNW
 6  11,0  14,8   15:50   8,3   03:57   7,1   0,0   0,0  23,6  72,4   05:43   NNW
 7  12,7  17,1   12:14   8,6   23:51   5,6   0,0   0,0  10,8  53,1   00:24     N
 8  13,5  20,5   15:09   7,4   02:23   5,1   0,3   0,0   3,3  37,0   14:01    NW
 9  16,4  25,1   14:14   7,4   06:07   3,8   1,9   0,0   3,9  37,0   12:59   NNW
10  17,2  22,6   14:45  12,9   05:44   2,1   1,0   0,0   1,6  24,1   14:53     N
11  19,4  24,9   15:01  13,4   05:45   1,3   2,4   0,0   3,4  43,5   20:00    NE
12  18,1  23,1   13:01  12,4   23:56   1,4   1,2   0,0   5,2  29,0   10:45   NNE
13  15,3  21,1   12:25   8,8   05:35   3,5   0,6   0,0   2,5  29,0   12:53   ESE
14  16,6  21,6   13:40  11,8   03:33   2,4   0,7   0,0   4,4  32,2   15:02   ESE
15  17,3  23,1   11:48  11,5   05:35   2,2   1,2   0,0   3,5  30,6   13:17   ESE
16  17,5  23,8   14:07  10,9   05:32   2,3   1,4   0,0   1,7  22,5   12:40   ESE
17  17,9  24,0   11:24  11,7   05:22   2,0   1,6   0,0   2,8  30,6   13:15    SE
18  17,5  22,7   11:37  12,8   05:42   1,9   1,1   0,0   2,4  25,7   14:53    SE
19  16,2  19,3   16:26  13,1   23:51   2,2   0,1   0,0  13,8  48,3   12:02   NNW
20  15,7  20,8   15:22  10,9   05:40   3,0   0,4   0,0  12,9  53,1   01:33   NNW
21  14,8  20,8   13:32  10,7   23:08   3,6   0,1   0,0   7,8  32,2   00:43   NNE
22  15,1  21,1   15:11   8,8   02:31   3,5   0,3   0,0   5,9  37,0   07:37     N
23  15,6  21,2   12:16   8,8   04:26   3,3   0,6   0,0   4,5  29,0   07:19   ENE
24  15,6  19,2   13:08  10,2   05:37   2,8   0,1   0,0   3,8  37,0   11:22     E
25  15,0  17,0   14:57  13,2   07:22   3,3   0,0   6,1   5,5  30,6   22:05    NE
26  16,5  20,2   13:44  14,2   23:45   2,0   0,1   0,8   5,3  40,2   20:50    NE
27  13,3  15,8   14:27   8,7   06:57   5,0   0,0   2,5  14,3  53,1   07:16   NNW
28   7,5  11,8   00:00   6,0   09:46  10,8   0,0  20,3  11,4  35,4   03:52   NNE
29   9,9  11,6   17:54   7,9   05:13   8,4   0,0  41,2   6,3  33,8   16:51   NNE
30  12,5  17,7   12:22   8,2   05:28   5,8   0,0   1,0   3,1  24,1   07:34    NE
----------------------------------------------------------------------------------
    15,0  25,1     9     6,0    28   115,6  15,4  77,2   6,8  72,4     6       N

Max >=  30,0:  0
Max <=   5,0:  0
Min <=   5,0:  0
Min <=   0,0:  0
Max Rain: 41,2 on day 29
Days of Rain: 9 (>= 0,2 mm)  5 (>= 2,0 mm)  2 (>= 10,0 mm)
Heat Base: 18,3  Cool Base: 18,3  Method: Integration