Resums Climàtics NOAA

Selecciona un any o mes per veure el resum
2018: Gen Feb Mar abr Mai Jun jul Ago Set Oct Nov Des
2017: Gen Feb Mar abr Mai Jun jul Ago Set Oct Nov Des
2016: Gen Feb Mar abr Mai Jun jul Ago Set Oct Nov Des
2015: Gen Feb Mar abr Mai Jun jul Ago Set Oct Nov Des
2014: Gen Feb Mar abr Mai Jun jul Ago Set Oct Nov Des
2013: Gen Feb Mar abr Mai Jun jul Ago Set Oct Nov Des
2012: Gen Feb Mar abr Mai Jun jul Ago Set Oct Nov Des
2011: Gen Feb Mar abr Mai Jun jul Ago Set Oct Nov Des
2010: Gen Feb Mar abr Mai Jun jul Ago Set Oct Nov Des
2009: Gen Feb Mar abr Mai Jun jul Ago Set Oct Nov Des
2008: Gen Feb Mar abr Mai Jun jul Ago Set Oct Nov Des

Resum 2013 Maig
                   Monthly Climatological Summary for maig 2013

Name: MeteoTortosa   City: Tortosa   State: Baix Ebre
Elevation: 12 m  Lat: N 40° 49' 48"   Lon: E 000° 31' 12"

                  Temperature (°C), Rain (mm), Wind Speed (km/h)

                                      Heat  Cool        Avg
    Mean                              Deg   Deg         Wind                 Dom
Day Temp  High   Time   Low    Time   Days  Days  Rain  Speed High   Time    Dir
----------------------------------------------------------------------------------
 1  13,9  18,8   13:39   8,9   05:22   4,4   0,0   2,3   1,6  27,4   14:00    SE
 2  15,4  19,4   12:13   9,2   05:11   3,1   0,2   0,0   9,9  41,8   23:43   NNW
 3  16,0  21,1   15:32  11,7   23:57   2,6   0,4   0,0  10,7  49,9   00:55     N
 4  16,3  22,2   12:59   9,6   04:38   3,0   0,9   0,0   4,5  32,2   11:34    NE
 5  17,4  22,9   14:08  10,9   05:27   2,3   1,5   0,0   2,8  29,0   07:56   ENE
 6  19,0  26,2   16:21  11,3   04:59   1,9   2,6   0,0   2,1  22,5   12:22   ESE
 7  23,0  29,1   15:39  15,9   02:27   0,2   4,9   0,0   4,3  35,4   11:11   NNW
 8  21,4  26,7   16:18  16,6   05:19   0,2   3,4   0,0   0,4  17,7   13:11    NW
 9  20,1  22,9   14:30  18,2   21:34   0,0   1,8   0,0   3,3  27,4   23:37     E
10  20,1  23,9   13:22  16,7   05:14   0,2   2,0   0,0  11,2  38,6   11:53     N
11  19,8  23,9   14:29  15,2   05:12   0,5   2,0   0,0   6,6  38,6   22:14     N
12  18,5  23,8   13:22  13,9   23:48   1,1   1,3   0,0  11,6  49,9   05:40     N
13  18,1  22,5   16:07  13,2   05:16   1,4   1,1   0,0   3,8  27,4   02:14   ENE
14  16,7  20,4   14:45  14,1   04:32   1,8   0,2   6,8   2,1  32,2   15:01   ESE
15  14,6  19,8   10:40  11,8   16:40   3,6   0,0  44,2   8,8  45,1   23:12     N
16  14,8  19,8   14:25  11,3   23:45   3,6   0,1   0,0  11,9  46,7   04:38   NNW
17  14,4  18,7   12:26   8,2   05:10   3,9   0,0   2,0   2,5  29,0   19:23   SSE
18  14,1  18,1   10:55  11,8   12:46   4,2   0,0   8,4   5,1  35,4   20:50   NNW
19  16,0  20,1   13:26  12,2   23:57   2,5   0,2   1,3   8,4  38,6   08:37    NW
20  14,2  18,1   12:59  11,4   23:54   4,1   0,0   0,0   5,0  27,4   08:05    NW
21  15,7  21,1   16:36   9,5   04:17   3,1   0,5   0,0  10,9  41,8   21:24     N
22  18,8  23,6   14:38  14,8   04:34   1,0   1,6   0,0  22,2  61,2   23:03   NNW
23  17,9  21,1   14:35  14,9   23:55   1,2   0,8   0,0  23,1  64,4   21:02   NNW
24  16,7  20,3   15:07  13,9   05:37   1,9   0,4   0,3  18,2  69,2   03:32    NW
25  17,3  21,6   15:15  13,1   04:15   1,8   0,8   0,0  18,0  53,1   04:27    NW
26  16,5  19,7   11:37  10,6   03:52   2,1   0,2   0,0   4,5  32,2   12:53     E
27  17,1  19,7   10:43  15,1   23:54   1,3   0,1   0,0   2,7  33,8   10:49    SE
28  16,5  20,4   15:16  11,8   03:59   2,1   0,3   0,0   8,8  43,5   16:15    NW
29  16,7  20,6   16:18  13,5   04:51   1,9   0,3   0,0  12,7  53,1   14:37    NW
30  17,3  21,3   14:42  13,3   04:45   1,6   0,6   0,0  17,9  59,5   06:04   NNW
31  18,3  21,6   15:31  15,7   03:41   0,8   0,8   0,0  25,2  70,8   11:02   NNW
----------------------------------------------------------------------------------
    17,2  29,1     7     8,2    17    63,4  29,0  65,3   9,0  70,8    31     NNW

Max >=  30,0:  0
Max <=   5,0:  0
Min <=   5,0:  0
Min <=   0,0:  0
Max Rain: 44,2 on day 15
Days of Rain: 7 (>= 0,2 mm)  5 (>= 2,0 mm)  1 (>= 10,0 mm)
Heat Base: 18,3  Cool Base: 18,3  Method: Integration