Resums Climàtics NOAA

Selecciona un any o mes per veure el resum
2018: Gen Feb Mar abr Mai Jun jul Ago Set Oct Nov Des
2017: Gen Feb Mar abr Mai Jun jul Ago Set Oct Nov Des
2016: Gen Feb Mar abr Mai Jun jul Ago Set Oct Nov Des
2015: Gen Feb Mar abr Mai Jun jul Ago Set Oct Nov Des
2014: Gen Feb Mar abr Mai Jun jul Ago Set Oct Nov Des
2013: Gen Feb Mar abr Mai Jun jul Ago Set Oct Nov Des
2012: Gen Feb Mar abr Mai Jun jul Ago Set Oct Nov Des
2011: Gen Feb Mar abr Mai Jun jul Ago Set Oct Nov Des
2010: Gen Feb Mar abr Mai Jun jul Ago Set Oct Nov Des
2009: Gen Feb Mar abr Mai Jun jul Ago Set Oct Nov Des
2008: Gen Feb Mar abr Mai Jun jul Ago Set Oct Nov Des

Resum 2013 Juny
                   Monthly Climatological Summary for juny 2013

Name: MeteoTortosa   City: Tortosa   State: Baix Ebre
Elevation: 12 m  Lat: N 40° 49' 48"   Lon: E 000° 31' 12"

                  Temperature (°C), Rain (mm), Wind Speed (km/h)

                                      Heat  Cool        Avg
    Mean                              Deg   Deg         Wind                 Dom
Day Temp  High   Time   Low    Time   Days  Days  Rain  Speed High   Time    Dir
----------------------------------------------------------------------------------
 1  19,7  24,9   14:35  15,6   04:31   0,7   2,1   0,0  21,1  56,3   00:09   NNW
 2  21,1  27,2   16:13  15,4   03:58   0,6   3,4   0,0  16,1  43,5   23:09     N
 3  20,5  25,3   15:48  16,2   04:46   0,4   2,6   0,0   9,9  35,4   01:52   NNE
 4  19,3  23,5   11:27  14,2   04:47   0,8   1,9   0,0   4,9  32,2   13:50   ESE
 5  19,3  22,8   14:47  16,2   05:05   0,3   1,3   0,0   4,4  30,6   10:33   ESE
 6  19,8  24,7   12:49  14,8   05:09   0,7   2,2   0,0   3,2  30,6   11:52   ESE
 7  20,2  23,6   11:51  17,7   05:11   0,0   1,9   0,0   4,1  30,6   11:13    SE
 8  18,3  22,3   17:03  14,1   04:20   0,9   0,9  26,1   3,9  30,6   03:36     N
 9  19,2  23,3   16:51  13,7   04:47   1,0   1,9   0,0   3,8  38,6   23:20    NW
10  22,3  27,2   13:03  18,8   23:53   0,0   4,0   0,0   8,8  38,6   07:36     N
11  24,1  30,8   12:44  16,6   04:18   0,2   6,1   0,0   1,5  24,1   14:18     E
12  23,2  27,6   14:09  17,7   04:51   0,0   4,9   0,0   3,5  27,4   13:20   ESE
13  23,0  27,4   11:25  19,5   01:12   0,0   4,7   0,0   2,6  30,6   12:26   ESE
14  22,8  26,3   11:01  18,8   04:22   0,0   4,5   0,0   5,5  33,8   13:08   ESE
15  23,6  27,5   14:21  19,2   04:48   0,0   5,2   0,0   3,8  29,0   12:58   ESE
16  24,5  29,5   15:13  19,3   04:39   0,0   6,2   0,0   4,7  30,6   15:32    SE
17  23,2  26,2   14:59  21,3   04:12   0,0   4,9   8,9   4,3  29,0   12:30   ESE
18  19,7  22,1   10:13  17,3   21:05   0,1   1,6  32,0   6,7  38,6   22:40   NNE
19  18,8  23,9   15:35  15,4   04:12   0,7   1,2   3,8  10,8  37,0   02:14     N
20  21,0  25,9   14:02  16,9   03:18   0,2   2,9   0,0   6,3  29,0   09:03     N
21  20,0  24,7   11:09  15,9   05:01   0,4   2,1   0,5   1,0  20,9   10:08     E
22  22,8  27,7   12:28  18,8   03:26   0,0   4,5   0,0   7,5  30,6   06:14   NNE
23  22,6  27,5   13:14  16,8   04:03   0,2   4,5   0,0  11,5  64,4   21:41   NNW
24  20,1  25,7   13:43  15,7   04:25   0,5   2,4   0,0  10,6  53,1   06:12     N
25  20,6  25,9   14:09  13,4   05:03   1,0   3,2   0,0   1,8  29,0   15:24   ESE
26  21,6  27,1   13:01  16,6   03:01   0,2   3,5   0,0   5,9  33,8   04:55    NE
27  22,2  27,9   15:15  16,7   05:16   0,2   4,1   0,0   1,6  22,5   13:46    SE
28  22,4  28,0   15:02  16,2   03:30   0,2   4,3   0,0   3,2  22,5   06:06   ESE
29  23,6  28,6   16:07  17,7   04:25   0,0   5,4   0,0   1,9  27,4   14:20    SE
30  22,3  26,7   13:32  17,1   03:30   0,1   4,1   0,0   4,0  30,6   14:37   ESE
----------------------------------------------------------------------------------
    21,4  30,8    11    13,4    25     9,4 102,5  71,3   6,0  64,4    23     NNE

Max >=  30,0:  1
Max <=   5,0:  0
Min <=   5,0:  0
Min <=   0,0:  0
Max Rain: 32,0 on day 18
Days of Rain: 5 (>= 0,2 mm)  4 (>= 2,0 mm)  2 (>= 10,0 mm)
Heat Base: 18,3  Cool Base: 18,3  Method: Integration