Resums Climàtics NOAA

Selecciona un any o mes per veure el resum
2018: Gen Feb Mar abr Mai Jun jul Ago Set Oct Nov Des
2017: Gen Feb Mar abr Mai Jun jul Ago Set Oct Nov Des
2016: Gen Feb Mar abr Mai Jun jul Ago Set Oct Nov Des
2015: Gen Feb Mar abr Mai Jun jul Ago Set Oct Nov Des
2014: Gen Feb Mar abr Mai Jun jul Ago Set Oct Nov Des
2013: Gen Feb Mar abr Mai Jun jul Ago Set Oct Nov Des
2012: Gen Feb Mar abr Mai Jun jul Ago Set Oct Nov Des
2011: Gen Feb Mar abr Mai Jun jul Ago Set Oct Nov Des
2010: Gen Feb Mar abr Mai Jun jul Ago Set Oct Nov Des
2009: Gen Feb Mar abr Mai Jun jul Ago Set Oct Nov Des
2008: Gen Feb Mar abr Mai Jun jul Ago Set Oct Nov Des

Resum 2013 juliol
                   Monthly Climatological Summary for jul 2013

Name: MeteoTortosa   City: Tortosa   State: Baix Ebre
Elevation: 12 m  Lat: N 40° 49' 48"   Lon: E 000° 31' 12"

                  Temperature (°C), Rain (mm), Wind Speed (km/h)

                                      Heat  Cool        Avg
    Mean                              Deg   Deg         Wind                 Dom
Day Temp  High   Time   Low    Time   Days  Days  Rain  Speed High   Time    Dir
----------------------------------------------------------------------------------
 1  23,1  27,3   12:59  18,3   04:53   0,0   4,8   0,0   3,7  30,6   13:21   ESE
 2  22,6  26,6   13:49  18,7   05:43   0,0   4,3   0,0   2,8  29,0   14:34    SE
 3  24,5  28,5   12:07  21,6   01:52   0,0   6,2   0,0   2,8  27,4   12:19    SE
 4  25,5  30,3   11:34  21,0   02:58   0,0   7,2   0,0   6,9  38,6   05:18    NE
 5  25,3  29,3   14:05  21,3   03:24   0,0   7,0   0,0   4,2  30,6   14:34   ESE
 6  25,4  30,7   12:59  19,7   04:05   0,0   7,1   0,0   3,7  27,4   17:36   ESE
 7  26,1  31,6   14:10  19,6   04:34   0,0   7,8   0,0   4,1  29,0   16:45   ESE
 8  26,0  31,5   11:40  20,7   04:28   0,0   7,7   0,0   3,8  32,2   14:37   ESE
 9  25,7  29,9   12:53  20,9   04:53   0,0   7,4   0,0   4,0  35,4   15:39   ESE
10  25,4  29,3   11:44  21,2   03:57   0,0   7,1   0,0   3,1  29,0   12:44   ESE
11  26,2  30,3   10:29  23,0   03:31   0,0   7,9   0,0   3,0  29,0   17:17   ESE
12  26,0  30,3   11:39  21,5   05:27   0,0   7,7   0,0   4,2  30,6   14:00   ESE
13  26,1  30,5   14:00  22,5   23:47   0,0   7,8   1,3   3,4  29,0   13:28   ESE
14  25,5  30,0   11:01  21,0   05:07   0,0   7,2   0,0   2,6  22,5   15:47   ESE
15  26,2  31,1   11:33  20,7   04:51   0,0   7,9   0,0   3,1  30,6   15:46   ESE
16  26,4  30,7   10:25  21,1   04:31   0,0   8,1   0,0   2,9  30,6   12:04   ESE
17  27,1  31,7   10:59  19,8   23:09   0,0   8,8  23,4   3,8  49,9   22:46     E
18  25,0  29,9   13:20  20,5   01:33   0,0   6,7   0,0   2,2  27,4   14:36   ESE
19  25,9  29,6   13:00  22,1   04:59   0,0   7,5   0,0   2,6  32,2   14:40   ESE
20  26,6  31,6   10:55  22,6   05:22   0,0   8,3   0,0   3,2  32,2   12:21    SE
21  26,3  30,7   12:31  21,3   04:42   0,0   8,0   0,0   2,6  29,0   13:43    SE
22  26,8  31,1   10:37  22,3   05:14   0,0   8,5   0,0   2,4  29,0   14:38    SE
23  26,5  30,6   10:43  22,6   03:37   0,0   8,2   4,3   3,0  32,2   14:45    SE
24  26,3  30,5   11:36  22,3   04:38   0,0   8,0   0,2   3,1  27,4   14:32   ESE
25  26,5  30,3   11:41  22,3   04:49   0,0   8,2   0,0   5,4  32,2   16:01    SE
26  27,0  30,9   14:01  21,7   05:28   0,0   8,7   0,0   3,8  30,6   11:38    SE
27  27,1  31,2   13:36  22,8   03:11   0,0   8,8   0,0   3,9  27,4   11:35   ESE
28  27,4  32,7   12:38  21,7   23:57   0,0   9,1   0,3   6,9  32,2   08:33     N
29  26,8  32,3   14:28  21,7   00:00   0,0   8,5   0,2   6,8  38,6   02:27     N
30  25,4  30,1   17:32  19,2   04:58   0,0   7,1   0,0   2,3  25,7   13:15    SE
31  26,1  31,2   17:04  19,4   05:11   0,0   7,8   0,0   3,9  32,2   14:03   ESE
----------------------------------------------------------------------------------
    25,9  32,7    28    18,3     1     0,0 235,4  29,7   3,7  49,9    17     ESE

Max >=  30,0: 23
Max <=   5,0:  0
Min <=   5,0:  0
Min <=   0,0:  0
Max Rain: 23,4 on day 17
Days of Rain: 6 (>= 0,2 mm)  2 (>= 2,0 mm)  1 (>= 10,0 mm)
Heat Base: 18,3  Cool Base: 18,3  Method: Integration