Resums Climàtics NOAA

Selecciona un any o mes per veure el resum
2018: Gen Feb Mar abr Mai Jun jul Ago Set Oct Nov Des
2017: Gen Feb Mar abr Mai Jun jul Ago Set Oct Nov Des
2016: Gen Feb Mar abr Mai Jun jul Ago Set Oct Nov Des
2015: Gen Feb Mar abr Mai Jun jul Ago Set Oct Nov Des
2014: Gen Feb Mar abr Mai Jun jul Ago Set Oct Nov Des
2013: Gen Feb Mar abr Mai Jun jul Ago Set Oct Nov Des
2012: Gen Feb Mar abr Mai Jun jul Ago Set Oct Nov Des
2011: Gen Feb Mar abr Mai Jun jul Ago Set Oct Nov Des
2010: Gen Feb Mar abr Mai Jun jul Ago Set Oct Nov Des
2009: Gen Feb Mar abr Mai Jun jul Ago Set Oct Nov Des
2008: Gen Feb Mar abr Mai Jun jul Ago Set Oct Nov Des

Resum 2013 Agost
                   Monthly Climatological Summary for ag 2013

Name: MeteoTortosa   City: Tortosa   State: Baix Ebre
Elevation: 12 m  Lat: N 40° 49' 48"   Lon: E 000° 31' 12"

                  Temperature (°C), Rain (mm), Wind Speed (km/h)

                                      Heat  Cool        Avg
    Mean                              Deg   Deg         Wind                 Dom
Day Temp  High   Time   Low    Time   Days  Days  Rain  Speed High   Time    Dir
----------------------------------------------------------------------------------
 1  26,5  30,6   13:17  20,4   05:15   0,0   8,2   0,0   6,1  38,6   13:25    SE
 2  26,3  29,7   14:47  22,7   05:47   0,0   8,0   0,0   5,8  37,0   12:22    SE
 3  25,5  29,4   15:29  22,4   04:40   0,0   7,2   1,3   2,6  24,1   10:40    SE
 4  26,5  30,8   12:20  22,1   05:03   0,0   8,2   0,0   3,3  29,0   14:03    SE
 5  26,1  30,3   13:29  20,9   05:35   0,0   7,8   0,0   3,9  32,2   12:24   ESE
 6  26,8  30,7   13:00  23,4   05:31   0,0   8,4   0,0   3,3  32,2   13:32    SE
 7  25,8  29,3   12:58  21,4   23:55   0,0   7,5   0,5   9,6  43,5   22:57     N
 8  24,9  29,3   15:17  20,4   05:57   0,0   6,6   0,0  17,4  49,9   02:03   NNW
 9  25,4  31,0   13:34  20,9   04:57   0,0   7,1   0,0   9,6  38,6   00:32     N
10  25,4  31,7   12:02  18,6   04:14   0,0   7,0   0,0   5,4  30,6   09:09    NE
11  25,2  29,9   11:40  19,9   05:10   0,0   6,9   0,0   3,0  30,6   14:48    SE
12  25,3  29,8   14:15  20,1   05:11   0,0   7,0   0,0   4,8  35,4   12:48   ESE
13  26,5  31,4   12:16  22,5   05:18   0,0   8,2   0,0   4,2  35,4   08:54    NE
14  26,4  30,7   12:12  21,0   05:34   0,0   8,1   0,0   3,1  32,2   14:37   ESE
15  26,0  29,9   12:44  22,3   04:12   0,0   7,7   0,0   3,0  29,0   13:21    SE
16  26,0  29,3   13:08  22,6   05:56   0,0   7,7   0,0   2,3  29,0   14:09    SE
17  25,9  29,8   14:15  22,6   05:06   0,0   7,6   0,0   8,1  38,6   05:20    NE
18  26,0  29,8   16:50  21,7   05:29   0,0   7,7   0,0   2,5  30,6   14:28    SE
19  26,4  31,2   12:48  21,2   05:13   0,0   8,1   0,0   3,4  29,0   13:15   ESE
20  25,1  29,4   13:20  22,2   05:57   0,0   6,8   0,0   7,3  30,6   05:11   NNE
21  25,0  29,2   12:14  19,7   05:46   0,0   6,7   0,0   2,9  29,0   11:14    SE
22  24,5  27,4   12:31  20,5   05:36   0,0   6,2   0,0   1,4  20,9   10:01    SE
23  24,4  28,8   12:27  20,8   03:24   0,0   6,1   0,0   1,5  25,7   14:32    SE
24  25,6  31,6   13:34  20,8   05:05   0,0   7,2   0,0   5,1  38,6   23:10   NNE
25  23,9  28,9   13:42  20,4   23:41   0,0   5,6   0,0   9,6  45,1   05:50     N
26  23,0  28,8   14:42  18,3   05:05   0,0   4,7   0,0   5,8  33,8   16:21   ENE
27  23,4  27,6   14:02  20,2   02:20   0,0   5,1   0,0   3,7  24,1   15:43   NNE
28  20,3  24,7   10:16  17,9   12:15   0,0   2,0   7,6   3,7  29,0   11:30    NE
29  22,0  26,3   12:13  17,2   03:37   0,1   3,9   0,0   1,4  20,9   12:45     E
30  23,4  28,0   13:29  19,4   23:59   0,0   5,1   0,0   4,4  27,4   09:31    NE
31  23,8  29,4   13:00  18,6   01:51   0,0   5,5   0,0   7,5  33,8   04:44   NNE
----------------------------------------------------------------------------------
    25,1  31,7    10    17,2    29     0,1 209,9   9,4   5,0  49,9     8      NE

Max >=  30,0: 10
Max <=   5,0:  0
Min <=   5,0:  0
Min <=   0,0:  0
Max Rain: 7,6 on day 28
Days of Rain: 3 (>= 0,2 mm)  1 (>= 2,0 mm)  0 (>= 10,0 mm)
Heat Base: 18,3  Cool Base: 18,3  Method: Integration