Resums Climàtics NOAA

Selecciona un any o mes per veure el resum
2018: Gen Feb Mar abr Mai Jun jul Ago Set Oct Nov Des
2017: Gen Feb Mar abr Mai Jun jul Ago Set Oct Nov Des
2016: Gen Feb Mar abr Mai Jun jul Ago Set Oct Nov Des
2015: Gen Feb Mar abr Mai Jun jul Ago Set Oct Nov Des
2014: Gen Feb Mar abr Mai Jun jul Ago Set Oct Nov Des
2013: Gen Feb Mar abr Mai Jun jul Ago Set Oct Nov Des
2012: Gen Feb Mar abr Mai Jun jul Ago Set Oct Nov Des
2011: Gen Feb Mar abr Mai Jun jul Ago Set Oct Nov Des
2010: Gen Feb Mar abr Mai Jun jul Ago Set Oct Nov Des
2009: Gen Feb Mar abr Mai Jun jul Ago Set Oct Nov Des
2008: Gen Feb Mar abr Mai Jun jul Ago Set Oct Nov Des

Resum 2013 Setembre
                   Monthly Climatological Summary for set 2013

Name: MeteoTortosa   City: Tortosa   State: Baix Ebre
Elevation: 12 m  Lat: N 40° 49' 48"   Lon: E 000° 31' 12"

                  Temperature (°C), Rain (mm), Wind Speed (km/h)

                                      Heat  Cool        Avg
    Mean                              Deg   Deg         Wind                 Dom
Day Temp  High   Time   Low    Time   Days  Days  Rain  Speed High   Time    Dir
----------------------------------------------------------------------------------
 1  24,3  30,2   13:56  18,0   02:20   0,0   6,0   0,0   4,6  29,0   07:43    NE
 2  23,4  28,7   12:19  17,9   05:30   0,0   5,1   0,0   2,0  24,1   08:18    NE
 3  23,5  29,6   11:35  18,0   05:42   0,0   5,3   0,0   2,9  27,4   15:49   ESE
 4  22,8  28,0   13:34  19,0   06:30   0,0   4,5   0,0   2,5  25,7   16:23   ESE
 5  23,5  28,3   13:29  18,6   05:06   0,0   5,2   0,0   2,5  30,6   14:35    SE
 6  23,5  28,4   12:17  18,7   05:08   0,0   5,3   0,0   1,5  24,1   12:20    SE
 7  23,5  23,5   00:00  23,5   00:00   0,0   1,2   6,0   0,0  36,0   00:00     E
 8  22,3  26,1   13:23   0,0   00:00   0,0   2,4   0,8   3,5  32,2   13:38     N
 9  22,9  28,3   12:41  19,6   23:38   0,0   4,5   0,0   7,1  32,2   07:45   NNE
10  24,2  29,2   13:56  17,6   03:27   0,1   5,9   0,0   5,2  35,4   23:48     N
11  21,1  24,1   13:48  17,2   22:41   0,1   2,9   0,0  11,1  49,9   04:26     N
12  21,3  27,1   13:48  17,4   05:21   0,1   3,1   0,0   8,8  49,9   02:02     N
13  22,3  27,2   12:07  17,2   01:30   0,1   4,1   0,0   2,6  22,5   13:43     E
14  22,6  27,3   14:23  16,9   06:15   0,1   4,4   0,0   1,4  20,9   12:40    SE
15  24,4  29,3   13:52  20,6   04:32   0,0   6,1   0,0   9,3  43,5   08:03   NNW
16  24,1  28,6   12:16  18,6   03:14   0,0   5,8   0,0   4,8  48,3   23:38   NNE
17  23,5  27,1   13:57  20,6   05:40   0,0   5,2   0,0  14,1  46,7   00:40    NW
18  24,3  29,7   15:21  19,2   04:07   0,0   6,0   0,0  11,6  48,3   23:15   NNW
19  24,7  29,2   15:27  21,7   23:59   0,0   6,4   0,0  15,8  46,7   05:28   NNW
20  22,5  27,2   11:49  17,0   04:32   0,1   4,2   0,0   5,1  48,3   00:32     N
21  22,2  27,8   12:27  16,8   05:45   0,2   4,0   0,0   1,1  25,7   14:54    SE
22  21,7  27,5   12:10  16,1   06:29   0,4   3,8   0,0   2,4  29,0   13:41    SE
23  22,7  25,5   14:14  19,6   06:44   0,0   4,4   0,0   3,7  27,4   12:09    SE
24  24,0  27,2   13:27  22,1   06:23   0,0   5,7   0,0   1,9  24,1   11:58    SE
25  23,6  27,1   12:41  19,3   06:11   0,0   5,3   0,0   2,4  25,7   13:21    SE
26  24,6  27,9   11:09  22,4   23:30   0,0   6,3   0,0   3,4  35,4   14:12    SE
27  23,4  27,1   12:28   0,0   00:02   0,0   5,1   0,0   2,8  27,4   12:43    SE
28  24,4  28,9   14:26  20,5   05:34   0,0   6,1   0,0   0,6  24,1   16:26     S
29  24,1  28,4   13:03  18,1   05:52   0,0   5,8   0,0   4,2  43,5   13:02    NW
30  24,9  30,3   15:32  21,2   06:24   0,0   6,6   0,0   1,5  25,7   13:39     N
----------------------------------------------------------------------------------
    23,3  30,3    30     0,0     8     1,2 146,7   6,8   4,7  49,9    11       N

Max >=  30,0:  2
Max <=   5,0:  0
Min <=   5,0:  2
Min <=   0,0:  2
Max Rain: 6,0 on day 7
Days of Rain: 2 (>= 0,2 mm)  1 (>= 2,0 mm)  0 (>= 10,0 mm)
Heat Base: 18,3  Cool Base: 18,3  Method: Integration