Resums Climàtics NOAA

Selecciona un any o mes per veure el resum
2018: Gen Feb Mar abr Mai Jun jul Ago Set Oct Nov Des
2017: Gen Feb Mar abr Mai Jun jul Ago Set Oct Nov Des
2016: Gen Feb Mar abr Mai Jun jul Ago Set Oct Nov Des
2015: Gen Feb Mar abr Mai Jun jul Ago Set Oct Nov Des
2014: Gen Feb Mar abr Mai Jun jul Ago Set Oct Nov Des
2013: Gen Feb Mar abr Mai Jun jul Ago Set Oct Nov Des
2012: Gen Feb Mar abr Mai Jun jul Ago Set Oct Nov Des
2011: Gen Feb Mar abr Mai Jun jul Ago Set Oct Nov Des
2010: Gen Feb Mar abr Mai Jun jul Ago Set Oct Nov Des
2009: Gen Feb Mar abr Mai Jun jul Ago Set Oct Nov Des
2008: Gen Feb Mar abr Mai Jun jul Ago Set Oct Nov Des

Resum 2013 Octubre
                   Monthly Climatological Summary for oct 2013

Name: MeteoTortosa   City: Tortosa   State: Baix Ebre
Elevation: 12 m  Lat: N 40° 49' 48"   Lon: E 000° 31' 12"

                  Temperature (°C), Rain (mm), Wind Speed (km/h)

                                      Heat  Cool        Avg
    Mean                              Deg   Deg         Wind                 Dom
Day Temp  High   Time   Low    Time   Days  Days  Rain  Speed High   Time    Dir
----------------------------------------------------------------------------------
 1  25,3  31,2   13:30  19,7   04:17   0,0   7,0   0,0   1,2  22,5   14:09   ESE
 2  26,1  29,4   10:50  23,8   23:55   0,0   7,8   0,0   6,3  30,6   13:06    NE
 3  24,3  25,3   13:44  23,7   00:25   0,0   6,0   0,5   8,0  45,1   12:24     E
 4  22,9  27,3   14:04  17,7   23:58   0,0   4,6   3,1   2,0  41,8   15:56   ENE
 5  22,3  27,2   14:04  17,4   00:43   0,0   4,0   0,2   8,0  38,6   10:07     N
 6  21,5  26,4   14:03  16,6   23:14   0,1   3,3   0,0   9,9  37,0   01:52     N
 7  20,1  25,1   12:53  15,4   23:57   0,3   2,2   0,0   6,1  25,7   01:06   NNE
 8  19,2  26,2   13:12  13,2   06:26   1,3   2,3   0,0   1,3  22,5   15:16   NNE
 9  19,8  25,0   15:06  15,1   23:41   0,4   1,9   0,0   6,8  30,6   09:28   NNE
10  20,3  25,2   14:01  14,3   01:39   0,6   2,5   0,0   9,0  33,8   14:19     N
11  18,3  20,2   14:17  15,8   06:10   0,5   0,5   0,0  11,1  41,8   00:25   NNW
12  17,5  21,4   13:15  14,8   06:04   1,3   0,5   0,0   6,0  30,6   02:29   NNE
13  18,7  24,6   12:56  14,0   03:14   1,3   1,7   0,0   1,6  17,7   14:36     E
14  20,0  26,2   12:48  14,1   05:52   0,8   2,5   0,0   0,6  17,7   13:48    SE
15  22,0  27,6   13:51  16,6   06:45   0,4   4,2   0,0   1,2  27,4   15:42    NW
16  25,4  30,8   14:00  18,4   23:52   0,0   7,1   0,0   7,8  38,6   08:59   NNW
17  21,7  27,1   12:15  16,8   06:04   0,1   3,6   0,0   1,2  20,9   14:52    SE
18  21,3  26,1   12:00  16,5   06:56   0,1   3,1   0,0   2,2  27,4   13:52    SE
19  21,0  24,9   14:07  17,2   02:45   0,1   2,8   0,0   0,2  11,3   14:08   SSE
20  20,6  25,2   12:12  17,2   05:03   0,2   2,5   0,0   1,3  29,0   14:01    SE
21  20,2  25,3   11:17  15,4   06:22   0,7   2,5   0,3   1,4  24,1   12:57    SE
22  20,7  23,4   10:56  18,4   04:53   0,0   2,4   1,0   0,4  25,7   11:25    SE
23  20,8  26,9   13:39  16,8   22:59   0,2   2,7   0,2   1,1  20,9   12:46   ENE
24  20,1  24,9   13:17  15,6   04:11   0,8   2,6   0,0   1,7  24,1   14:07   ESE
25  21,4  24,9   13:22  18,5   01:59   0,0   3,1   0,0   2,2  27,4   14:21    SE
26  22,1  26,2   11:46  19,3   06:54   0,0   3,8   0,0   1,3  22,5   12:12   ESE
27  21,1  28,9   14:26  15,8   06:42   0,4   3,2   0,3   3,3  38,6   11:08   NNE
28  20,5  28,4   14:57  14,1   06:33   1,1   3,4   0,0   2,7  38,6   23:27   NNE
29  18,3  21,7   00:00  14,6   23:00   0,7   0,7   0,0  18,4  48,3   17:11     N
30  16,4  20,5   14:46  13,1   05:57   2,2   0,3   0,0  15,2  41,8   09:46     N
31  15,5  20,4   15:17  10,0   23:58   3,2   0,3   0,0  10,1  32,2   11:35   NNE
----------------------------------------------------------------------------------
    20,8  31,2     1    10,0    31    16,8  95,1   5,6   4,8  48,3    29     NNE

Max >=  30,0:  2
Max <=   5,0:  0
Min <=   5,0:  0
Min <=   0,0:  0
Max Rain: 3,1 on day 4
Days of Rain: 7 (>= 0,2 mm)  1 (>= 2,0 mm)  0 (>= 10,0 mm)
Heat Base: 18,3  Cool Base: 18,3  Method: Integration