Resums Climàtics NOAA

Selecciona un any o mes per veure el resum
2018: Gen Feb Mar abr Mai Jun jul Ago Set Oct Nov Des
2017: Gen Feb Mar abr Mai Jun jul Ago Set Oct Nov Des
2016: Gen Feb Mar abr Mai Jun jul Ago Set Oct Nov Des
2015: Gen Feb Mar abr Mai Jun jul Ago Set Oct Nov Des
2014: Gen Feb Mar abr Mai Jun jul Ago Set Oct Nov Des
2013: Gen Feb Mar abr Mai Jun jul Ago Set Oct Nov Des
2012: Gen Feb Mar abr Mai Jun jul Ago Set Oct Nov Des
2011: Gen Feb Mar abr Mai Jun jul Ago Set Oct Nov Des
2010: Gen Feb Mar abr Mai Jun jul Ago Set Oct Nov Des
2009: Gen Feb Mar abr Mai Jun jul Ago Set Oct Nov Des
2008: Gen Feb Mar abr Mai Jun jul Ago Set Oct Nov Des

Resum 2013 Novembre
                   Monthly Climatological Summary for nov 2013

Name: MeteoTortosa   City: Tortosa   State: Baix Ebre
Elevation: 12 m  Lat: N 40° 49' 48"   Lon: E 000° 31' 12"

                  Temperature (°C), Rain (mm), Wind Speed (km/h)

                                      Heat  Cool        Avg
    Mean                              Deg   Deg         Wind                 Dom
Day Temp  High   Time   Low    Time   Days  Days  Rain  Speed High   Time    Dir
----------------------------------------------------------------------------------
 1  15,0  22,1   13:23   8,6   03:34   3,9   0,7   0,0   0,5  19,3   13:32     N
 2  17,6  25,1   14:57  13,4   06:24   2,3   1,6   0,0   0,1  16,1   15:19   SSE
 3  20,5  23,1   14:56  13,8   00:04   0,2   2,4   0,0   7,7  40,2   09:41   NNW
 4  17,0  21,7   13:35  12,5   04:17   1,8   0,5   1,0   7,1  46,7   19:09   NNW
 5  22,7  25,3   18:01  17,4   00:05   0,0   4,5   0,0  17,9  78,9   19:37    NW
 6  22,5  27,0   15:19  16,1   23:11   0,2   4,4   0,0   9,1  56,3   04:35   NNW
 7  18,2  24,8   12:38  12,9   06:17   1,6   1,5   0,0   0,5  22,5   14:57    SE
 8  20,0  24,9   15:16  15,0   01:31   0,3   2,1   0,0   7,6  41,8   23:46   NNW
 9  16,4  19,8   15:08  13,4   20:27   2,0   0,2   0,0  11,5  51,5   01:22   NNW
10  19,4  20,8   11:18  18,1   22:37   0,0   1,1   0,0  18,3  64,4   05:01   NNW
11  19,0  21,7   13:38  17,6   04:03   0,2   0,9   0,0  27,1  70,8   01:54   NNW
12  18,6  23,4   13:50  14,3   23:22   0,7   1,0   0,0  11,0  51,5   00:14   NNW
13  18,7  23,2   13:51  14,4   00:02   0,9   1,3   0,0   5,3  43,5   20:50   NNW
14  16,1  19,2   13:24  14,1   01:55   2,2   0,1   0,0  21,4  66,0   16:58   NNW
15  12,4  14,9   14:48  10,1   23:40   5,9   0,0   0,0  16,6  62,8   00:54   NNW
16   7,4  10,2   00:13   4,2   09:18  10,1   0,0  84,4  15,7  40,2   07:54   NNE
17  10,3  13,7   12:59   8,0   05:37   7,8   0,0  21,8  11,1  33,8   02:20     N
18  11,4  13,2   20:20   9,4   00:00   6,7   0,0   7,6  14,0  51,5   22:27     N
19  13,7  16,1   13:14  10,7   23:55   4,6   0,0   0,0  23,7  69,2   05:52   NNW
20  10,4  12,2   13:09   8,9   07:03   7,9   0,0   0,0  20,7  74,0   04:09   NNW
21  12,8  15,2   09:33  10,4   00:00   5,4   0,0   0,0   9,9  46,7   23:45    NW
22  10,7  12,3   13:32   8,6   22:52   7,6   0,0   0,0  23,7  70,8   11:50   NNW
23  10,2  13,1   12:31   8,2   05:06   8,0   0,0   0,0  25,2  70,8   21:55   NNW
24  10,7  13,8   13:06   8,9   23:02   7,6   0,0   0,0  24,5  62,8   16:18     N
25  10,6  13,8   13:25   8,9   23:50   7,7   0,0   0,0  23,5  61,2   02:07     N
26   9,3  12,7   13:52   7,1   23:45   9,0   0,0   0,0  15,0  48,3   01:57     N
27   8,0  12,1   14:05   5,2   22:55  10,3   0,0   0,0   9,0  32,2   03:47   NNE
28   7,2  10,6   14:50   2,6   00:00  11,2   0,0   0,0   9,8  43,5   11:30   NNE
29   6,6  12,6   14:08   0,1   06:00  11,5   0,0   0,0   6,0  38,6   21:46     N
30  10,4  14,1   12:50   4,4   00:36   7,9   0,0   0,0  12,6  43,5   04:19   NNW
----------------------------------------------------------------------------------
    14,1  27,0     6     0,1    29   145,5  22,3 114,8  13,5  78,9     5     NNW

Max >=  30,0:  0
Max <=   5,0:  0
Min <=   5,0:  4
Min <=   0,0:  0
Max Rain: 84,4 on day 16
Days of Rain: 4 (>= 0,2 mm)  3 (>= 2,0 mm)  2 (>= 10,0 mm)
Heat Base: 18,3  Cool Base: 18,3  Method: Integration