Resums Climàtics NOAA

Selecciona un any o mes per veure el resum
2018: Gen Feb Mar abr Mai Jun jul Ago Set Oct Nov Des
2017: Gen Feb Mar abr Mai Jun jul Ago Set Oct Nov Des
2016: Gen Feb Mar abr Mai Jun jul Ago Set Oct Nov Des
2015: Gen Feb Mar abr Mai Jun jul Ago Set Oct Nov Des
2014: Gen Feb Mar abr Mai Jun jul Ago Set Oct Nov Des
2013: Gen Feb Mar abr Mai Jun jul Ago Set Oct Nov Des
2012: Gen Feb Mar abr Mai Jun jul Ago Set Oct Nov Des
2011: Gen Feb Mar abr Mai Jun jul Ago Set Oct Nov Des
2010: Gen Feb Mar abr Mai Jun jul Ago Set Oct Nov Des
2009: Gen Feb Mar abr Mai Jun jul Ago Set Oct Nov Des
2008: Gen Feb Mar abr Mai Jun jul Ago Set Oct Nov Des

Resum 2013 Desembre
                   Monthly Climatological Summary for des 2013

Name: MeteoTortosa   City: Tortosa   State: Baix Ebre
Elevation: 12 m  Lat: N 40° 49' 48"   Lon: E 000° 31' 12"

                  Temperature (°C), Rain (mm), Wind Speed (km/h)

                                      Heat  Cool        Avg
    Mean                              Deg   Deg         Wind                 Dom
Day Temp  High   Time   Low    Time   Days  Days  Rain  Speed High   Time    Dir
----------------------------------------------------------------------------------
 1  10,1  13,1   14:39   7,8   00:10   8,2   0,0   0,0  15,6  41,8   20:50     N
 2  10,3  12,1   22:40   8,1   06:18   8,0   0,0   0,0  18,0  38,6   04:52     N
 3  11,9  15,4   14:36   9,3   23:57   6,4   0,0   0,0  10,5  37,0   00:04     N
 4  11,9  17,7   13:58   8,1   02:53   6,4   0,0   0,0   8,8  37,0   10:04     N
 5  13,2  15,5   14:04  10,9   23:38   5,1   0,0   0,0  18,5  46,7   09:42     N
 6  10,6  14,8   14:14   4,1   23:38   7,7   0,0   0,0  13,2  41,8   12:11   NNE
 7   7,8  14,9   13:30   1,9   06:49  10,5   0,0   0,0   3,4  27,4   10:27     N
 8   7,8  15,2   15:00   3,3   08:06  10,5   0,0   0,0   3,9  20,9   07:17     N
 9   6,4  12,8   14:14   2,5   04:55  11,9   0,0   0,0   6,7  19,3   10:07   NNW
10   5,1   8,7   14:23   3,1   04:47  13,2   0,0   0,0  10,2  30,6   11:37     N
11   8,2  14,9   13:54   5,2   00:00  10,1   0,0   0,0   3,3  19,3   13:59     N
12   5,9   9,3   12:38   3,3   07:02  12,2   0,0   0,0  12,6  37,0   13:56     N
13   5,3   8,4   13:26   3,7   22:10  12,9   0,0   0,0  10,4  33,8   13:07     N
14   8,5  15,6   13:50   3,4   00:30   9,4   0,0   0,0   3,9  24,1   15:20     N
15   7,5  13,3   14:30   3,7   23:50  10,6   0,0   0,0   9,2  32,2   13:00     N
16   8,3  12,3   15:11   2,3   03:24   8,5   0,0   0,0   2,0  16,1   00:20   NNW
17  10,2  12,7   14:57   7,6   23:57   8,1   0,0   0,0   0,0   1,6   02:36     E
18   9,4  16,4   13:27   4,8   06:31   8,9   0,0   0,3   0,5  16,1   15:33     N
19  10,0  11,6   23:27   8,4   00:12   8,3   0,0  10,6   2,4  53,1   23:31     N
20  11,3  13,3   14:03   9,9   04:16   7,0   0,0   0,0  18,4  57,9   02:07     N
21   9,4  13,1   14:37   5,7   23:23   8,9   0,0   0,0   7,2  30,6   04:19     N
22   8,4  16,1   14:30   4,7   04:05   9,9   0,0   0,0   1,8  17,7   01:39     N
23   8,3  15,2   14:44   4,6   04:33  10,0   0,0   0,0   1,1  12,9   00:20     N
24   8,3  13,9   20:57   3,7   08:50   9,9   0,0   0,3   0,2  14,5   20:42    NE
25  12,6  14,8   00:25  11,1   17:38   5,7   0,0   0,2   5,5  56,3   23:34    NW
26  12,5  14,4   14:36  10,7   02:45   5,8   0,0   0,3  24,1  75,6   06:41    NW
27  12,4  18,6   13:19   7,6   23:51   5,9   0,0   0,0   1,3  30,6   01:49     W
28  11,7  17,0   13:51   7,2   04:53   6,6   0,0   0,0   8,4  53,1   10:52   NNW
29  11,7  13,7   13:03   9,6   07:52   6,6   0,0   0,0  15,3  46,7   13:47   NNW
30   9,2  15,2   13:59   4,7   08:07   9,1   0,0   0,0   3,0  32,2   02:37     N
31   7,3  15,2   12:57   1,8   07:42  11,0   0,0   0,0   0,8  19,3   10:33     N
----------------------------------------------------------------------------------
     9,4  18,6    27     1,8    31   273,3   0,0  11,7   7,8  75,6    26       N

Max >=  30,0:  0
Max <=   5,0:  0
Min <=   5,0: 16
Min <=   0,0:  0
Max Rain: 10,6 on day 19
Days of Rain: 5 (>= 0,2 mm)  1 (>= 2,0 mm)  1 (>= 10,0 mm)
Heat Base: 18,3  Cool Base: 18,3  Method: Integration